000
CXUS55 KPSR 011005
CF6PHX
PRELIMINARY LOCAL CLIMATOLOGICAL DATA (WS FORM: F-6)
STATION: PHOENIX AZ
MONTH: DECEMBER
YEAR: 2021
LATITUDE: 33 25 N
LONGITUDE: 112 1 W
TEMPERATURE IN F: :PCPN: SNOW: WIND :SUNSHINE: SKY :PK WND
================================================================================
1 2 3 4 5 6A 6B 7 8 9 10 11 12 13 14 15 16 17 18
12Z AVG MX 2MIN
DY MAX MIN AVG DEP HDD CDD WTR SNW DPTH SPD SPD DIR MIN PSBL S-S WX SPD DR
================================================================================
1 85 52 69 10 0 4 0.00 0.0 0 3.1 12 100 M M 3 16 60
2 84 57 71 13 0 6 0.00 0.0 0 2.7 10 130 M M 2 8 13 90
3 80 55 68 10 0 3 0.00 0.0 0 3.5 9 110 M M 1 11 150
4 78 53 66 8 0 1 0.00 0.0 0 4.2 8 90 M M 1 12 300
5 77 49 63 6 2 0 0.00 0.0 0 4.2 10 290 M M 1 20 310
6 77 51 64 7 1 0 0.00 0.0 0 4.6 13 80 M M 4 14 80
7 75 53 64 7 1 0 0.00 0.0 0 5.6 14 70 M M 8 15 70
8 72 57 65 9 0 0 0.00 0.0 0 5.7 14 130 M M 6 23 340
9 73 52 63 7 2 0 0.35 0.0 0 8.5 23 270 M M 7 1 31 240
10 63 52 58 2 7 0 T 0.0 0 7.2 16 270 M M 7 22 330
11 66 44 55 -1 10 0 0.00 0.0 0 3.3 15 60 M M 1 20 70
12 72 45 59 3 6 0 0.00 0.0 0 4.2 17 110 M M 2 8 23 110
13 71 49 60 4 5 0 0.00 0.0 0 5.3 12 290 M M 5 14 120
14 73 52 63 8 2 0 T 0.0 0 10.0 38 290 M M 6 51 310
15 58 44 51 -4 14 0 0.03 0.0 0 6.2 32 290 M M 3 1 42 290
16 63 40 52 -3 13 0 0.00 0.0 0 3.2 10 280 M M 1 14 270
17 63 41 52 -3 13 0 0.00 0.0 0 2.7 12 270 M M 1 14 340
18 67 38 53 -2 12 0 0.00 0.0 0 4.8 15 50 M M 1 8 21 30
19 69 43 56 1 9 0 0.00 0.0 0 3.0 15 80 M M 0 19 80
20 72 45 59 4 6 0 0.00 0.0 0 3.6 12 100 M M 2 15 70
21 66 51 59 4 6 0 0.00 0.0 0 3.1 8 90 M M 9 15 340
22 72 48 60 5 5 0 0.00 0.0 0 2.6 7 110 M M 7 11 90
23 75 57 66 11 0 1 0.00 0.0 0 4.4 10 270 M M 9 16 360
24 67 54 61 6 4 0 1.00 0.0 0 8.4 18 320 M M 9 1 30 320
25 61 53 57 2 8 0 0.01 0.0 0 2.8 8 140 M M 9 1 11 140
26 66 52 59 4 6 0 0.00 0.0 0 3.3 10 300 M M 7 1 19 340
27 58 47 53 -2 12 0 0.00 0.0 0 6.6 15 290 M M 8 19 290
28 59 44 52 -3 13 0 0.03 0.0 0 4.7 17 260 M M 7 1 23 270
29 61 47 54 -1 11 0 0.10 0.0 0 4.6 16 240 M M 7 1 23 250
30 63 47 55 0 10 0 0.00 0.0 0 4.5 9 120 M M 7 11 110
31 59 53 56 1 9 0 0.01 0.0 0 5.4 15 230 M M 9 19 230
================================================================================
SM 2145 1525 187 15 1.53 0.0 146.0 M 150
================================================================================
AV 69.2 49.2 4.7 FASTST M M 5 MAX(MPH)
MISC ----> 38 290 51 310
================================================================================
NOTES:
# LAST OF SEVERAL OCCURRENCES
COLUMN 17 PEAK WIND IN M.P.H.
PRELIMINARY LOCAL CLIMATOLOGICAL DATA (WS FORM: F-6) , PAGE 2
STATION: PHOENIX AZ
MONTH: DECEMBER
YEAR: 2021
LATITUDE: 33 25 N
LONGITUDE: 112 1 W
[TEMPERATURE DATA] [PRECIPITATION DATA] SYMBOLS USED IN COLUMN 16
AVERAGE MONTHLY: 59.2 TOTAL FOR MONTH: 1.53 1 = FOG OR MIST
DPTR FM NORMAL: 3.4 DPTR FM NORMAL: 0.79 2 = FOG REDUCING VISIBILITY
HIGHEST: 85 ON 1 GRTST 24HR 1.01 ON 24-25 TO 1/4 MILE OR LESS
LOWEST: 38 ON 18 3 = THUNDER
SNOW, ICE PELLETS, HAIL 4 = ICE PELLETS
TOTAL MONTH: 0.0 INCH 5 = HAIL
GRTST 24HR 0.0 6 = FREEZING RAIN OR DRIZZLE
GRTST DEPTH: 0 7 = DUSTSTORM OR SANDSTORM:
VSBY 1/2 MILE OR LESS
8 = SMOKE OR HAZE
[NO. OF DAYS WITH] [WEATHER - DAYS WITH] 9 = BLOWING SNOW
X = TORNADO
MAX 32 OR BELOW: 0 0.01 INCH OR MORE: 7
MAX 90 OR ABOVE: 0 0.10 INCH OR MORE: 3
MIN 32 OR BELOW: 0 0.50 INCH OR MORE: 1
MIN 0 OR BELOW: 0 1.00 INCH OR MORE: 1
[HDD (BASE 65) ]
TOTAL THIS MO. 187 CLEAR (SCALE 0-3) 11
DPTR FM NORMAL -101 PTCLDY (SCALE 4-7) 15
TOTAL FM JUL 1 191 CLOUDY (SCALE 8-10) 5
DPTR FM NORMAL -187
[CDD (BASE 65) ]
TOTAL THIS MO. 15
DPTR FM NORMAL 13 [PRESSURE DATA]
TOTAL FM JAN 1 4932 HIGHEST SLP 30.23 ON 11
DPTR FM NORMAL 168 LOWEST SLP 29.52 ON 31
[REMARKS]
#FINAL-12-21#