000
CXUS55 KPSR 011005
CF6PHX
PRELIMINARY LOCAL CLIMATOLOGICAL DATA (WS FORM: F-6)
STATION: PHOENIX AZ
MONTH: OCTOBER
YEAR: 2021
LATITUDE: 33 25 N
LONGITUDE: 112 1 W
TEMPERATURE IN F: :PCPN: SNOW: WIND :SUNSHINE: SKY :PK WND
================================================================================
1 2 3 4 5 6A 6B 7 8 9 10 11 12 13 14 15 16 17 18
12Z AVG MX 2MIN
DY MAX MIN AVG DEP HDD CDD WTR SNW DPTH SPD SPD DIR MIN PSBL S-S WX SPD DR
================================================================================
1 91 69 80 -4 0 15 0.00 0.0 0 5.5 15 90 M M 1 20 80
2 94 67 81 -2 0 16 0.00 0.0 0 4.2 16 60 M M 4 20 60
3 96 69 83 0 0 18 0.00 0.0 0 3.5 14 110 M M 5 17 10
4 98 74 86 4 0 21 T 0.0 0 7.7 23 270 M M 7 29 270
5 85 68 77 -5 0 12 0.28 0.0 0 7.6 20 270 M M 7 38 26 20
6 90 68 79 -2 0 14 0.00 0.0 0 4.5 13 130 M M 3 18 130
7 91 71 81 0 0 16 0.00 0.0 0 5.7 14 170 M M 7 27 350
8 92 72 82 1 0 17 0.00 0.0 0 8.1 21 280 M M 8 27 310
9 85 69 77 -3 0 12 0.00 0.0 0 8.0 15 270 M M 5 21 280
10 85 62 74 -6 0 9 0.00 0.0 0 4.2 10 290 M M 0 16 340
11 88 61 75 -4 0 10 0.04 0.0 0 12.5 35 270 M M 2 78 46 270
12 71 57 64 -15 1 0 0.00 0.0 0 9.0 28 270 M M 2 36 260
13 75 52 64 -14 1 0 0.00 0.0 0 4.2 10 260 M M 1 22 350
14 79 55 67 -11 0 2 0.00 0.0 0 5.8 12 230 M M 0 15 240
15 84 56 70 -8 0 5 0.00 0.0 0 7.0 18 50 M M 0 25 50
16 92 58 75 -2 0 10 0.00 0.0 0 7.2 18 70 M M 1 8 25 80
17 90 67 79 2 0 14 0.00 0.0 0 6.3 16 270 M M 5 23 300
18 86 63 75 -1 0 10 0.00 0.0 0 9.4 23 270 M M 3 28 270
19 80 61 71 -5 0 6 0.00 0.0 0 4.1 12 280 M M 1 25 320
20 85 59 72 -4 0 7 0.00 0.0 0 3.5 12 80 M M 4 19 340
21 89 60 75 0 0 10 0.00 0.0 0 4.4 10 300 M M 2 22 340
22 89 63 76 1 0 11 0.00 0.0 0 4.4 10 290 M M 5 18 310
23 85 60 73 -2 0 8 0.00 0.0 0 6.0 12 70 M M 6 17 80
24 87 63 75 1 0 10 0.00 0.0 0 5.6 12 130 M M 6 20 10
25 90 63 77 3 0 12 0.00 0.0 0 8.1 21 260 M M 1 26 260
26 77 60 69 -4 0 4 0.00 0.0 0 12.1 22 280 M M 2 29 270
27 79 56 68 -5 0 3 0.00 0.0 M 3.1 12 300 M M 0 15 300
28 88 55 72 -1 0 7 0.00 0.0 0 3.8 12 80 M M 0 15 80
29 93 64 79 7 0 14 0.00 0.0 0 3.6 14 80 M M 0 19 60
30 89 61 75 3 0 10 0.00 0.0 0 4.2 9 120 M M 1 12 100
31 88 62 75 3 0 10 0.00 0.0 0 6.0 12 200 M M 3 21 320
================================================================================
SM 2691 1945 2 313 0.32 0.0 189.3 M 92
================================================================================
AV 86.8 62.7 6.1 FASTST M M 3 MAX(MPH)
MISC ----> 35 270 46 270
================================================================================
NOTES:
# LAST OF SEVERAL OCCURRENCES
COLUMN 17 PEAK WIND IN M.P.H.
PRELIMINARY LOCAL CLIMATOLOGICAL DATA (WS FORM: F-6) , PAGE 2
STATION: PHOENIX AZ
MONTH: OCTOBER
YEAR: 2021
LATITUDE: 33 25 N
LONGITUDE: 112 1 W
[TEMPERATURE DATA] [PRECIPITATION DATA] SYMBOLS USED IN COLUMN 16
AVERAGE MONTHLY: 74.8 TOTAL FOR MONTH: 0.32 1 = FOG OR MIST
DPTR FM NORMAL: -2.6 DPTR FM NORMAL: -0.24 2 = FOG REDUCING VISIBILITY
HIGHEST: 98 ON 4 GRTST 24HR 0.28 ON 4- 5 TO 1/4 MILE OR LESS
LOWEST: 52 ON 13 3 = THUNDER
SNOW, ICE PELLETS, HAIL 4 = ICE PELLETS
TOTAL MONTH: 0.0 INCH 5 = HAIL
GRTST 24HR 0.0 6 = FREEZING RAIN OR DRIZZLE
GRTST DEPTH: 0 7 = DUSTSTORM OR SANDSTORM:
VSBY 1/2 MILE OR LESS
8 = SMOKE OR HAZE
[NO. OF DAYS WITH] [WEATHER - DAYS WITH] 9 = BLOWING SNOW
X = TORNADO
MAX 32 OR BELOW: 0 0.01 INCH OR MORE: 2
MAX 90 OR ABOVE: 11 0.10 INCH OR MORE: 1
MIN 32 OR BELOW: 0 0.50 INCH OR MORE: 0
MIN 0 OR BELOW: 0 1.00 INCH OR MORE: 0
[HDD (BASE 65) ]
TOTAL THIS MO. 2 CLEAR (SCALE 0-3) 19
DPTR FM NORMAL -4 PTCLDY (SCALE 4-7) 12
TOTAL FM JUL 1 2 CLOUDY (SCALE 8-10) 0
DPTR FM NORMAL 0
[CDD (BASE 65) ]
TOTAL THIS MO. 313
DPTR FM NORMAL -77 [PRESSURE DATA]
TOTAL FM JAN 1 4753 HIGHEST SLP 30.15 ON 27
DPTR FM NORMAL 79 LOWEST SLP 29.39 ON 11
[REMARKS]
#FINAL-10-21#