000
CXUS55 KPSR 221503
CF6PHX
PRELIMINARY LOCAL CLIMATOLOGICAL DATA (WS FORM: F-6)
STATION: PHOENIX AZ
MONTH: MARCH
YEAR: 2021
LATITUDE: 33 25 N
LONGITUDE: 112 1 W
TEMPERATURE IN F: :PCPN: SNOW: WIND :SUNSHINE: SKY :PK WND
================================================================================
1 2 3 4 5 6A 6B 7 8 9 10 11 12 13 14 15 16 17 18
12Z AVG MX 2MIN
DY MAX MIN AVG DEP HDD CDD WTR SNW DPTH SPD SPD DIR MIN PSBL S-S WX SPD DR
================================================================================
1 71 39 55 -8 10 0 0.00 0.0 0 4.4 13 110 M M 0 18 80
2 79 48 64 1 1 0 0.00 0.0 0 7.6 18 120 M M 1 27 90
3 86 49 68 5 0 3 0.00 0.0 0 11.6 37 200 M M 2 8 47 200
4 71 52 62 -1 3 0 0.00 0.0 0 4.3 14 230 M M 4 19 300
5 83 50 67 3 0 2 0.00 0.0 0 3.9 10 220 M M 0 17 330
6 85 58 72 8 0 7 0.00 0.0 0 5.9 18 140 M M 2 25 150
7 89 58 74 10 0 9 0.00 0.0 0 5.4 13 300 M M 5 22 340
8 87 66 77 13 0 12 0.00 0.0 0 7.3 18 270 M M 7 25 250
9 80 59 70 5 0 5 0.00 0.0 0 9.9 28 270 M M 6 35 260
10 70 49 60 -5 5 0 0.00 0.0 0 7.5 20 220 M M 1 28 210
11 69 48 59 -6 6 0 0.01 0.0 0 7.6 24 270 M M 5 32 270
12 59 46 53 -12 12 0 0.17 0.0 0 6.4 18 320 M M 8 1 24 340
13 61 45 53 -13 12 0 0.19 0.0 0 7.1 25 360 M M 8 1 31 360
14 68 42 55 -11 10 0 0.00 0.0 0 7.1 22 290 M M 2 25 290
15 74 50 62 -4 3 0 0.00 0.0 0 8.2 29 260 M M 6 40 250
16 61 47 54 -12 11 0 T 0.0 0 10.1 28 270 M M 5 34 270
17 73 45 59 -8 6 0 0.00 0.0 0 4.1 13 80 M M 3 17 340
18 83 51 67 0 0 2 0.00 0.0 0 3.7 9 270 M M 3 13 330
19 85 53 69 2 0 4 0.00 0.0 0 4.2 10 300 M M 1 16 300
20 86 56 71 4 0 6 0.00 0.0 0 9.2 22 230 M M 2 28 230
21 78 58 68 0 0 3 0.00 0.0 0 8.7 20 280 M M 2 26 260
22 72 55 64 -4 1 0 0.00 0.0 0 10.6 23 330 M M 3 32 350
23 66 52 59 -9 6 0 T 0.0 0 9.4 25 290 M M 7 30 290
24 72 48 60 -8 5 0 0.00 0.0 0 5.6 17 310 M M 5 25 330
25 72 50 61 -7 4 0 0.00 0.0 0 12.0 24 210 M M 6 33 220
26 66 53 60 -9 5 0 T 0.0 0 7.4 18 290 M M 6 23 270
27 79 48 64 -5 1 0 0.00 0.0 0 4.4 13 290 M M 2 20 350
28 86 53 70 1 0 5 0.00 0.0 0 3.0 14 60 M M 0 17 60
29 89 59 74 5 0 9 0.00 0.0 0 5.8 12 260 M M 5 18 290
30 86 56 71 1 0 6 0.00 0.0 0 7.7 17 280 M M 1 31 270
31 88 59 74 4 0 9 0.00 0.0 0 7.2 17 30 M M 0 25 40
================================================================================
SM 2374 1602 101 82 0.37 0.0 217.3 M 108
================================================================================
AV 76.6 51.7 7.0 FASTST M M 3 MAX(MPH)
MISC ----> 37 200 47 200
================================================================================
NOTES:
# LAST OF SEVERAL OCCURRENCES
COLUMN 17 PEAK WIND IN M.P.H.
PRELIMINARY LOCAL CLIMATOLOGICAL DATA (WS FORM: F-6) , PAGE 2
STATION: PHOENIX AZ
MONTH: MARCH
YEAR: 2021
LATITUDE: 33 25 N
LONGITUDE: 112 1 W
[TEMPERATURE DATA] [PRECIPITATION DATA] SYMBOLS USED IN COLUMN 16
AVERAGE MONTHLY: 64.1 TOTAL FOR MONTH: 0.37 1 = FOG OR MIST
DPTR FM NORMAL: -2.2 DPTR FM NORMAL: -0.46 2 = FOG REDUCING VISIBILITY
HIGHEST: 89 ON 29, 7 GRTST 24HR 0.35 ON 12-13 TO 1/4 MILE OR LESS
LOWEST: 39 ON 1 3 = THUNDER
SNOW, ICE PELLETS, HAIL 4 = ICE PELLETS
TOTAL MONTH: 0.0 INCH 5 = HAIL
GRTST 24HR 0.0 6 = FREEZING RAIN OR DRIZZLE
GRTST DEPTH: 0 7 = DUSTSTORM OR SANDSTORM:
VSBY 1/2 MILE OR LESS
8 = SMOKE OR HAZE
[NO. OF DAYS WITH] [WEATHER - DAYS WITH] 9 = BLOWING SNOW
X = TORNADO
MAX 32 OR BELOW: 0 0.01 INCH OR MORE: 3
MAX 90 OR ABOVE: 0 0.10 INCH OR MORE: 2
MIN 32 OR BELOW: 0 0.50 INCH OR MORE: 0
MIN 0 OR BELOW: 0 1.00 INCH OR MORE: 0
[HDD (BASE 65) ]
TOTAL THIS MO. 101 CLEAR (SCALE 0-3) 17
DPTR FM NORMAL 36 PTCLDY (SCALE 4-7) 13
TOTAL FM JUL 1 854 CLOUDY (SCALE 8-10) 1
DPTR FM NORMAL -4
[CDD (BASE 65) ]
TOTAL THIS MO. 82
DPTR FM NORMAL -23 [PRESSURE DATA]
TOTAL FM JAN 1 100 HIGHEST SLP 30.30 ON 1
DPTR FM NORMAL -23 LOWEST SLP 29.62 ON 25
[REMARKS]
#FINAL-03-21#