000
CXUS55 KPSR 011005
CF6PHX
PRELIMINARY LOCAL CLIMATOLOGICAL DATA (WS FORM: F-6)
STATION: PHOENIX AZ
MONTH: NOVEMBER
YEAR: 2020
LATITUDE: 33 25 N
LONGITUDE: 112 1 W
TEMPERATURE IN F: :PCPN: SNOW: WIND :SUNSHINE: SKY :PK WND
================================================================================
1 2 3 4 5 6A 6B 7 8 9 10 11 12 13 14 15 16 17 18
12Z AVG MX 2MIN
DY MAX MIN AVG DEP HDD CDD WTR SNW DPTH SPD SPD DIR MIN PSBL S-S WX SPD DR
================================================================================
1 96 64 80 10 0 15 0.00 0.0 0 5.4 14 70 M M 7 16 60
2 95 68 82 12 0 17 0.00 0.0 0 5.4 16 90 M M 6 8 21 110
3 93 68 81 12 0 16 0.00 0.0 0 4.1 10 140 M M 5 16 340
4 93 64 79 10 0 14 0.00 0.0 0 4.0 9 240 M M 1 13 320
5 99 62 81 12 0 16 0.00 0.0 0 3.8 15 130 M M 3 18 130
6 89 72 81 13 0 16 0.00 0.0 0 5.4 21 120 M M 9 32 120
7 81 59 70 2 0 5 T 0.0 0 15.0 31 270 M M 6 37 270
8 67 52 60 -7 5 0 0.00 0.0 0 8.0 21 230 M M 5 26 240
9 62 50 56 -11 9 0 T 0.0 0 5.1 20 320 M M 4 23 300
10 67 45 56 -10 9 0 0.00 0.0 0 3.5 13 320 M M 2 17 310
11 71 44 58 -8 7 0 0.00 0.0 0 3.4 8 50 M M 1 11 50
12 73 49 61 -5 4 0 0.00 0.0 0 3.2 10 60 M M 4 12 60
13 77 50 64 -1 1 0 0.00 0.0 0 3.9 12 90 M M 3 14 310
14 75 49 62 -3 3 0 0.00 0.0 0 4.2 12 90 M M 1 14 80
15 82 50 66 2 0 1 0.00 0.0 0 3.1 9 90 M M 0 12 340
16 92 54 73 9 0 8 0.00 0.0 0 2.4 17 80 M M 0 21 80
17 92 61 77 14 0 12 0.00 0.0 0 4.5 9 110 M M 2 12 330
18 89 61 75 12 0 10 0.00 0.0 0 4.6 12 110 M M 1 14 350
19 87 60 74 12 0 9 0.00 0.0 0 3.4 9 310 M M 3 16 310
20 87 59 73 11 0 8 0.00 0.0 0 3.2 8 320 M M 6 12 340
21 85 61 73 11 0 8 0.00 0.0 0 2.6 10 280 M M 7 14 310
22 84 60 72 11 0 7 0.00 0.0 0 3.3 9 320 M M 8 13 340
23 80 58 69 8 0 4 0.00 0.0 0 7.6 17 280 M M 5 20 300
24 72 53 63 3 2 0 0.00 0.0 0 4.8 12 310 M M 0 16 300
25 72 48 60 0 5 0 0.00 0.0 0 4.6 12 150 M M 0 13 150
26 72 45 59 -1 6 0 0.00 0.0 0 5.8 14 280 M M 1 16 260
27 65 47 56 -3 9 0 0.00 0.0 0 3.7 10 290 M M 1 14 330
28 71 44 58 -1 7 0 0.00 0.0 0 3.8 16 80 M M 0 19 70
29 73 44 59 0 6 0 0.00 0.0 M 3.7 9 70 M M 0 13 70
30 74 49 62 4 3 0 0.00 0.0 M 6.6 16 80 M M 3 19 80
================================================================================
SM 2415 1650 76 166 T 0.0 142.1 M 94
================================================================================
AV 80.5 55.0 4.7 FASTST M M 3 MAX(MPH)
MISC ----> 31 270 37 270
================================================================================
NOTES:
# LAST OF SEVERAL OCCURRENCES
COLUMN 17 PEAK WIND IN M.P.H.
PRELIMINARY LOCAL CLIMATOLOGICAL DATA (WS FORM: F-6) , PAGE 2
STATION: PHOENIX AZ
MONTH: NOVEMBER
YEAR: 2020
LATITUDE: 33 25 N
LONGITUDE: 112 1 W
[TEMPERATURE DATA] [PRECIPITATION DATA] SYMBOLS USED IN COLUMN 16
AVERAGE MONTHLY: 67.8 TOTAL FOR MONTH: T 1 = FOG OR MIST
DPTR FM NORMAL: 3.7 DPTR FM NORMAL: -0.65 2 = FOG REDUCING VISIBILITY
HIGHEST: 99 ON 5 GRTST 24HR T ON 7- 7 TO 1/4 MILE OR LESS
LOWEST: 44 ON 29,28 3 = THUNDER
SNOW, ICE PELLETS, HAIL 4 = ICE PELLETS
TOTAL MONTH: 0.0 INCH 5 = HAIL
GRTST 24HR 0.0 6 = FREEZING RAIN OR DRIZZLE
GRTST DEPTH: 0 7 = DUSTSTORM OR SANDSTORM:
VSBY 1/2 MILE OR LESS
8 = SMOKE OR HAZE
[NO. OF DAYS WITH] [WEATHER - DAYS WITH] 9 = BLOWING SNOW
X = TORNADO
MAX 32 OR BELOW: 0 0.01 INCH OR MORE: 0
MAX 90 OR ABOVE: 7 0.10 INCH OR MORE: 0
MIN 32 OR BELOW: 0 0.50 INCH OR MORE: 0
MIN 0 OR BELOW: 0 1.00 INCH OR MORE: 0
[HDD (BASE 65) ]
TOTAL THIS MO. 76 CLEAR (SCALE 0-3) 18
DPTR FM NORMAL -21 PTCLDY (SCALE 4-7) 11
TOTAL FM JUL 1 89 CLOUDY (SCALE 8-10) 1
DPTR FM NORMAL -15
[CDD (BASE 65) ]
TOTAL THIS MO. 166
DPTR FM NORMAL 96 [PRESSURE DATA]
TOTAL FM JAN 1 5416 HIGHEST SLP 30.21 ON 28
DPTR FM NORMAL 810 LOWEST SLP 29.52 ON 7
[REMARKS]
#FINAL-11-20#