000
CXUS55 KPSR 011005
CF6PHX
PRELIMINARY LOCAL CLIMATOLOGICAL DATA (WS FORM: F-6)
STATION: PHOENIX AZ
MONTH: MARCH
YEAR: 2020
LATITUDE: 33 25 N
LONGITUDE: 112 1 W
TEMPERATURE IN F: :PCPN: SNOW: WIND :SUNSHINE: SKY :PK WND
================================================================================
1 2 3 4 5 6A 6B 7 8 9 10 11 12 13 14 15 16 17 18
12Z AVG MX 2MIN
DY MAX MIN AVG DEP HDD CDD WTR SNW DPTH SPD SPD DIR MIN PSBL S-S WX SPD DR
================================================================================
1 77 53 65 3 0 0 0.00 0.0 0 7.3 21 250 M M 4 27 250
2 70 50 60 -2 5 0 0.00 0.0 0 8.0 18 180 M M 4 28 190
3 76 52 64 2 1 0 T 0.0 0 9.1 24 270 M M 3 29 270
4 75 51 63 0 2 0 0.00 0.0 0 4.0 12 90 M M 1 18 330
5 84 54 69 6 0 4 0.00 0.0 0 6.9 16 80 M M 6 19 60
6 86 59 73 10 0 8 0.00 0.0 0 7.1 20 110 M M 7 26 120
7 85 60 73 10 0 8 0.00 0.0 0 9.7 23 190 M M 5 28 190
8 75 61 68 4 0 3 0.00 0.0 0 7.1 18 230 M M 6 24 210
9 79 55 67 3 0 2 0.00 0.0 0 4.7 14 90 M M 5 19 120
10 73 60 67 3 0 2 0.28 0.0 0 6.8 18 70 M M 9 1 23 50
11 66 61 64 0 1 0 0.67 0.0 0 4.3 12 110 M M 10 1 14 100
12 71 57 64 0 1 0 0.43 0.0 0 6.9 22 220 M M 9 138 34 220
13 66 53 60 -5 5 0 0.40 0.0 0 7.9 23 270 M M 7 13 31 280
14 73 50 62 -3 3 0 0.00 0.0 0 4.8 13 220 M M 3 17 330
15 77 53 65 0 0 0 0.00 0.0 0 4.6 13 300 M M 4 18 300
16 78 53 66 1 0 1 0.00 0.0 0 7.5 18 280 M M 5 21 210
17 75 58 67 2 0 2 0.00 0.0 0 5.8 15 280 M M 6 20 310
18 69 50 60 -6 5 0 0.15 0.0 0 8.8 22 160 M M 7 13 30 150
19 65 49 57 -9 8 0 0.01 0.0 0 5.9 13 230 M M 7 1 16 10
20 71 48 60 -6 5 0 0.00 0.0 0 4.0 12 220 M M 6 17 220
21 75 52 64 -2 1 0 0.00 0.0 0 4.9 16 280 M M 4 24 280
22 73 55 64 -2 1 0 0.00 0.0 0 4.0 10 80 M M 8 16 290
23 77 59 68 1 0 3 0.00 0.0 0 6.6 22 270 M M 6 27 270
24 77 55 66 -1 0 1 0.00 0.0 0 6.3 14 210 M M 3 18 220
25 77 55 66 -1 0 1 0.00 0.0 M 6.6 13 300 M M 7 20 310
26 70 59 65 -2 0 0 0.00 0.0 M 10.4 17 270 M M 7 21 270
27 66 52 59 -9 6 0 T 0.0 0 10.5 23 270 M M 6 30 260
28 71 47 59 -9 6 0 0.00 0.0 0 4.8 10 230 M M 3 13 230
29 77 53 65 -3 0 0 0.00 0.0 M 7.3 18 290 M M 3 23 280
30 77 53 65 -3 0 0 0.00 0.0 M 4.2 13 310 M M 1 17 290
31 79 55 67 -1 0 2 0.00 0.0 0 4.8 9 270 M M 7 17 310
================================================================================
SM 2310 1682 50 37 1.94 0.0 201.6 M 169
================================================================================
AV 74.5 54.3 6.5 FASTST M M 5 MAX(MPH)
MISC ----> 24 270 34 220
================================================================================
NOTES:
# LAST OF SEVERAL OCCURRENCES
COLUMN 17 PEAK WIND IN M.P.H.
PRELIMINARY LOCAL CLIMATOLOGICAL DATA (WS FORM: F-6) , PAGE 2
STATION: PHOENIX AZ
MONTH: MARCH
YEAR: 2020
LATITUDE: 33 25 N
LONGITUDE: 112 1 W
[TEMPERATURE DATA] [PRECIPITATION DATA] SYMBOLS USED IN COLUMN 16
AVERAGE MONTHLY: 64.4 TOTAL FOR MONTH: 1.94 1 = FOG OR MIST
DPTR FM NORMAL: -0.8 DPTR FM NORMAL: 0.95 2 = FOG REDUCING VISIBILITY
HIGHEST: 86 ON 6 GRTST 24HR 0.91 ON 10-11 TO 1/4 MILE OR LESS
LOWEST: 47 ON 28 3 = THUNDER
SNOW, ICE PELLETS, HAIL 4 = ICE PELLETS
TOTAL MONTH: 0.0 INCH 5 = HAIL
GRTST 24HR 0.0 6 = FREEZING RAIN OR DRIZZLE
GRTST DEPTH: 0 7 = DUSTSTORM OR SANDSTORM:
VSBY 1/2 MILE OR LESS
8 = SMOKE OR HAZE
[NO. OF DAYS WITH] [WEATHER - DAYS WITH] 9 = BLOWING SNOW
X = TORNADO
MAX 32 OR BELOW: 0 0.01 INCH OR MORE: 6
MAX 90 OR ABOVE: 0 0.10 INCH OR MORE: 5
MIN 32 OR BELOW: 0 0.50 INCH OR MORE: 1
MIN 0 OR BELOW: 0 1.00 INCH OR MORE: 0
[HDD (BASE 65) ]
TOTAL THIS MO. 50 CLEAR (SCALE 0-3) 4
DPTR FM NORMAL -31 PTCLDY (SCALE 4-7) 24
TOTAL FM JUL 1 830 CLOUDY (SCALE 8-10) 3
DPTR FM NORMAL -84
[CDD (BASE 65) ]
TOTAL THIS MO. 37
DPTR FM NORMAL -50 [PRESSURE DATA]
TOTAL FM JAN 1 45 HIGHEST SLP 30.19 ON 5
DPTR FM NORMAL -59 LOWEST SLP 29.61 ON 18
[REMARKS]
#FINAL-03-20#