000
CXUS55 KPIH 011100
CF6PIH
PRELIMINARY LOCAL CLIMATOLOGICAL DATA (WS FORM: F-6)
STATION: POCATELLO
MONTH: AUGUST
YEAR: 2023
LATITUDE: 42 55 N
LONGITUDE: 112 36 W
TEMPERATURE IN F: :PCPN: SNOW: WIND :SUNSHINE: SKY :PK WND
================================================================================
1 2 3 4 5 6A 6B 7 8 9 10 11 12 13 14 15 16 17 18
12Z AVG MX 2MIN
DY MAX MIN AVG DEP HDD CDD WTR SNW DPTH SPD SPD DIR MIN PSBL S-S WX SPD DR
================================================================================
1 91 61 76 4 0 11 0.01 0.0 0 9.3 29 240 M M 1 3 38 250
2 73 61 67 -5 0 2 0.07 0.0 0 6.8 18 200 M M 9 26 30
3 68 58 63 -9 2 0 0.16 0.0 0 5.1 18 350 M M 8 1 23 360
4 77 57 67 -5 0 2 T 0.0 0 6.7 16 360 M M 6 21 360
5 85 51 68 -4 0 3 0.00 0.0 0 5.3 22 220 M M 1 30 230
6 86 49 68 -4 0 3 T 0.0 0 6.3 25 290 M M 2 3 49 290
7 80 49 65 -7 0 0 T 0.0 0 9.9 25 260 M M 2 3 33 270
8 76 54 65 -6 0 0 0.02 0.0 0 9.5 23 240 M M 4 29 230
9 88 46 67 -4 0 2 0.00 0.0 0 7.7 20 180 M M 1 26 180
10 88 65 77 6 0 12 0.00 0.0 0 16.2 25 240 M M 0 34 230
11 91 52 72 1 0 7 0.00 0.0 0 10.7 21 220 M M 0 28 220
12 91 55 73 3 0 8 0.00 0.0 0 12.9 23 230 M M 0 30 230
13 89 47 68 -2 0 3 0.00 0.0 0 9.2 21 40 M M 0 30 40
14 91 45 68 -2 0 3 0.00 0.0 0 5.5 15 320 M M 0 21 350
15 97 50 74 4 0 9 0.00 0.0 0 3.9 10 300 M M 0 15 320
16 97 60 79 9 0 14 0.00 0.0 0 5.6 14 310 M M 0 20 250
17 95 55 75 6 0 10 0.20 0.0 0 6.1 26 230 M M 2 3 34 230
18 93 63 78 9 0 13 T 0.0 0 10.2 25 270 M M 1 3 33 270
19 87 69 78 9 0 13 T 0.0 0 7.6 21 170 M M 4 29 160
20 70 61 66 -2 0 1 0.35 0.0 0 6.4 25 220 M M 8 1 33 230
21 89 62 76 8 0 11 0.01 0.0 0 13.0 33 180 M M 5 45 200
22 80 62 71 3 0 6 T 0.0 0 11.8 31 180 M M 5 41 180
23 86 54 70 2 0 5 T 0.0 0 5.2 20 220 M M 3 3 28 220
24 88 49 69 2 0 4 0.00 0.0 0 3.4 13 240 M M 2 18 160
25 92 56 74 7 0 9 0.05 0.0 0 5.5 28 260 M M 2 3 36 250
26 86 54 70 3 0 5 T 0.0 0 6.2 20 30 M M 1 29 30
27 88 53 71 5 0 6 0.06 0.0 0 6.6 29 70 M M 3 13 38 50
28 91 48 70 4 0 5 0.00 0.0 0 4.9 15 310 M M 1 19 320
29 96 49 73 7 0 8 0.00 0.0 0 10.6 36 220 M M 1 51 210
30 76 58 67 1 0 2 0.00 0.0 0 17.8 29 270 M M 0 37 260
31 85 41 63 -2 2 0 0.00 0.0 0 6.9 15 30 M M 0 19 320
================================================================================
SM 2670 1694 4 177 0.93 0.0 252.8 M 72
================================================================================
AV 86.1 54.6 8.2 FASTST M M 2 MAX(MPH)
MISC ----> 36 220 51 210
================================================================================
NOTES:
# LAST OF SEVERAL OCCURRENCES
COLUMN 17 PEAK WIND IN M.P.H.
PRELIMINARY LOCAL CLIMATOLOGICAL DATA (WS FORM: F-6) , PAGE 2
STATION: POCATELLO
MONTH: AUGUST
YEAR: 2023
LATITUDE: 42 55 N
LONGITUDE: 112 36 W
[TEMPERATURE DATA] [PRECIPITATION DATA] SYMBOLS USED IN COLUMN 16
AVERAGE MONTHLY: 70.4 TOTAL FOR MONTH: 0.93 1 = FOG OR MIST
DPTR FM NORMAL: 1.1 DPTR FM NORMAL: 0.40 2 = FOG REDUCING VISIBILITY
HIGHEST: 97 ON 16,15 GRTST 24HR 0.35 ON 20-20 TO 1/4 MILE OR LESS
LOWEST: 41 ON 31 3 = THUNDER
SNOW, ICE PELLETS, HAIL 4 = ICE PELLETS
TOTAL MONTH: 0.0 INCH 5 = HAIL
GRTST 24HR 0.0 6 = FREEZING RAIN OR DRIZZLE
GRTST DEPTH: 0 7 = DUSTSTORM OR SANDSTORM:
VSBY 1/2 MILE OR LESS
8 = SMOKE OR HAZE
[NO. OF DAYS WITH] [WEATHER - DAYS WITH] 9 = BLOWING SNOW
X = TORNADO
MAX 32 OR BELOW: 0 0.01 INCH OR MORE: 9
MAX 90 OR ABOVE: 11 0.10 INCH OR MORE: 3
MIN 32 OR BELOW: 0 0.50 INCH OR MORE: 0
MIN 0 OR BELOW: 0 1.00 INCH OR MORE: 0
[HDD (BASE 65) ]
TOTAL THIS MO. 4 CLEAR (SCALE 0-3) 23
DPTR FM NORMAL -21 PTCLDY (SCALE 4-7) 7
TOTAL FM JUL 1 6 CLOUDY (SCALE 8-10) 1
DPTR FM NORMAL -31
[CDD (BASE 65) ]
TOTAL THIS MO. 177
DPTR FM NORMAL 19 [PRESSURE DATA]
TOTAL FM JAN 1 429 HIGHEST SLP 30.18 ON 27
DPTR FM NORMAL 25 LOWEST SLP 29.65 ON 31
[REMARKS]
#FINAL-08-23#