000
CXUS54 KBRO 010800
CF6PIL
PRELIMINARY LOCAL CLIMATOLOGICAL DATA (WS FORM: F-6)
STATION: BAYVIEW
MONTH: JUNE
YEAR: 2023
LATITUDE: 26 10 N
LONGITUDE: 97 20 W
TEMPERATURE IN F: :PCPN: SNOW: WIND :SUNSHINE: SKY :PK WND
================================================================================
1 2 3 4 5 6A 6B 7 8 9 10 11 12 13 14 15 16 17 18
12Z AVG MX 2MIN
DY MAX MIN AVG DEP HDD CDD WTR SNW DPTH SPD SPD DIR MIN PSBL S-S WX SPD DR
================================================================================
1 89 76 83 0 0 18 0.00 0.0 0 12.6 21 130 M M 3 27 100
2 88 77 83 0 0 18 0.01 0.0 0 12.6 18 100 M M 4 25 110
3 91 70 81 -3 0 16 0.12 0.0 0 11.8 31 290 M M 1 3 49 250
4 88 70 79 -5 0 14 0.31 0.0 0 7.0 25 10 M M 3 138 41 350
5 89 73 81 -3 0 16 0.27 0.0 0 5.6 22 40 M M 2 13 32 50
6 87 73 80 -4 0 15 0.02 0.0 0 5.8 16 60 M M 2 22 60
7 88 72 80 -4 0 15 0.00 0.0 0 5.9 15 90 M M 0 3 20 90
8 92 70 81 -3 0 16 0.40 0.0 0 7.2 39 310 M M 1 13 57 320
9 95 76 86 2 0 21 T 0.0 0 10.0 21 130 M M 0 1 27 120
10 94 77 86 2 0 21 0.00 0.0 0 11.4 21 130 M M 1 8 30 130
11 95 80 88 4 0 23 0.00 0.0 0 13.4 24 130 M M 2 36 120
12 94 80 87 3 0 22 0.00 0.0 0 13.9 22 150 M M 3 1 29 170
13 94 81 88 4 0 23 0.00 0.0 0 16.1 23 150 M M 5 33 150
14 95 81 88 4 0 23 0.00 0.0 0 16.2 30 150 M M 0 18 37 160
15 95 82 89 5 0 24 0.00 0.0 0 16.4 25 160 M M 4 1 38 160
16 96 82 89 5 0 24 0.00 0.0 0 14.8 23 150 M M 6 1 33 160
17 95 83 89 5 0 24 0.00 0.0 0 13.7 23 150 M M 5 1 31 160
18 96 83 90 6 0 25 0.00 0.0 0 17.0 28 160 M M 3 37 150
19 99 82 91 7 0 26 0.00 0.0 0 18.8 29 180 M M 2 1 43 180
20 98 82 90 6 0 25 0.00 0.0 0 16.8 26 160 M M 3 37 170
21 101 81 91 7 0 26 0.00 0.0 0 15.4 21 140 M M 1 36 190
22 97 83 90 5 0 25 0.00 0.0 0 13.1 25 150 M M 1 35 160
23 96 82 89 4 0 24 0.00 0.0 0 14.4 25 140 M M 4 33 130
24 97 81 89 4 0 24 0.00 0.0 0 12.6 22 110 M M 1 31 130
25 97 82 90 5 0 25 0.00 0.0 0 12.9 23 130 M M 1 30 120
26 99 82 91 6 0 26 T 0.0 0 14.4 23 140 M M 0 34 150
27 98 82 90 5 0 25 0.00 0.0 0 14.0 22 150 M M 1 33 160
28 96 80 88 3 0 23 0.00 0.0 0 13.8 23 130 M M 0 31 130
29 96 79 88 3 0 23 0.00 0.0 0 14.7 24 140 M M 2 32 130
30 97 82 90 5 0 25 0.00 0.0 0 15.6 24 120 M M 2 33 130
================================================================================
SM 2832 2364 0 655 1.13 0.0 387.9 M 63
================================================================================
AV 94.4 78.8 12.9 FASTST M M 2 MAX(MPH)
MISC ----> 39 310 57 320
================================================================================
NOTES:
# LAST OF SEVERAL OCCURRENCES
COLUMN 17 PEAK WIND IN M.P.H.
PRELIMINARY LOCAL CLIMATOLOGICAL DATA (WS FORM: F-6) , PAGE 2
STATION: BAYVIEW
MONTH: JUNE
YEAR: 2023
LATITUDE: 26 10 N
LONGITUDE: 97 20 W
[TEMPERATURE DATA] [PRECIPITATION DATA] SYMBOLS USED IN COLUMN 16
AVERAGE MONTHLY: 86.6 TOTAL FOR MONTH: 1.13 1 = FOG OR MIST
DPTR FM NORMAL: 2.4 DPTR FM NORMAL: -1.55 2 = FOG REDUCING VISIBILITY
HIGHEST: 101 ON 21 GRTST 24HR 0.58 ON 4- 5 TO 1/4 MILE OR LESS
LOWEST: 70 ON 8, 4 3 = THUNDER
SNOW, ICE PELLETS, HAIL 4 = ICE PELLETS
TOTAL MONTH: 0.0 INCH 5 = HAIL
GRTST 24HR 0.0 6 = FREEZING RAIN OR DRIZZLE
GRTST DEPTH: 0 7 = DUSTSTORM OR SANDSTORM:
VSBY 1/2 MILE OR LESS
8 = SMOKE OR HAZE
[NO. OF DAYS WITH] [WEATHER - DAYS WITH] 9 = BLOWING SNOW
X = TORNADO
MAX 32 OR BELOW: 0 0.01 INCH OR MORE: 6
MAX 90 OR ABOVE: 24 0.10 INCH OR MORE: 4
MIN 32 OR BELOW: 0 0.50 INCH OR MORE: 0
MIN 0 OR BELOW: 0 1.00 INCH OR MORE: 0
[HDD (BASE 65) ]
TOTAL THIS MO. 0 CLEAR (SCALE 0-3) 24
DPTR FM NORMAL 0 PTCLDY (SCALE 4-7) 6
TOTAL FM JUL 1 411 CLOUDY (SCALE 8-10) 0
DPTR FM NORMAL -115
[CDD (BASE 65) ]
TOTAL THIS MO. 655
DPTR FM NORMAL 78 [PRESSURE DATA]
TOTAL FM JAN 1 2006 HIGHEST SLP M ON M
DPTR FM NORMAL 291 LOWEST SLP 29.63 ON 3
[REMARKS]
#FINAL-06-23#