000
CXUS51 KRLX 011311
CF6PKB
PRELIMINARY LOCAL CLIMATOLOGICAL DATA (WS FORM: F-6)
STATION: PARKERSBURG WV
MONTH: FEBRUARY
YEAR: 2023
LATITUDE: 39 20 N
LONGITUDE: 81 26 W
TEMPERATURE IN F: :PCPN: SNOW: WIND :SUNSHINE: SKY :PK WND
================================================================================
1 2 3 4 5 6A 6B 7 8 9 10 11 12 13 14 15 16 17 18
12Z AVG MX 2MIN
DY MAX MIN AVG DEP HDD CDD WTR SNW DPTH SPD SPD DIR MIN PSBL S-S WX SPD DR
================================================================================
1 32 18 25 -7 40 0 0.00 M M 2.7 10 330 M M 2 13 320
2 36 21 29 -3 36 0 0.00 M M 5.2 13 260 M M 0 1 18 270
3 32 14 23 -10 42 0 0.00 M M 9.6 22 300 M M 4 32 310
4 44 10 27 -6 38 0 0.00 M M 7.0 16 210 M M 0 23 210
5 57 40 49 16 16 0 0.00 M M 10.9 21 200 M M 3 31 220
6 49 28 39 6 26 0 0.00 M M 4.9 15 310 M M 5 23 310
7 61 28 45 12 20 0 0.14 M M 7.2 18 210 M M 5 1 30 210
8 59 37 48 15 17 0 0.07 M M 3.1 10 290 M M 5 1 16 290
9 74 47 61 27 4 0 0.01 M M 13.2 26 270 M M 6 40 280
10 50 34 42 8 23 0 T M M 8.0 20 270 M M 8 30 270
11 47 24 36 2 29 0 0.00 M M 2.7 10 40 M M 0 1 12 40
12 52 26 39 5 26 0 0.00 M M 4.0 14 40 M M 0 18 50
13 62 23 43 9 22 0 0.00 M M 5.9 20 290 M M 0 26 290
14 60 25 43 8 22 0 0.00 M M 3.8 13 180 M M 1 17 150
15 74 50 62 27 3 0 0.02 M M 11.3 25 210 M M 3 35 220
16 60 48 54 19 11 0 0.87 M M 6.6 18 210 M M 6 1 25 140
17 60 26 43 7 22 0 0.36 M M 11.6 28 290 M M 10 1 41 290
18 44 22 33 -3 32 0 0.00 M M 5.0 16 190 M M 2 22 200
19 60 30 45 9 20 0 0.00 M M 7.1 21 230 M M 1 31 190
20 58 45 52 16 13 0 0.25 M M 6.6 17 260 M M 6 1 24 260
21 57 39 48 12 17 0 T M M 8.4 30 270 M M 5 1 49 260
22 72 36 54 17 11 0 0.07 M M 5.4 17 200 M M 7 26 190
23 74 55 65 28 0 0 0.13 M M 10.2 25 300 M M 6 1 37 290
24 55 32 44 7 21 0 0.00 M M 8.1 22 300 M M 3 30 290
25 51 30 41 3 24 0 0.01 M M 5.1 10 40 M M 3 15 80
26 54 35 45 7 20 0 0.00 M M 5.8 15 270 M M 6 21 290
27 60 31 46 8 19 0 0.68 M M 6.8 32 290 M M 7 13 46 270
28 57 33 45 7 20 0 T M M 8.3 22 300 M M 8 39 280
================================================================================
SM 1551 887 594 0 2.61 M 194.5 M 112
================================================================================
AV 55.4 31.7 6.9 FASTST M M 4 MAX(MPH)
MISC ----> 32 290 49 260
================================================================================
NOTES:
# LAST OF SEVERAL OCCURRENCES
COLUMN 17 PEAK WIND IN M.P.H.
PRELIMINARY LOCAL CLIMATOLOGICAL DATA (WS FORM: F-6) , PAGE 2
STATION: PARKERSBURG WV
MONTH: FEBRUARY
YEAR: 2023
LATITUDE: 39 20 N
LONGITUDE: 81 26 W
[TEMPERATURE DATA] [PRECIPITATION DATA] SYMBOLS USED IN COLUMN 16
AVERAGE MONTHLY: 43.5 TOTAL FOR MONTH: 2.61 1 = FOG OR MIST
DPTR FM NORMAL: 8.5 DPTR FM NORMAL: -0.50 2 = FOG REDUCING VISIBILITY
HIGHEST: 74 ON 23,15 GRTST 24HR 1.23 ON 16-17 TO 1/4 MILE OR LESS
LOWEST: 10 ON 4 3 = THUNDER
SNOW, ICE PELLETS, HAIL 4 = ICE PELLETS
TOTAL MONTH: M 5 = HAIL
GRTST 24HR M ON M 6 = FREEZING RAIN OR DRIZZLE
GRTST DEPTH: M ON M 7 = DUSTSTORM OR SANDSTORM:
VSBY 1/2 MILE OR LESS
8 = SMOKE OR HAZE
[NO. OF DAYS WITH] [WEATHER - DAYS WITH] 9 = BLOWING SNOW
X = TORNADO
MAX 32 OR BELOW: 2 0.01 INCH OR MORE: 11
MAX 90 OR ABOVE: 0 0.10 INCH OR MORE: 6
MIN 32 OR BELOW: 16 0.50 INCH OR MORE: 2
MIN 0 OR BELOW: 0 1.00 INCH OR MORE: 0
[HDD (BASE 65) ]
TOTAL THIS MO. 594 CLEAR (SCALE 0-3) 12
DPTR FM NORMAL -245 PTCLDY (SCALE 4-7) 14
TOTAL FM JUL 1 3273 CLOUDY (SCALE 8-10) 2
DPTR FM NORMAL -471
[CDD (BASE 65) ]
TOTAL THIS MO. 0
DPTR FM NORMAL 0 [PRESSURE DATA]
TOTAL FM JAN 1 0 HIGHEST SLP 30.60 ON 4
DPTR FM NORMAL 0 LOWEST SLP 29.20 ON 27
[REMARKS]
#FINAL-02-23#