000
CXUS56 KLOX 011155
CF6PMD
PRELIMINARY LOCAL CLIMATOLOGICAL DATA (WS FORM: F-6)
STATION: PALMDALE AIRPORT CA
MONTH: OCTOBER
YEAR: 2022
LATITUDE: 34 37 N
LONGITUDE: 118 5 W
TEMPERATURE IN F: :PCPN: SNOW: WIND :SUNSHINE: SKY :PK WND
================================================================================
1 2 3 4 5 6A 6B 7 8 9 10 11 12 13 14 15 16 17 18
12Z AVG MX 2MIN
DY MAX MIN AVG DEP HDD CDD WTR SNW DPTH SPD SPD DIR MIN PSBL S-S WX SPD DR
================================================================================
1 89 57 73 3 0 8 0.00 M M 8.4 21 220 M M 0 26 220
2 89 57 73 4 0 8 0.00 M M 6.9 23 250 M M 0 28 240
3 92 59 76 7 0 11 0.00 M M 5.1 15 240 M M 0 18 240
4 93 57 75 6 0 10 0.00 M M 6.0 17 240 M M 0 8 20 250
5 94 57 76 8 0 11 0.00 M M 6.8 17 240 M M 0 23 250
6 94 61 78 10 0 13 0.00 M M 6.8 16 280 M M 0 20 310
7 92 61 77 10 0 12 0.00 M M 8.0 20 80 M M 0 27 50
8 91 59 75 8 0 10 0.00 M M 5.9 18 40 M M 0 22 70
9 91 61 76 9 0 11 0.00 M M 5.8 15 200 M M 0 18 200
10 89 61 75 9 0 10 T M M 7.7 24 290 M M 1 30 140
11 87 58 73 7 0 8 T M M 6.8 28 190 M M 1 34 190
12 84 59 72 6 0 7 0.03 M M 8.6 33 130 M M 2 3 40 130
13 88 53 71 6 0 6 0.00 M M 4.6 13 30 M M 0 18 10
14 90 55 73 8 0 8 0.00 M M 5.9 17 240 M M 0 25 10
15 82 58 70 6 0 5 0.00 M M 12.4 30 160 M M 1 3 39 170
16 83 55 69 5 0 4 0.00 M M 7.3 16 200 M M 0 19 210
17 85 50 68 4 0 3 0.00 M M 4.7 14 70 M M 0 16 60
18 87 53 70 7 0 5 0.00 M M 9.1 28 60 M M 0 36 60
19 87 54 71 8 0 6 0.00 M M 6.9 24 70 M M 0 31 60
20 86 55 71 8 0 6 0.00 M M 4.8 15 200 M M 0 17 20
21 86 55 71 9 0 6 0.00 M M 9.0 20 220 M M 0 8 25 230
22 69 56 63 1 2 0 0.00 M M 20.2 35 220 M M 3 43 220
23 65 43 54 -8 11 0 0.00 M M 13.2 28 250 M M 1 35 250
24 67 38 53 -8 12 0 0.00 M M 7.6 21 70 M M 0 28 60
25 78 41 60 -1 5 0 0.00 M M 8.3 25 280 M M 0 31 300
26 75 48 62 2 3 0 0.00 M M 14.1 30 290 M M 0 36 260
27 70 40 55 -5 10 0 0.00 M M 7.3 18 60 M M 0 25 50
28 70 38 54 -6 11 0 0.00 M M 3.8 10 210 M M 0 11 200
29 74 40 57 -2 8 0 0.00 M M 5.5 13 30 M M 0 16 30
30 77 42 60 1 5 0 0.00 M M 5.6 14 40 M M 0 22 30
31 73 41 57 -2 8 0 0.00 M M 4.9 15 210 M M 0 19 220
================================================================================
SM 2577 1622 75 168 0.03 M 238.0 M 9
================================================================================
AV 83.1 52.3 7.7 FASTST M M 0 MAX(MPH)
MISC ----> 35 220 43 220
================================================================================
NOTES:
# LAST OF SEVERAL OCCURRENCES
COLUMN 17 PEAK WIND IN M.P.H.
PRELIMINARY LOCAL CLIMATOLOGICAL DATA (WS FORM: F-6) , PAGE 2
STATION: PALMDALE AIRPORT CA
MONTH: OCTOBER
YEAR: 2022
LATITUDE: 34 37 N
LONGITUDE: 118 5 W
[TEMPERATURE DATA] [PRECIPITATION DATA] SYMBOLS USED IN COLUMN 16
AVERAGE MONTHLY: 67.7 TOTAL FOR MONTH: 0.03 1 = FOG OR MIST
DPTR FM NORMAL: 3.6 DPTR FM NORMAL: -0.44 2 = FOG REDUCING VISIBILITY
HIGHEST: 94 ON 6, 5 GRTST 24HR 0.03 ON 12-12 TO 1/4 MILE OR LESS
LOWEST: 38 ON 28,24 3 = THUNDER
SNOW, ICE PELLETS, HAIL 4 = ICE PELLETS
TOTAL MONTH: M 5 = HAIL
GRTST 24HR M ON M 6 = FREEZING RAIN OR DRIZZLE
GRTST DEPTH: M ON M 7 = DUSTSTORM OR SANDSTORM:
VSBY 1/2 MILE OR LESS
8 = SMOKE OR HAZE
[NO. OF DAYS WITH] [WEATHER - DAYS WITH] 9 = BLOWING SNOW
X = TORNADO
MAX 32 OR BELOW: 0 0.01 INCH OR MORE: 1
MAX 90 OR ABOVE: 8 0.10 INCH OR MORE: 0
MIN 32 OR BELOW: 0 0.50 INCH OR MORE: 0
MIN 0 OR BELOW: 0 1.00 INCH OR MORE: 0
[HDD (BASE 65) ]
TOTAL THIS MO. 75 CLEAR (SCALE 0-3) 31
DPTR FM NORMAL -23 PTCLDY (SCALE 4-7) 0
TOTAL FM JUL 1 75 CLOUDY (SCALE 8-10) 0
DPTR FM NORMAL -31
[CDD (BASE 65) ]
TOTAL THIS MO. 168
DPTR FM NORMAL 96 [PRESSURE DATA]
TOTAL FM JAN 1 2488 HIGHEST SLP 30.24 ON 28
DPTR FM NORMAL 546 LOWEST SLP 29.61 ON 22
[REMARKS]
#FINAL-10-22#