000
CXUS54 KMOB 011334
CLMPNS
CLIMATE REPORT
NATIONAL WEATHER SERVICE MOBILE AL
834 AM CDT FRI SEP 01 2023
...................................
...THE PENSACOLA CLIMATE SUMMARY FOR THE MONTH OF AUGUST 2023...
CLIMATE NORMAL PERIOD: 1991 TO 2020
CLIMATE RECORD PERIOD: 1879 TO 2023
WEATHER OBSERVED NORMAL DEPART LAST YEAR`S
VALUE DATE(S) VALUE FROM VALUE DATE(S)
NORMAL
................................................................
TEMPERATURE (F)
RECORD
HIGH 105 08/26/2023
LOW 60 08/14/2004
HIGHEST 105R 08/26 98 08/30
LOWEST 72 08/17 73 08/24
AVG. MAXIMUM 97.1 91.0 6.1 89.4
AVG. MINIMUM 79.5 75.0 4.5 76.1
MEAN 88.3 83.0 5.3 82.8
DAYS MAX >= 90 30 19.1 10.9 14
DAYS MAX <= 32 0 0.0 0.0 0
DAYS MIN <= 32 0 0.0 0.0 0
DAYS MIN <= 0 0 0.0 0.0 0
PRECIPITATION (INCHES)
RECORD
MAXIMUM 21.43 1935
MINIMUM 0.72 1891
TOTALS 2.52 7.50 -4.98 11.76
DAILY AVG. 0.08 0.24 -0.16 0.38
DAYS >= .01 8 14.7 -6.7 17
DAYS >= .10 3 9.8 -6.8 9
DAYS >= .50 1 4.8 -3.8 6
DAYS >= 1.00 1 2.4 -1.4 4
GREATEST
24 HR. TOTAL 1.81 08/05 TO 08/06
DEGREE DAYS
COOLING TOTAL 731 558 173 559
SINCE 1/1 2739 2194 545 2442
................................................................
WIND (MPH)
AVERAGE WIND SPEED 7.3
HIGHEST WIND SPEED/DIRECTION 36/110 DATE 08/05
HIGHEST GUST SPEED/DIRECTION 47/120 DATE 08/05
SKY COVER
POSSIBLE SUNSHINE (PERCENT)
AVERAGE SKY COVER 0.12
NUMBER OF DAYS FAIR 31
NUMBER OF DAYS PC 0
NUMBER OF DAYS CLOUDY 0
AVERAGE RH (PERCENT) 62
WEATHER CONDITIONS. NUMBER OF DAYS WITH
THUNDERSTORM 10 MIXED PRECIP 0
HEAVY RAIN 4 RAIN 1
LIGHT RAIN 9 FREEZING RAIN 0
LT FREEZING RAIN 0 HAIL 0
HEAVY SNOW 0 SNOW 0
LIGHT SNOW 0 SLEET 0
FOG 3 FOG W/VIS <= 1/4 MILE 0
HAZE 4
- INDICATES NEGATIVE NUMBERS.
R INDICATES RECORD WAS SET OR TIED.
MM INDICATES DATA IS MISSING.
T INDICATES TRACE AMOUNT.
$$