000
CXUS55 KALY 010710
CF6POU
PRELIMINARY LOCAL CLIMATOLOGICAL DATA (WS FORM: F-6)
STATION: POUGHKEEPSIE NY
MONTH: APRIL
YEAR: 2023
LATITUDE: 41 37 N
LONGITUDE: 73 53 W
TEMPERATURE IN F: :PCPN: SNOW: WIND :SUNSHINE: SKY :PK WND
================================================================================
1 2 3 4 5 6A 6B 7 8 9 10 11 12 13 14 15 16 17 18
12Z AVG MX 2MIN
DY MAX MIN AVG DEP HDD CDD WTR SNW DPTH SPD SPD DIR MIN PSBL S-S WX SPD DR
================================================================================
1 73 44 59 16 6 0 0.23 M M 8.0 32 260 M M 7 13 46 250
2 50 27 39 -5 26 0 0.00 M M 10.7 26 280 M M 3 38 280
3 60 23 42 -2 23 0 0.00 M M 5.3 17 170 M M 0 26 160
4 75 38 57 13 8 0 0.00 M M 4.1 16 360 M M 1 1 22 10
5 57 47 52 7 13 0 0.00 M M 5.9 16 150 M M 10 1 23 140
6 77 47 62 17 3 0 0.06 M M 4.6 18 350 M M 9 18 25 340
7 56 37 47 1 18 0 0.00 M M 9.2 22 320 M M 2 28 320
8 54 27 41 -5 24 0 0.00 M M 4.1 14 10 M M 0 20 320
9 57 26 42 -4 23 0 0.00 M M 2.2 12 340 M M 2 17 330
10 67 30 49 2 16 0 0.00 M M 1.2 8 220 M M 0 12 320
11 73 32 53 6 12 0 0.00 M M 7.6 21 260 M M 0 26 230
12 82 54 68 20 0 3 0.00 M M 7.8 23 260 M M 0 32 250
13 90 48 69 21 0 4 0.00 M M 5.2 16 250 M M 0 23 270
14 91 51 71 23 0 6 0.00 M M 1.9 12 240 M M 0 19 240
15 78 53 66 17 0 1 0.16 M M 4.6 17 140 M M 5 13 22 140
16 72 56 64 15 1 0 0.38 M M 3.5 12 140 M M 8 12 16 120
17 64 54 59 9 6 0 0.09 M M 6.8 18 260 M M 10 1 24 250
18 54 42 48 -2 17 0 0.00 M M 12.0 22 250 M M 9 29 250
19 54 36 45 -5 20 0 0.00 M M 9.1 22 260 M M 5 29 260
20 68 35 52 1 13 0 0.00 M M 1.8 10 40 M M 3 13 10
21 73 43 58 7 7 0 0.00 M M 5.8 16 130 M M 2 22 130
22 66 51 59 7 6 0 0.57 M M 8.6 22 120 M M 10 138 32 120
23 60 46 53 1 12 0 0.92 M M 5.0 14 310 M M 9 12 19 310
24 60 36 48 -4 17 0 0.00 M M 3.1 14 330 M M 7 17 310
25 57 32 45 -8 20 0 0.00 M M 2.1 13 300 M M 2 17 310
26 61 30 46 -7 19 0 0.06 M M 3.5 14 260 M M 5 1 19 210
27 60 42 51 -3 14 0 0.19 M M 3.1 12 140 M M 7 12 15 140
28 59 38 49 -5 16 0 T M M 4.8 14 120 M M 4 1 22 130
29 52 45 49 -5 16 0 0.83 M M 6.0 16 110 M M 10 18 21 110
30 58 49 54 0 11 0 1.10 M M 5.0 12 60 M M 10 18 16 110
================================================================================
SM 1958 1219 367 14 4.59 M 162.6 M 140
================================================================================
AV 65.3 40.6 5.4 FASTST M M 5 MAX(MPH)
MISC ----> 32 260 46 250
================================================================================
NOTES:
# LAST OF SEVERAL OCCURRENCES
COLUMN 17 PEAK WIND IN M.P.H.
PRELIMINARY LOCAL CLIMATOLOGICAL DATA (WS FORM: F-6) , PAGE 2
STATION: POUGHKEEPSIE NY
MONTH: APRIL
YEAR: 2023
LATITUDE: 41 37 N
LONGITUDE: 73 53 W
[TEMPERATURE DATA] [PRECIPITATION DATA] SYMBOLS USED IN COLUMN 16
AVERAGE MONTHLY: 53.0 TOTAL FOR MONTH: 4.59 1 = FOG OR MIST
DPTR FM NORMAL: 4.0 DPTR FM NORMAL: 0.97 2 = FOG REDUCING VISIBILITY
HIGHEST: 91 ON 14 GRTST 24HR 1.45 ON 22-23 TO 1/4 MILE OR LESS
LOWEST: 23 ON 3 3 = THUNDER
SNOW, ICE PELLETS, HAIL 4 = ICE PELLETS
TOTAL MONTH: M 5 = HAIL
GRTST 24HR M ON M 6 = FREEZING RAIN OR DRIZZLE
GRTST DEPTH: M ON M 7 = DUSTSTORM OR SANDSTORM:
VSBY 1/2 MILE OR LESS
8 = SMOKE OR HAZE
[NO. OF DAYS WITH] [WEATHER - DAYS WITH] 9 = BLOWING SNOW
X = TORNADO
MAX 32 OR BELOW: 0 0.01 INCH OR MORE: 11
MAX 90 OR ABOVE: 2 0.10 INCH OR MORE: 8
MIN 32 OR BELOW: 8 0.50 INCH OR MORE: 4
MIN 0 OR BELOW: 0 1.00 INCH OR MORE: 1
[HDD (BASE 65) ]
TOTAL THIS MO. 367 CLEAR (SCALE 0-3) 14
DPTR FM NORMAL -117 PTCLDY (SCALE 4-7) 7
TOTAL FM JUL 1 4937 CLOUDY (SCALE 8-10) 9
DPTR FM NORMAL -816
[CDD (BASE 65) ]
TOTAL THIS MO. 14
DPTR FM NORMAL 9 [PRESSURE DATA]
TOTAL FM JAN 1 14 HIGHEST SLP M ON M
DPTR FM NORMAL 9 LOWEST SLP 29.01 ON 30
[REMARKS]
#FINAL-04-23#