000
CXUS51 KALY 010634
CLMPOU
CLIMATE REPORT
NATIONAL WEATHER SERVICE ALBANY NY
234 AM EDT THU JUN 01 2023
...................................
...THE POUGHKEEPSIE NY CLIMATE SUMMARY FOR THE MONTH OF MAY 2023...
CLIMATE NORMAL PERIOD: 1991 TO 2020
CLIMATE RECORD PERIOD: 1931 TO 2023
WEATHER OBSERVED NORMAL DEPART LAST YEAR`S
VALUE DATE(S) VALUE FROM VALUE DATE(S)
NORMAL
................................................................
TEMPERATURE (F)
RECORD
HIGH 98 05/22/1941
05/18/1962
LOW 26 05/01/2008
HIGHEST 86 05/12 93 05/31
LOWEST 30 05/18 33 05/09
AVG. MAXIMUM 72.5 71.3 1.2 73.8
AVG. MINIMUM 43.2 47.7 -4.5 51.2
MEAN 57.9 59.5 -1.6 62.5
DAYS MAX >= 90 0 1.0 -1.0 3
DAYS MAX <= 32 0 0.0 0.0 0
DAYS MIN <= 32 1 0.9 0.1 0
DAYS MIN <= 0 0 0.0 0.0 0
PRECIPITATION (INCHES)
RECORD
MAXIMUM 11.81 1989
MINIMUM 0.94 1964
TOTALS 0.97 3.47 -2.50 3.18
DAILY AVG. 0.03 0.10
DAYS >= .01 7 12.6 -5.6 12
DAYS >= .10 3 6.7 -3.7 10
DAYS >= .50 1 2.3 -1.3 2
DAYS >= 1.00 0 0.7 -0.7 0
GREATEST
24 HR. TOTAL 0.51 05/20 TO 05/20
DEGREE DAYS
HEATING TOTAL 226 206 20 143
SINCE 7/1 5163 5958 -795 5446
COOLING TOTAL 9 35 -26 76
SINCE 1/1 23 40 -17 80
................................................................
WIND (MPH)
AVERAGE WIND SPEED 4.2
HIGHEST WIND SPEED/DIRECTION 26/360 DATE 05/24
HIGHEST GUST SPEED/DIRECTION 36/360 DATE 05/24
SKY COVER
AVERAGE SKY COVER 0.24
AVERAGE RH (PERCENT) 63
WEATHER CONDITIONS. NUMBER OF DAYS WITH
THUNDERSTORM 0 MIXED PRECIP 0
HEAVY RAIN 0 RAIN 1
LIGHT RAIN 8 FREEZING RAIN 0
LT FREEZING RAIN 0 HAIL 0
HEAVY SNOW 0 SNOW 0
LIGHT SNOW 0 SLEET 0
FOG 8 FOG W/VIS <= 1/4 MILE 4
HAZE 3
- INDICATES NEGATIVE NUMBERS.
R INDICATES RECORD WAS SET OR TIED.
MM INDICATES DATA IS MISSING.
T INDICATES TRACE AMOUNT.
$$