000
CXUS51 KALY 011438
CLMPOU
CLIMATE REPORT
NATIONAL WEATHER SERVICE ALBANY NY
938 AM EST THU FEB 01 2024
...................................
...THE POUGHKEEPSIE NY CLIMATE SUMMARY FOR THE MONTH OF JANUARY 2024...
CLIMATE NORMAL PERIOD: 1991 TO 2020
CLIMATE RECORD PERIOD: 1931 TO 2024
WEATHER OBSERVED NORMAL DEPART LAST YEAR`S
VALUE DATE(S) VALUE FROM VALUE DATE(S)
NORMAL
................................................................
TEMPERATURE (F)
RECORD
HIGH 70 01/06/2007
LOW -30 01/21/1961
HIGHEST 59 01/13 56 01/13
LOWEST 1 01/21 19 01/17
AVG. MAXIMUM 38.3 36.0 2.3 44.0
AVG. MINIMUM 23.5 18.2 5.3 30.0
MEAN 30.9 27.1 3.8 37.0
DAYS MAX >= 90 0 0.0 0.0 0
DAYS MAX <= 32 7 11.0 -4.0 0
DAYS MIN <= 32 23 28.2 -5.2 19
DAYS MIN <= 0 0 2.2 -2.2 0
PRECIPITATION (INCHES)
RECORD
MAXIMUM 8.30 1979
MINIMUM 0.43 1970
TOTALS 5.28 2.82 2.46 3.37
DAILY AVG. 0.17 0.11
DAYS >= .01 13 9.5 3.5 14
DAYS >= .10 10 5.3 4.7 9
DAYS >= .50 3 1.6 1.4 2
DAYS >= 1.00 1 0.3 0.7 0
GREATEST
24 HR. TOTAL 2.05 01/09 TO 01/10
DEGREE DAYS
HEATING TOTAL 1050 1175 -125 861
SINCE 7/1 2975 3412 -437 2905
COOLING TOTAL 0 0 0 0
SINCE 1/1 0 0 0 0
................................................................
WIND (MPH)
AVERAGE WIND SPEED 4.8
HIGHEST WIND SPEED/DIRECTION 31/120 DATE 01/13
31/260 01/14
HIGHEST GUST SPEED/DIRECTION 55/240 DATE 01/14
SKY COVER
AVERAGE SKY COVER 0.63
AVERAGE RH (PERCENT) 74
WEATHER CONDITIONS. NUMBER OF DAYS WITH
THUNDERSTORM 0 MIXED PRECIP 0
HEAVY RAIN 0 RAIN 4
LIGHT RAIN 8 FREEZING RAIN 0
LT FREEZING RAIN 0 HAIL 0
HEAVY SNOW 2 SNOW 3
LIGHT SNOW 10 SLEET 0
FOG 18 FOG W/VIS <= 1/4 MILE 5
HAZE 8
- INDICATES NEGATIVE NUMBERS.
R INDICATES RECORD WAS SET OR TIED.
MM INDICATES DATA IS MISSING.
T INDICATES TRACE AMOUNT.
$$