000
CXUS51 KALY 010815
CLMPOU
CLIMATE REPORT
NATIONAL WEATHER SERVICE ALBANY NY
415 AM EDT SUN OCT 01 2023
...................................
...THE POUGHKEEPSIE NY CLIMATE SUMMARY FOR THE MONTH OF SEPTEMBER 2023...
CLIMATE NORMAL PERIOD: 1991 TO 2020
CLIMATE RECORD PERIOD: 1931 TO 2023
WEATHER OBSERVED NORMAL DEPART LAST YEAR`S
VALUE DATE(S) VALUE FROM VALUE DATE(S)
NORMAL
................................................................
TEMPERATURE (F)
RECORD
HIGH 101 09/02/1953
LOW 26 09/24/1963
HIGHEST 93 09/07 90 09/04
LOWEST 40 09/27 37 09/24
AVG. MAXIMUM 75.1 75.3 -0.2 75.7
AVG. MINIMUM 55.4 52.5 2.9 53.8
MEAN 65.3 63.9 1.3 64.7
DAYS MAX >= 90 2 1.2 0.8 1
DAYS MAX <= 32 0 0.0 0.0 0
DAYS MIN <= 32 0 0.2 -0.2 0
DAYS MIN <= 0 0 0.0 0.0 0
PRECIPITATION (INCHES)
RECORD
MAXIMUM 10.10 2011
MINIMUM 0.46 1986
TOTALS 7.66 4.33 3.33 4.70
DAILY AVG. 0.26 0.16
DAYS >= .01 14 10.5 3.5 10
DAYS >= .10 12 5.9 6.1 5
DAYS >= .50 4 2.3 1.7 3
DAYS >= 1.00 3 1.1 1.9 3
GREATEST
24 HR. TOTAL 2.26 09/24 TO 09/25
DEGREE DAYS
HEATING TOTAL 108 107 1 88
SINCE 7/1 110 117 -7 MM
COOLING TOTAL 123 74 49 88
SINCE 1/1 757 738 19 MM
................................................................
WIND (MPH)
AVERAGE WIND SPEED 3.5
HIGHEST WIND SPEED/DIRECTION 36/290 DATE 09/07
HIGHEST GUST SPEED/DIRECTION 45/280 DATE 09/07
SKY COVER
AVERAGE SKY COVER 0.41
AVERAGE RH (PERCENT) 78
WEATHER CONDITIONS. NUMBER OF DAYS WITH
THUNDERSTORM 5 MIXED PRECIP 0
HEAVY RAIN 7 RAIN 8
LIGHT RAIN 16 FREEZING RAIN 0
LT FREEZING RAIN 0 HAIL 0
HEAVY SNOW 0 SNOW 0
LIGHT SNOW 0 SLEET 0
FOG 25 FOG W/VIS <= 1/4 MILE 6
HAZE 0
- INDICATES NEGATIVE NUMBERS.
R INDICATES RECORD WAS SET OR TIED.
MM INDICATES DATA IS MISSING.
T INDICATES TRACE AMOUNT.
$$