342
CXUS54 KFWD 010731
CF6PRX
PRELIMINARY LOCAL CLIMATOLOGICAL DATA (WS FORM: F-6)
STATION: PARIS
MONTH: MAY
YEAR: 2020
LATITUDE: 33 37 N
LONGITUDE: 95 27 W
TEMPERATURE IN F: :PCPN: SNOW: WIND :SUNSHINE: SKY :PK WND
================================================================================
1 2 3 4 5 6A 6B 7 8 9 10 11 12 13 14 15 16 17 18
12Z AVG MX 2MIN
DY MAX MIN AVG DEP HDD CDD WTR SNW DPTH SPD SPD DIR MIN PSBL S-S WX SPD DR
================================================================================
1 84 54 69 1 0 4 0.00 0.0 0 10.8 20 170 M M 0 27 170
2 84 62 73 5 0 8 0.00 0.0 0 13.3 21 180 M M 0 31 160
3 86 67 77 8 0 12 0.00 0.0 0 9.9 18 180 M M 3 18 M M
4 87 67 77 8 0 12 0.00 0.0 0 12.7 22 170 M M 2 8 30 180
5 78 56 67 -2 0 2 0.07 0.0 M 10.0 18 360 M M 3 3 27 360
6 74 52 63 -7 2 0 0.00 0.0 0 5.6 13 30 M M 0 8 16 40
7 79 54 67 -3 0 2 0.00 0.0 0 12.0 21 140 M M 2 30 150
8 72 53 63 -7 2 0 1.08 0.0 0 13.6 23 350 M M 5 13 35 350
9 69 48 59 -11 6 0 0.00 0.0 0 8.0 15 90 M M 0 21 80
10 75 48 62 -9 3 0 T 0.0 0 3.7 9 30 M M 2 M M
11 74 52 63 -8 2 0 0.00 0.0 0 9.8 14 100 M M 2 M M
12 66 52 59 -12 6 0 1.20 0.0 0 11.6 18 110 M M 7 13 22 110
13 84 59 72 0 0 7 0.00 0.0 0 10.3 17 140 M M 6 27 140
14 87 66 77 5 0 12 0.00 0.0 0 11.5 20 130 M M 5 24 130
15 M M M M M M 0.11 M 0 10.8 15 170 M M 7 13 M M
16 73 63 68 -4 0 3 1.56 0.0 0 12.1 21 10 M M 9 123 35 10
17 81 63 72 -1 0 7 0.12 0.0 0 12.2 20 340 M M 5 25 340
18 83 57 70 -3 0 5 0.00 0.0 0 4.2 8 290 M M 0 M M
19 81 63 72 -1 0 7 0.00 0.0 0 7.9 13 80 M M 1 M M
20 77 65 71 -3 0 6 T 0.0 0 9.2 14 90 M M 10 M M
21 79 67 73 -1 0 8 T 0.0 0 9.4 14 100 M M 9 1 M M
22 88 68 78 4 0 13 0.00 0.0 0 10.2 16 200 M M 5 23 200
23 87 65 76 2 0 11 0.74 0.0 0 12.3 22 160 M M 5 13 36 170
24 86 64 75 0 0 10 1.49 0.0 0 9.4 13 80 M M 7 138 18 160
25 76 65 71 -4 0 6 0.93 0.0 0 10.7 21 340 M M 10 138 28 340
26 72 61 67 -8 0 2 0.00 0.0 0 7.3 12 250 M M 8 M M
27 77 59 68 -8 0 3 T 0.0 0 4.5 8 350 M M 4 3 M M
28 80 65 73 -3 0 8 0.06 0.0 0 6.7 15 330 M M 5 18 330
29 84 63 74 -2 0 9 0.00 0.0 0 9.2 14 10 M M 0 22 360
30 84 61 73 -3 0 8 0.00 0.0 0 6.7 12 100 M M 0 8 M M
31 83 62 73 -4 0 8 0.00 0.0 0 7.5 12 110 M M 0 16 100
================================================================================
SM 2390 1801 21 173 7.36 0.0 293.1 M 122
================================================================================
AV 79.7 60.0 9.5 FASTST M M 4 MAX(MPH)
MISC ----> # 23 350 # 36 170
================================================================================
NOTES:
# LAST OF SEVERAL OCCURRENCES
COLUMN 17 PEAK WIND IN M.P.H.
PRELIMINARY LOCAL CLIMATOLOGICAL DATA (WS FORM: F-6) , PAGE 2
STATION: PARIS
MONTH: MAY
YEAR: 2020
LATITUDE: 33 37 N
LONGITUDE: 95 27 W
[TEMPERATURE DATA] [PRECIPITATION DATA] SYMBOLS USED IN COLUMN 16
AVERAGE MONTHLY: 69.9 TOTAL FOR MONTH: 7.36 1 = FOG OR MIST
DPTR FM NORMAL: -2.5 DPTR FM NORMAL: 1.80 2 = FOG REDUCING VISIBILITY
HIGHEST: 88 ON 22 GRTST 24HR 1.56 ON 16-16 TO 1/4 MILE OR LESS
LOWEST: 48 ON 10, 9 3 = THUNDER
SNOW, ICE PELLETS, HAIL 4 = ICE PELLETS
TOTAL MONTH: 0.0 INCH 5 = HAIL
GRTST 24HR 0.0 6 = FREEZING RAIN OR DRIZZLE
GRTST DEPTH: 0 7 = DUSTSTORM OR SANDSTORM:
VSBY 1/2 MILE OR LESS
8 = SMOKE OR HAZE
[NO. OF DAYS WITH] [WEATHER - DAYS WITH] 9 = BLOWING SNOW
X = TORNADO
MAX 32 OR BELOW: 0 0.01 INCH OR MORE: 10
MAX 90 OR ABOVE: 0 0.10 INCH OR MORE: 8
MIN 32 OR BELOW: 0 0.50 INCH OR MORE: 6
MIN 0 OR BELOW: 0 1.00 INCH OR MORE: 4
[HDD (BASE 65) ]
TOTAL THIS MO. 21 CLEAR (SCALE 0-3) 14
DPTR FM NORMAL 3 PTCLDY (SCALE 4-7) 13
TOTAL FM JUL 1 2550 CLOUDY (SCALE 8-10) 4
DPTR FM NORMAL -140
[CDD (BASE 65) ]
TOTAL THIS MO. 173
DPTR FM NORMAL -73 [PRESSURE DATA]
TOTAL FM JAN 1 271 HIGHEST SLP 30.35 ON 11
DPTR FM NORMAL -86 LOWEST SLP 29.67 ON 8
[REMARKS]
#FINAL-05-20#