000
CXUS55 KALY 010710
CF6PSF
PRELIMINARY LOCAL CLIMATOLOGICAL DATA (WS FORM: F-6)
STATION: PITTSFIELD MA
MONTH: APRIL
YEAR: 2022
LATITUDE: 42 25 N
LONGITUDE: 73 18 W
TEMPERATURE IN F: :PCPN: SNOW: WIND :SUNSHINE: SKY :PK WND
================================================================================
1 2 3 4 5 6A 6B 7 8 9 10 11 12 13 14 15 16 17 18
12Z AVG MX 2MIN
DY MAX MIN AVG DEP HDD CDD WTR SNW DPTH SPD SPD DIR MIN PSBL S-S WX SPD DR
================================================================================
1 54 32 43 5 22 0 0.35 M M 12.7 30 300 M M 10 1 43 280
2 46 30 38 -1 27 0 0.00 M M 10.5 23 310 M M 4 35 290
3 46 27 37 -2 28 0 0.14 M M 3.7 14 130 M M 7 1 17 130
4 49 33 41 1 24 0 0.04 M M 10.4 21 290 M M 6 1 27 290
5 58 26 42 2 23 0 T M M 2.8 15 260 M M 2 20 260
6 52 39 46 6 19 0 T M M 7.7 16 50 M M 9 24 130
7 46 40 43 2 22 0 0.97 M M 9.4 21 60 M M 10 1 29 50
8 54 34 44 3 21 0 0.50 M M 5.1 16 280 M M 7 1 23 250
9 47 33 40 -2 25 0 0.19 M M 5.2 18 300 M M 7 1 23 310
10 44 33 39 -3 26 0 T M M 12.4 22 290 M M 7 30 290
11 59 30 45 2 20 0 0.07 M M 6.1 15 300 M M 1 20 310
12 63 40 52 9 13 0 0.19 M M 7.7 24 280 M M 5 1 31 270
13 74 33 54 11 11 0 T M M 5.0 20 210 M M 3 8 26 210
14 75 48 62 18 3 0 0.24 M M 6.7 21 320 M M 5 13 30 330
15 63 35 49 5 16 0 0.00 M M 11.2 23 240 M M 2 33 230
16 61 35 48 3 17 0 0.59 M M 8.7 23 210 M M 7 1 34 230
17 42 31 37 -8 28 0 0.02 M M 12.2 26 290 M M 6 18 35 300
18 54 27 41 -5 24 0 0.10 M M 8.1 25 140 M M 3 1 33 120
19 40 33 37 -9 28 0 0.79 M M 11.5 23 260 M M 10 18 30 270
20 48 29 39 -7 26 0 0.00 M M 13.3 31 280 M M 4 42 290
21 56 26 41 -6 24 0 T M M 8.6 24 170 M M 4 34 150
22 56 38 47 0 18 0 T M M 9.9 24 300 M M 2 35 310
23 58 28 43 -5 22 0 T M M 4.0 14 290 M M 4 17 300
24 64 44 54 6 11 0 T M M 5.8 16 120 M M 5 20 120
25 66 38 52 3 13 0 0.00 M M 6.8 18 140 M M 3 26 130
26 54 43 49 0 16 0 0.44 M M 3.9 20 280 M M 10 1 27 280
27 48 35 42 -7 23 0 0.01 M M 14.7 28 270 M M 9 1 37 300
28 50 33 42 -8 23 0 0.00 M M 15.0 25 320 M M 5 39 310
29 55 29 42 -8 23 0 0.00 M M 10.4 25 330 M M 0 38 330
30 59 31 45 -6 20 0 0.00 M M 6.3 18 10 M M 0 26 310
================================================================================
SM 1641 1013 616 0 4.64 M 255.8 M 157
================================================================================
AV 54.7 33.8 8.5 FASTST M M 5 MAX(MPH)
MISC ----> 31 280 43 280
================================================================================
NOTES:
# LAST OF SEVERAL OCCURRENCES
COLUMN 17 PEAK WIND IN M.P.H.
PRELIMINARY LOCAL CLIMATOLOGICAL DATA (WS FORM: F-6) , PAGE 2
STATION: PITTSFIELD MA
MONTH: APRIL
YEAR: 2022
LATITUDE: 42 25 N
LONGITUDE: 73 18 W
[TEMPERATURE DATA] [PRECIPITATION DATA] SYMBOLS USED IN COLUMN 16
AVERAGE MONTHLY: 44.2 TOTAL FOR MONTH: 4.64 1 = FOG OR MIST
DPTR FM NORMAL: -0.3 DPTR FM NORMAL: 1.26 2 = FOG REDUCING VISIBILITY
HIGHEST: 75 ON 14 GRTST 24HR 1.47 ON 31- 1 TO 1/4 MILE OR LESS
LOWEST: 26 ON 21, 5 3 = THUNDER
SNOW, ICE PELLETS, HAIL 4 = ICE PELLETS
TOTAL MONTH: M 5 = HAIL
GRTST 24HR M ON M 6 = FREEZING RAIN OR DRIZZLE
GRTST DEPTH: M ON M 7 = DUSTSTORM OR SANDSTORM:
VSBY 1/2 MILE OR LESS
8 = SMOKE OR HAZE
[NO. OF DAYS WITH] [WEATHER - DAYS WITH] 9 = BLOWING SNOW
X = TORNADO
MAX 32 OR BELOW: 0 0.01 INCH OR MORE: 15
MAX 90 OR ABOVE: 0 0.10 INCH OR MORE: 11
MIN 32 OR BELOW: 12 0.50 INCH OR MORE: 4
MIN 0 OR BELOW: 0 1.00 INCH OR MORE: 0
[HDD (BASE 65) ]
TOTAL THIS MO. 616 CLEAR (SCALE 0-3) 8
DPTR FM NORMAL -1 PTCLDY (SCALE 4-7) 16
TOTAL FM JUL 1 6408 CLOUDY (SCALE 8-10) 6
DPTR FM NORMAL -419
[CDD (BASE 65) ]
TOTAL THIS MO. 0
DPTR FM NORMAL -2 [PRESSURE DATA]
TOTAL FM JAN 1 0 HIGHEST SLP M ON M
DPTR FM NORMAL -2 LOWEST SLP 29.40 ON 1
[REMARKS]
#FINAL-04-22#