000
CXUS55 KALY 010810
CF6PSF
PRELIMINARY LOCAL CLIMATOLOGICAL DATA (WS FORM: F-6)
STATION: PITTSFIELD MA
MONTH: FEBRUARY
YEAR: 2021
LATITUDE: 42 25 N
LONGITUDE: 73 18 W
TEMPERATURE IN F: :PCPN: SNOW: WIND :SUNSHINE: SKY :PK WND
================================================================================
1 2 3 4 5 6A 6B 7 8 9 10 11 12 13 14 15 16 17 18
12Z AVG MX 2MIN
DY MAX MIN AVG DEP HDD CDD WTR SNW DPTH SPD SPD DIR MIN PSBL S-S WX SPD DR
================================================================================
1 28 17 23 2 42 0 0.23 M M 12.5 22 40 M M 10 12 30 60
2 32 22 27 6 38 0 0.05 M M 9.8 23 50 M M 10 18 31 50
3 29 23 26 5 39 0 0.01 M M 10.2 18 280 M M 10 18 28 310
4 33 16 25 3 40 0 T M M 6.4 16 270 M M 6 19 270
5 36 13 25 3 40 0 T M M 4.7 17 180 M M 6 1 28 190
6 35 16 26 4 39 0 0.00 M M 9.7 29 240 M M 4 35 250
7 27 12 20 -2 45 0 0.04 M M 5.1 22 300 M M 7 18 32 300
8 22 6 14 -8 51 0 0.00 M M 6.0 24 300 M M 1 8 34 300
9 25 12 19 -3 46 0 0.26 M M 2.9 15 290 M M 10 128 20 300
10 25 12 19 -4 46 0 T M M 6.2 18 280 M M 7 18 23 310
11 25 11 18 -5 47 0 T M M 7.0 20 290 M M 7 24 300
12 18 0 9 -14 56 0 0.00 M M 6.0 15 290 M M 6 20 300
13 25 6 16 -7 49 0 0.00 M M 3.2 9 240 M M 4 12 270
14 29 21 25 1 40 0 T M M 4.1 13 310 M M 9 8 16 300
15 28 19 24 0 41 0 0.05 M M 2.5 8 80 M M 9 18 12 120
16 41 20 31 7 34 0 0.75 M M 9.9 24 280 M M 10 16 34 290
17 22 13 18 -6 47 0 T M M 9.7 23 270 M M 3 18 35 320
18 23 18 21 -3 44 0 T M M 3.6 10 130 M M 10 18 13 110
19 29 21 25 0 40 0 0.07 M M 5.5 12 310 M M 10 1 15 300
20 27 17 22 -3 43 0 T M M 12.9 25 290 M M 8 33 280
21 27 8 18 -7 47 0 0.00 M M 6.9 16 290 M M 1 21 10
22 32 7 20 -5 45 0 0.20 M M 5.3 18 190 M M 8 128 29 180
23 37 30 34 8 31 0 0.02 M M 10.2 28 290 M M 9 18 41 290
24 46 31 39 13 26 0 0.00 M M 11.2 24 290 M M 5 32 290
25 44 24 34 8 31 0 0.00 M M 17.3 33 290 M M 5 45 290
26 35 21 28 2 37 0 T M M 5.7 14 160 M M 3 19 160
27 43 26 35 8 30 0 0.09 M M 10.4 25 300 M M 7 12 36 310
28 42 30 36 9 29 0 0.00 M M 6.5 18 130 M M 4 18 32 150
================================================================================
SM 865 472 1143 0 1.77 M 211.4 M 189
================================================================================
AV 30.9 16.9 7.5 FASTST M M 7 MAX(MPH)
MISC ----> 33 290 45 290
================================================================================
NOTES:
# LAST OF SEVERAL OCCURRENCES
COLUMN 17 PEAK WIND IN M.P.H.
PRELIMINARY LOCAL CLIMATOLOGICAL DATA (WS FORM: F-6) , PAGE 2
STATION: PITTSFIELD MA
MONTH: FEBRUARY
YEAR: 2021
LATITUDE: 42 25 N
LONGITUDE: 73 18 W
[TEMPERATURE DATA] [PRECIPITATION DATA] SYMBOLS USED IN COLUMN 16
AVERAGE MONTHLY: 23.9 TOTAL FOR MONTH: 1.77 1 = FOG OR MIST
DPTR FM NORMAL: 0.1 DPTR FM NORMAL: -0.91 2 = FOG REDUCING VISIBILITY
HIGHEST: 46 ON 24 GRTST 24HR 0.77 ON 15-16 TO 1/4 MILE OR LESS
LOWEST: 0 ON 12 3 = THUNDER
SNOW, ICE PELLETS, HAIL 4 = ICE PELLETS
TOTAL MONTH: M 5 = HAIL
GRTST 24HR M ON M 6 = FREEZING RAIN OR DRIZZLE
GRTST DEPTH: M ON M 7 = DUSTSTORM OR SANDSTORM:
VSBY 1/2 MILE OR LESS
8 = SMOKE OR HAZE
[NO. OF DAYS WITH] [WEATHER - DAYS WITH] 9 = BLOWING SNOW
X = TORNADO
MAX 32 OR BELOW: 18 0.01 INCH OR MORE: 11
MAX 90 OR ABOVE: 0 0.10 INCH OR MORE: 4
MIN 32 OR BELOW: 28 0.50 INCH OR MORE: 1
MIN 0 OR BELOW: 1 1.00 INCH OR MORE: 0
[HDD (BASE 65) ]
TOTAL THIS MO. 1143 CLEAR (SCALE 0-3) 3
DPTR FM NORMAL -12 PTCLDY (SCALE 4-7) 15
TOTAL FM JUL 1 4767 CLOUDY (SCALE 8-10) 10
DPTR FM NORMAL -614
[CDD (BASE 65) ]
TOTAL THIS MO. 0
DPTR FM NORMAL 0 [PRESSURE DATA]
TOTAL FM JAN 1 0 HIGHEST SLP 30.49 ON 18
DPTR FM NORMAL 0 LOWEST SLP 29.38 ON 3
[REMARKS]
#FINAL-02-21#