000
CXUS55 KALY 010710
CF6PSF
PRELIMINARY LOCAL CLIMATOLOGICAL DATA (WS FORM: F-6)
STATION: PITTSFIELD MA
MONTH: OCTOBER
YEAR: 2023
LATITUDE: 42 25 N
LONGITUDE: 73 18 W
TEMPERATURE IN F: :PCPN: SNOW: WIND :SUNSHINE: SKY :PK WND
================================================================================
1 2 3 4 5 6A 6B 7 8 9 10 11 12 13 14 15 16 17 18
12Z AVG MX 2MIN
DY MAX MIN AVG DEP HDD CDD WTR SNW DPTH SPD SPD DIR MIN PSBL S-S WX SPD DR
================================================================================
1 75 49 62 8 3 0 0.00 M M 3.0 14 300 M M 4 12 20 300
2 74 49 62 8 3 0 0.00 M M 2.2 12 310 M M 1 1 16 290
3 78 45 62 9 3 0 0.00 M M 2.3 10 270 M M 3 12 14 280
4 83 52 68 15 0 3 0.00 M M 2.1 9 190 M M 4 12 14 210
5 78 53 66 14 0 1 0.00 M M 4.6 14 150 M M 4 128 19 170
6 68 53 61 9 4 0 0.04 M M 6.1 18 140 M M 8 1 26 140
7 70 48 59 7 6 0 1.47 M M 9.2 21 300 M M 9 12 33 310
8 60 43 52 1 13 0 T M M 9.9 22 250 M M 6 31 250
9 57 35 46 -5 19 0 T M M 4.8 16 210 M M 4 12 26 210
10 59 39 49 -1 16 0 0.00 M M 3.3 15 210 M M 8 23 190
11 62 44 53 3 12 0 T M M 3.3 16 200 M M 8 24 170
12 64 41 53 3 12 0 0.00 M M 3.4 15 290 M M 5 1 19 250
13 59 40 50 1 15 0 0.00 M M 7.1 17 300 M M 1 25 270
14 53 40 47 -2 18 0 0.00 M M 2.6 9 270 M M 6 13 260
15 54 38 46 -3 19 0 T M M 6.7 16 330 M M 8 23 330
16 56 44 50 2 15 0 0.01 M M 7.1 15 350 M M 9 18 24 360
17 59 39 49 1 16 0 0.00 M M 2.7 14 290 M M 8 12 18 350
18 57 46 52 4 13 0 0.00 M M 1.0 6 330 M M 10 9 260
19 61 41 51 4 14 0 0.00 M M 5.0 20 200 M M 7 12 32 210
20 58 53 56 9 9 0 0.97 M M 6.1 15 140 M M 9 1 24 150
21 57 49 53 7 12 0 1.82 M M 11.2 28 280 M M 10 13 39 290
22 50 39 45 -1 20 0 0.02 M M 13.0 26 290 M M 10 18 40 260
23 52 33 43 -3 22 0 0.00 M M 7.7 18 290 M M 7 1 24 290
24 60 31 46 0 19 0 0.00 M M 2.9 14 220 M M 4 12 20 250
25 77 37 57 12 8 0 0.00 M M 2.2 9 260 M M 0 8 12 260
26 73 49 61 16 4 0 0.00 M M 2.0 13 280 M M 3 17 270
27 75 50 63 19 2 0 0.00 M M 3.3 15 260 M M 0 1 19 270
28 73 46 60 16 5 0 0.00 M M 7.8 26 300 M M 2 1 35 280
29 48 41 45 1 20 0 0.42 M M 5.0 10 50 M M 8 1 14 40
30 48 39 44 1 21 0 0.56 M M 6.8 18 290 M M 10 1 29 270
31 45 29 37 -6 28 0 0.00 M M 3.7 13 300 M M 6 16 300
================================================================================
SM 1943 1335 371 4 5.31 M 158.1 M 182
================================================================================
AV 62.7 43.1 5.1 FASTST M M 6 MAX(MPH)
MISC ----> 28 280 40 260
================================================================================
NOTES:
# LAST OF SEVERAL OCCURRENCES
COLUMN 17 PEAK WIND IN M.P.H.
PRELIMINARY LOCAL CLIMATOLOGICAL DATA (WS FORM: F-6) , PAGE 2
STATION: PITTSFIELD MA
MONTH: OCTOBER
YEAR: 2023
LATITUDE: 42 25 N
LONGITUDE: 73 18 W
[TEMPERATURE DATA] [PRECIPITATION DATA] SYMBOLS USED IN COLUMN 16
AVERAGE MONTHLY: 52.9 TOTAL FOR MONTH: 5.31 1 = FOG OR MIST
DPTR FM NORMAL: 4.5 DPTR FM NORMAL: 0.75 2 = FOG REDUCING VISIBILITY
HIGHEST: 83 ON 4 GRTST 24HR 2.58 ON 20-21 TO 1/4 MILE OR LESS
LOWEST: 29 ON 31 3 = THUNDER
SNOW, ICE PELLETS, HAIL 4 = ICE PELLETS
TOTAL MONTH: M 5 = HAIL
GRTST 24HR M ON M 6 = FREEZING RAIN OR DRIZZLE
GRTST DEPTH: M ON M 7 = DUSTSTORM OR SANDSTORM:
VSBY 1/2 MILE OR LESS
8 = SMOKE OR HAZE
[NO. OF DAYS WITH] [WEATHER - DAYS WITH] 9 = BLOWING SNOW
X = TORNADO
MAX 32 OR BELOW: 0 0.01 INCH OR MORE: 8
MAX 90 OR ABOVE: 0 0.10 INCH OR MORE: 5
MIN 32 OR BELOW: 2 0.50 INCH OR MORE: 4
MIN 0 OR BELOW: 0 1.00 INCH OR MORE: 2
[HDD (BASE 65) ]
TOTAL THIS MO. 371 CLEAR (SCALE 0-3) 6
DPTR FM NORMAL -145 PTCLDY (SCALE 4-7) 17
TOTAL FM JUL 1 571 CLOUDY (SCALE 8-10) 8
DPTR FM NORMAL -196
[CDD (BASE 65) ]
TOTAL THIS MO. 4
DPTR FM NORMAL 2 [PRESSURE DATA]
TOTAL FM JAN 1 421 HIGHEST SLP M ON M
DPTR FM NORMAL 76 LOWEST SLP 29.15 ON 21
[REMARKS]
#FINAL-10-23#