000
CXUS56 KSGX 011245
CF6RAL
PRELIMINARY LOCAL CLIMATOLOGICAL DATA (WS FORM: F-6)
STATION: RIVERSIDE MUNI AIRPORT CA
MONTH: NOVEMBER
YEAR: 2020
LATITUDE: 33 57 N
LONGITUDE: 117 27 W
TEMPERATURE IN F: :PCPN: SNOW: WIND :SUNSHINE: SKY :PK WND
================================================================================
1 2 3 4 5 6A 6B 7 8 9 10 11 12 13 14 15 16 17 18
12Z AVG MX 2MIN
DY MAX MIN AVG DEP HDD CDD WTR SNW DPTH SPD SPD DIR MIN PSBL S-S WX SPD DR
================================================================================
1 91 53 72 8 0 7 0.00 0.0 0 4.6 15 270 M M 1 18 270
2 88 56 72 8 0 7 0.00 0.0 0 3.5 16 270 M M 0 19 270
3 83 53 68 4 0 3 0.00 0.0 0 3.0 14 270 M M 0 8 16 270
4 96 52 74 10 0 9 0.00 0.0 0 3.0 13 270 M M 0 16 270
5 95 56 76 13 0 11 0.00 0.0 0 3.8 12 30 M M 0 18 30
6 82 54 68 5 0 3 0.01 0.0 0 5.7 22 260 M M 2 1 25 260
7 56 48 52 -11 13 0 0.15 M 0 7.7 23 240 M M 6 3 26 230
8 59 47 53 -9 12 0 T M 0 11.0 29 240 M M 7 39 240
9 62 40 51 -11 14 0 0.00 0.0 0 3.2 9 50 M M 0 12 30
10 69 40 55 -7 10 0 0.00 0.0 0 3.7 15 270 M M 0 18 270
11 70 39 55 -7 10 0 0.00 0.0 0 3.6 10 270 M M 0 14 260
12 72 41 57 -4 8 0 0.00 0.0 0 3.2 9 280 M M 0 14 270
13 70 41 56 -5 9 0 0.00 0.0 0 3.6 15 270 M M 0 18 270
14 72 45 59 -2 6 0 0.00 0.0 0 2.8 10 40 M M 0 14 270
15 87 46 67 7 0 2 0.00 0.0 0 3.8 9 110 M M 0 10 40
16 93 54 74 14 0 9 0.00 0.0 0 5.5 13 100 M M 0 18 30
17 83 49 66 6 0 1 0.00 0.0 0 3.7 12 270 M M 0 15 250
18 70 46 58 -2 7 0 0.00 0.0 0 4.2 14 270 M M 0 18 280
19 73 46 60 1 5 0 0.00 0.0 0 2.4 8 270 M M 0 1 14 280
20 80 48 64 5 1 0 0.00 0.0 0 3.0 12 270 M M 0 13 280
21 83 50 67 8 0 2 0.00 0.0 0 2.0 12 360 M M 0 18 30
22 79 49 64 6 1 0 0.00 0.0 0 3.3 16 270 M M 0 20 270
23 65 45 55 -3 10 0 0.00 0.0 0 3.0 14 270 M M 0 16 270
24 74 47 61 3 4 0 0.00 0.0 0 3.3 13 270 M M 2 18 16 270
25 69 43 56 -2 9 0 0.00 0.0 0 3.6 9 260 M M 0 18 14 270
26 67 46 57 0 8 0 0.00 0.0 0 8.5 23 10 M M 3 18 39 10
27 69 48 59 2 6 0 0.00 0.0 0 11.5 23 360 M M 0 35 360
28 75 40 58 1 7 0 0.00 0.0 0 6.2 12 30 M M 0 8 16 10
29 80 39 60 3 5 0 0.00 0.0 0 5.2 13 10 M M 0 8 20 360
30 82 45 64 8 1 0 0.00 0.0 0 4.5 10 30 M M 0 17 30
================================================================================
SM 2294 1406 146 54 0.16 0.0 136.1 M 21
================================================================================
AV 76.5 46.9 4.5 FASTST M M 1 MAX(MPH)
MISC ----> # 29 240 # 39 240
================================================================================
NOTES:
# LAST OF SEVERAL OCCURRENCES
COLUMN 17 PEAK WIND IN M.P.H.
PRELIMINARY LOCAL CLIMATOLOGICAL DATA (WS FORM: F-6) , PAGE 2
STATION: RIVERSIDE MUNI AIRPORT CA
MONTH: NOVEMBER
YEAR: 2020
LATITUDE: 33 57 N
LONGITUDE: 117 27 W
[TEMPERATURE DATA] [PRECIPITATION DATA] SYMBOLS USED IN COLUMN 16
AVERAGE MONTHLY: 61.7 TOTAL FOR MONTH: 0.16 1 = FOG OR MIST
DPTR FM NORMAL: 1.4 DPTR FM NORMAL: -0.84 2 = FOG REDUCING VISIBILITY
HIGHEST: 96 ON 4 GRTST 24HR 0.15 ON 7- 7 TO 1/4 MILE OR LESS
LOWEST: 39 ON 29,11 3 = THUNDER
SNOW, ICE PELLETS, HAIL 4 = ICE PELLETS
TOTAL MONTH: 0.0 INCH 5 = HAIL
GRTST 24HR 0.0 6 = FREEZING RAIN OR DRIZZLE
GRTST DEPTH: 0 7 = DUSTSTORM OR SANDSTORM:
VSBY 1/2 MILE OR LESS
8 = SMOKE OR HAZE
[NO. OF DAYS WITH] [WEATHER - DAYS WITH] 9 = BLOWING SNOW
X = TORNADO
MAX 32 OR BELOW: 0 0.01 INCH OR MORE: 2
MAX 90 OR ABOVE: 4 0.10 INCH OR MORE: 1
MIN 32 OR BELOW: 0 0.50 INCH OR MORE: 0
MIN 0 OR BELOW: 0 1.00 INCH OR MORE: 0
[HDD (BASE 65) ]
TOTAL THIS MO. 146 CLEAR (SCALE 0-3) 28
DPTR FM NORMAL -19 PTCLDY (SCALE 4-7) 2
TOTAL FM JUL 1 153 CLOUDY (SCALE 8-10) 0
DPTR FM NORMAL -47
[CDD (BASE 65) ]
TOTAL THIS MO. 54
DPTR FM NORMAL 29 [PRESSURE DATA]
TOTAL FM JAN 1 2349 HIGHEST SLP 30.29 ON 27
DPTR FM NORMAL 595 LOWEST SLP 29.52 ON 6
[REMARKS]
#FINAL-11-20#