000
CXUS56 KSGX 011045
CF6RAL
PRELIMINARY LOCAL CLIMATOLOGICAL DATA (WS FORM: F-6)
STATION: RIVERSIDE MUNI AIRPORT CA
MONTH: JULY
YEAR: 2023
LATITUDE: 33 57 N
LONGITUDE: 117 27 W
TEMPERATURE IN F: :PCPN: SNOW: WIND :SUNSHINE: SKY :PK WND
================================================================================
1 2 3 4 5 6A 6B 7 8 9 10 11 12 13 14 15 16 17 18
12Z AVG MX 2MIN
DY MAX MIN AVG DEP HDD CDD WTR SNW DPTH SPD SPD DIR MIN PSBL S-S WX SPD DR
================================================================================
1 96 59 78 2 0 13 0.00 M M 6.0 18 270 M M 0 22 260
2 97 62 80 3 0 15 0.00 M M 5.2 16 260 M M 0 8 20 270
3 95 62 79 2 0 14 0.00 M M 4.4 18 260 M M 0 24 270
4 93 59 76 -1 0 11 0.00 M M 6.3 17 270 M M 0 18 22 250
5 93 56 75 -2 0 10 0.00 M M 6.4 20 270 M M 2 18 24 270
6 87 56 72 -6 0 7 0.00 M M 6.7 20 270 M M 0 8 25 280
7 88 56 72 -6 0 7 0.00 M M 5.8 17 260 M M 2 18 22 250
8 88 58 73 -5 0 8 0.00 M M 6.0 18 260 M M 1 18 24 270
9 89 57 73 -5 0 8 0.00 M M 5.8 17 270 M M 1 18 23 270
10 97 60 79 1 0 14 0.00 M M 5.4 18 270 M M 0 24 280
11 99 65 82 4 0 17 0.00 M M 5.6 21 270 M M 0 26 270
12 99 69 84 6 0 19 0.00 M M 5.5 21 270 M M 0 27 270
13 99 69 84 5 0 19 0.00 M M 5.3 20 270 M M 0 24 270
14 100 66 83 4 0 18 0.00 M M 4.8 16 270 M M 0 21 270
15 101 67 84 5 0 19 0.00 M M 5.4 17 270 M M 0 23 270
16 100 68 84 5 0 19 0.00 M M 5.9 18 260 M M 0 24 270
17 102 72 87 8 0 22 0.00 M M 5.9 18 270 M M 0 23 270
18 101 69 85 6 0 20 0.00 M M 5.7 20 280 M M 0 27 270
19 102 71 87 8 0 22 0.00 M M 5.8 18 270 M M 0 23 270
20 103 69 86 7 0 21 0.00 M M 4.4 17 270 M M 0 23 270
21 97 69 83 4 0 18 0.00 M M 5.1 18 260 M M 0 22 270
22 99 67 83 4 0 18 0.00 M M 5.4 16 270 M M 0 20 270
23 94 65 80 1 0 15 0.00 M M 4.1 13 270 M M 1 15 270
24 104 68 86 6 0 21 0.00 M M 5.9 21 270 M M 0 27 270
25 104 71 88 8 0 23 0.00 M M 5.3 20 270 M M 0 25 280
26 104 71 88 8 0 23 0.00 M M 5.5 20 270 M M 0 24 240
27 104 70 87 7 0 22 0.00 M M 5.1 18 260 M M 0 24 250
28 102 67 85 5 0 20 0.00 M M 5.7 22 270 M M 0 27 280
29 101 69 85 5 0 20 0.00 M M 4.8 17 260 M M 0 23 270
30 95 70 83 3 0 18 0.00 M M 5.3 17 270 M M 0 22 270
31 94 73 84 4 0 19 0.03 M M 5.7 17 270 M M 4 8 22 260
================================================================================
SM 3027 2030 0 520 0.03 M 170.2 M 11
================================================================================
AV 97.6 65.5 5.5 FASTST M M 0 MAX(MPH)
MISC ----> 22 270 # 27 270
================================================================================
NOTES:
# LAST OF SEVERAL OCCURRENCES
COLUMN 17 PEAK WIND IN M.P.H.
PRELIMINARY LOCAL CLIMATOLOGICAL DATA (WS FORM: F-6) , PAGE 2
STATION: RIVERSIDE MUNI AIRPORT CA
MONTH: JULY
YEAR: 2023
LATITUDE: 33 57 N
LONGITUDE: 117 27 W
[TEMPERATURE DATA] [PRECIPITATION DATA] SYMBOLS USED IN COLUMN 16
AVERAGE MONTHLY: 81.6 TOTAL FOR MONTH: 0.03 1 = FOG OR MIST
DPTR FM NORMAL: 3.0 DPTR FM NORMAL: -0.09 2 = FOG REDUCING VISIBILITY
HIGHEST: 104 ON 24,26 GRTST 24HR 0.03 ON 31-31 TO 1/4 MILE OR LESS
LOWEST: 56 ON 7, 6 3 = THUNDER
SNOW, ICE PELLETS, HAIL 4 = ICE PELLETS
TOTAL MONTH: M 5 = HAIL
GRTST 24HR M ON M 6 = FREEZING RAIN OR DRIZZLE
GRTST DEPTH: M ON M 7 = DUSTSTORM OR SANDSTORM:
VSBY 1/2 MILE OR LESS
8 = SMOKE OR HAZE
[NO. OF DAYS WITH] [WEATHER - DAYS WITH] 9 = BLOWING SNOW
X = TORNADO
MAX 32 OR BELOW: 0 0.01 INCH OR MORE: 1
MAX 90 OR ABOVE: 27 0.10 INCH OR MORE: 0
MIN 32 OR BELOW: 0 0.50 INCH OR MORE: 0
MIN 0 OR BELOW: 0 1.00 INCH OR MORE: 0
[HDD (BASE 65) ]
TOTAL THIS MO. 0 CLEAR (SCALE 0-3) 30
DPTR FM NORMAL 0 PTCLDY (SCALE 4-7) 1
TOTAL FM JUL 1 0 CLOUDY (SCALE 8-10) 0
DPTR FM NORMAL 0
[CDD (BASE 65) ]
TOTAL THIS MO. 520
DPTR FM NORMAL 98 [PRESSURE DATA]
TOTAL FM JAN 1 736 HIGHEST SLP 29.96 ON 19
DPTR FM NORMAL -121 LOWEST SLP 29.73 ON 22
[REMARKS]
#FINAL-07-23#