000
CXUS53 KUNR 010930
CF6RAP
PRELIMINARY LOCAL CLIMATOLOGICAL DATA (WS FORM: F-6)
STATION: RAPID CITY AIRPORT SD
MONTH: OCTOBER
YEAR: 2022
LATITUDE: 44 2 N
LONGITUDE: 103 4 W
TEMPERATURE IN F: :PCPN: SNOW: WIND :SUNSHINE: SKY :PK WND
================================================================================
1 2 3 4 5 6A 6B 7 8 9 10 11 12 13 14 15 16 17 18
12Z AVG MX 2MIN
DY MAX MIN AVG DEP HDD CDD WTR SNW DPTH SPD SPD DIR MIN PSBL S-S WX SPD DR
================================================================================
1 69 55 62 8 3 0 T M M 12.9 26 350 M M 5 35 350
2 76 48 62 8 3 0 0.12 M M 7.9 17 170 M M 3 1238 26 140
3 69 51 60 7 5 0 0.17 M M 11.5 22 10 M M 5 13 28 360
4 66 49 58 5 7 0 0.09 M M 10.0 22 340 M M 8 1 30 310
5 75 46 61 9 4 0 0.00 M M 8.7 18 350 M M 0 24 350
6 52 35 44 -8 21 0 0.04 M M 8.6 17 40 M M 8 1 21 50
7 51 32 42 -9 23 0 0.00 M M 4.5 12 190 M M 6 18 210
8 69 31 50 -1 15 0 0.00 M M 5.3 13 360 M M 0 18 360
9 72 39 56 6 9 0 0.00 M M 5.5 12 310 M M 0 14 140
10 77 37 57 7 8 0 0.00 M M 5.9 15 100 M M 0 22 150
11 71 35 53 4 12 0 0.00 M M 16.2 45 330 M M 2 56 330
12 56 30 43 -6 22 0 0.02 M M 21.2 36 320 M M 3 46 300
13 59 38 49 1 16 0 0.00 M M 22.2 45 330 M M 0 59 340
14 66 39 53 5 12 0 0.00 M M 15.6 41 330 M M 1 52 350
15 65 39 52 5 13 0 0.00 M M 18.5 35 330 M M 3 46 340
16 54 32 43 -4 22 0 0.00 M M 13.3 29 330 M M 2 35 330
17 75 29 52 6 13 0 0.00 M M 4.8 16 80 M M 4 20 90
18 60 25 43 -3 22 0 0.00 M M 5.3 13 140 M M 0 19 130
19 74 29 52 6 13 0 0.00 M M 12.9 32 330 M M 0 44 320
20 81 36 59 14 6 0 0.00 M M 5.9 17 330 M M 0 21 330
21 74 37 56 11 9 0 0.00 M M 13.3 31 330 M M 0 41 320
22 65 42 54 10 11 0 0.00 M M 6.4 17 310 M M 0 24 310
23 53 37 45 1 20 0 T M M 20.6 43 340 M M 3 57 350
24 45 22 34 -9 31 0 0.06 M M 12.3 30 300 M M 5 1 42 310
25 54 22 38 -5 27 0 0.00 M M 6.7 21 330 M M 1 29 330
26 57 21 39 -3 26 0 0.00 M M 8.6 25 180 M M 1 33 180
27 57 26 42 0 23 0 0.00 M M 6.4 20 330 M M 0 26 350
28 65 22 44 2 21 0 0.00 M M 7.4 18 180 M M 0 25 170
29 64 36 50 9 15 0 0.00 M M 11.5 25 330 M M 0 31 340
30 64 29 47 6 18 0 0.00 M M 6.8 14 140 M M 0 17 160
31 68 33 51 11 14 0 0.00 M M 5.8 12 300 M M 0 14 150
================================================================================
SM 2003 1082 464 0 0.50 M 322.5 M 60
================================================================================
AV 64.6 34.9 10.4 FASTST M M 2 MAX(MPH)
MISC ----> # 45 330 59 340
================================================================================
NOTES:
# LAST OF SEVERAL OCCURRENCES
COLUMN 17 PEAK WIND IN M.P.H.
PRELIMINARY LOCAL CLIMATOLOGICAL DATA (WS FORM: F-6) , PAGE 2
STATION: RAPID CITY AIRPORT SD
MONTH: OCTOBER
YEAR: 2022
LATITUDE: 44 2 N
LONGITUDE: 103 4 W
[TEMPERATURE DATA] [PRECIPITATION DATA] SYMBOLS USED IN COLUMN 16
AVERAGE MONTHLY: 49.8 TOTAL FOR MONTH: 0.50 1 = FOG OR MIST
DPTR FM NORMAL: 2.7 DPTR FM NORMAL: -0.91 2 = FOG REDUCING VISIBILITY
HIGHEST: 81 ON 20 GRTST 24HR 0.26 ON 3- 4 TO 1/4 MILE OR LESS
LOWEST: 21 ON 26 3 = THUNDER
SNOW, ICE PELLETS, HAIL 4 = ICE PELLETS
TOTAL MONTH: M 5 = HAIL
GRTST 24HR M ON M 6 = FREEZING RAIN OR DRIZZLE
GRTST DEPTH: M ON M 7 = DUSTSTORM OR SANDSTORM:
VSBY 1/2 MILE OR LESS
8 = SMOKE OR HAZE
[NO. OF DAYS WITH] [WEATHER - DAYS WITH] 9 = BLOWING SNOW
X = TORNADO
MAX 32 OR BELOW: 0 0.01 INCH OR MORE: 6
MAX 90 OR ABOVE: 0 0.10 INCH OR MORE: 2
MIN 32 OR BELOW: 13 0.50 INCH OR MORE: 0
MIN 0 OR BELOW: 0 1.00 INCH OR MORE: 0
[HDD (BASE 65) ]
TOTAL THIS MO. 464 CLEAR (SCALE 0-3) 21
DPTR FM NORMAL -96 PTCLDY (SCALE 4-7) 10
TOTAL FM JUL 1 555 CLOUDY (SCALE 8-10) 0
DPTR FM NORMAL -218
[CDD (BASE 65) ]
TOTAL THIS MO. 0
DPTR FM NORMAL -3 [PRESSURE DATA]
TOTAL FM JAN 1 814 HIGHEST SLP 30.62 ON 7
DPTR FM NORMAL 207 LOWEST SLP 29.22 ON 23
[REMARKS]
#FINAL-10-22#