000
CXUS51 KPHI 151858
CF6RDG
PRELIMINARY LOCAL CLIMATOLOGICAL DATA (WS FORM: F-6)
STATION: READING PA
MONTH: APRIL
YEAR: 2020
LATITUDE: 40 22 N
LONGITUDE: 75 58 W
TEMPERATURE IN F: :PCPN: SNOW: WIND :SUNSHINE: SKY :PK WND
================================================================================
1 2 3 4 5 6A 6B 7 8 9 10 11 12 13 14 15 16 17 18
12Z AVG MX 2MIN
DY MAX MIN AVG DEP HDD CDD WTR SNW DPTH SPD SPD DIR MIN PSBL S-S WX SPD DR
================================================================================
1 56 39 48 1 17 0 0.00 0.0 0 8.8 22 340 M M 6 28 360
2 58 36 47 -1 18 0 0.00 0.0 0 16.6 31 330 M M 1 40 340
3 55 45 50 2 15 0 T 0.0 0 14.5 25 330 M M 7 37 320
4 59 47 53 5 12 0 T 0.0 0 5.0 10 30 M M 10 13 20
5 68 47 58 9 7 0 T 0.0 0 5.2 14 290 M M 7 16 290
6 66 43 55 6 10 0 T 0.0 0 7.1 16 310 M M 1 21 290
7 69 41 55 6 10 0 T 0.0 0 4.6 16 220 M M 5 20 210
8 74 52 63 13 2 0 0.52 0.0 0 7.2 22 300 M M 4 13 27 300
9 64 40 52 2 13 0 0.08 T 0 14.2 41 300 M M 6 138 59 290
10 48 38 43 -8 22 0 T 0.0 0 20.7 40 290 M M 7 52 300
11 56 35 46 -5 19 0 0.00 0.0 0 9.3 22 270 M M 2 30 300
12 66 32 49 -2 16 0 0.11 0.0 0 6.9 20 200 M M 4 26 200
13 71 49 60 8 5 0 1.78 0.0 0 14.5 31 290 M M 7 13 39 290
14 56 40 48 -4 17 0 0.03 0.0 0 9.7 28 300 M M 6 33 290
15 52 35 44 -8 21 0 0.02 0.0 0 9.3 18 280 M M 4 25 310
16 48 31 40 -13 25 0 T 0.0 0 11.2 24 280 M M 6 30 270
17 48 28 38 -15 27 0 0.05 0.0 0 5.2 15 230 M M 6 1 19 240
18 49 33 41 -13 24 0 0.09 0.0 0 8.2 25 340 M M 7 1 34 340
19 62 29 46 -8 19 0 0.00 0.0 0 6.0 23 220 M M 2 29 230
20 59 40 50 -4 15 0 0.00 0.0 0 5.1 17 20 M M 1 23 20
21 58 36 47 -8 18 0 0.14 T 0 11.9 36 300 M M 4 1 49 310
22 53 34 44 -11 21 0 0.00 0.0 0 15.3 30 300 M M 0 40 290
23 60 38 49 -6 16 0 0.30 0.0 0 4.4 13 190 M M 7 1 15 200
24 52 43 48 -8 17 0 0.38 0.0 0 6.1 15 40 M M 10 1 19 30
25 66 41 54 -2 11 0 T 0.0 0 4.0 17 160 M M 8 12 22 160
26 51 42 47 -9 18 0 0.87 0.0 0 7.6 16 70 M M 10 1 23 60
27 54 39 47 -10 18 0 0.02 0.0 0 10.7 23 320 M M 8 31 310
28 65 34 50 -7 15 0 0.00 0.0 0 4.6 16 230 M M 2 1 21 220
29 68 46 57 0 8 0 T 0.0 0 9.7 23 130 M M 4 39 110
30 70 56 63 5 2 0 0.77 0.0 0 14.3 37 150 M M 9 1 57 160
================================================================================
SM 1781 1189 458 0 5.16 T 277.9 M 161
================================================================================
AV 59.4 39.6 9.3 FASTST M M 5 MAX(MPH)
MISC ----> 41 300 59 290
================================================================================
NOTES:
# LAST OF SEVERAL OCCURRENCES
COLUMN 17 PEAK WIND IN M.P.H.
PRELIMINARY LOCAL CLIMATOLOGICAL DATA (WS FORM: F-6) , PAGE 2
STATION: READING PA
MONTH: APRIL
YEAR: 2020
LATITUDE: 40 22 N
LONGITUDE: 75 58 W
[TEMPERATURE DATA] [PRECIPITATION DATA] SYMBOLS USED IN COLUMN 16
AVERAGE MONTHLY: 49.5 TOTAL FOR MONTH: 5.16 1 = FOG OR MIST
DPTR FM NORMAL: -3.0 DPTR FM NORMAL: 1.81 2 = FOG REDUCING VISIBILITY
HIGHEST: 74 ON 8 GRTST 24HR 1.78 ON 13-13 TO 1/4 MILE OR LESS
LOWEST: 28 ON 17 3 = THUNDER
SNOW, ICE PELLETS, HAIL 4 = ICE PELLETS
TOTAL MONTH: T 5 = HAIL
GRTST 24HR T ON 9- 9 6 = FREEZING RAIN OR DRIZZLE
GRTST DEPTH: 0 7 = DUSTSTORM OR SANDSTORM:
VSBY 1/2 MILE OR LESS
8 = SMOKE OR HAZE
[NO. OF DAYS WITH] [WEATHER - DAYS WITH] 9 = BLOWING SNOW
X = TORNADO
MAX 32 OR BELOW: 0 0.01 INCH OR MORE: 14
MAX 90 OR ABOVE: 0 0.10 INCH OR MORE: 8
MIN 32 OR BELOW: 4 0.50 INCH OR MORE: 4
MIN 0 OR BELOW: 0 1.00 INCH OR MORE: 1
[HDD (BASE 65) ]
TOTAL THIS MO. 458 CLEAR (SCALE 0-3) 7
DPTR FM NORMAL 73 PTCLDY (SCALE 4-7) 18
TOTAL FM JUL 1 4520 CLOUDY (SCALE 8-10) 5
DPTR FM NORMAL -448
[CDD (BASE 65) ]
TOTAL THIS MO. 0
DPTR FM NORMAL -11 [PRESSURE DATA]
TOTAL FM JAN 1 0 HIGHEST SLP M ON M
DPTR FM NORMAL -11 LOWEST SLP 29.22 ON 9
[REMARKS]
#FINAL-04-20#