000
CXUS52 KRAH 020255
CF6RDU
PRELIMINARY LOCAL CLIMATOLOGICAL DATA (WS FORM: F-6)
STATION: RALEIGH NC
MONTH: SEPTEMBER
YEAR: 2023
LATITUDE: 35 52 N
LONGITUDE: 78 47 W
TEMPERATURE IN F: :PCPN: SNOW: WIND :SUNSHINE: SKY :PK WND
================================================================================
1 2 3 4 5 6A 6B 7 8 9 10 11 12 13 14 15 16 17 18
12Z AVG MX 2MIN
DY MAX MIN AVG DEP HDD CDD WTR SNW DPTH SPD SPD DIR MIN PSBL S-S WX SPD DR
================================================================================
1 83 58 71 -6 0 6 0.00 0.0 0 4.6 16 70 M M 2 22 90
2 87 57 72 -4 0 7 0.00 0.0 0 2.4 12 60 M M 3 1 16 80
3 96 61 79 3 0 14 0.00 0.0 0 2.5 10 230 M M 0 14 220
4 99 68 84 8 0 19 0.00 0.0 0 3.1 10 280 M M 1 17 240
5 98 70 84 8 0 19 0.00 0.0 0 3.0 13 50 M M 3 19 100
6 102 73 88 12 0 23 0.00 0.0 0 2.8 12 200 M M 3 17 220
7 102 74 88 13 0 23 0.00 0.0 0 5.2 18 230 M M 7 24 200
8 97 69 83 8 0 18 0.42 T 0 3.8 48 230 M M 5 135 76 240
9 75 69 72 -3 0 7 1.87 0.0 0 3.7 28 170 M M 8 13 37 180
10 89 69 79 5 0 14 T 0.0 0 3.0 14 160 M M 8 12 20 190
11 92 68 80 6 0 15 0.00 0.0 0 2.3 10 240 M M 4 12 17 280
12 94 68 81 7 0 16 0.02 0.0 0 4.4 25 220 M M 6 33 240
13 88 69 79 5 0 14 0.00 0.0 0 2.9 10 30 M M 7 1 14 60
14 86 65 76 3 0 11 0.00 0.0 0 7.2 16 50 M M 4 23 60
15 79 56 68 -5 0 3 0.00 0.0 0 4.9 16 40 M M 2 24 30
16 86 52 69 -4 0 4 0.00 0.0 0 3.6 13 250 M M 2 20 240
17 77 63 70 -2 0 5 0.35 0.0 0 4.3 13 200 M M 8 1 17 200
18 82 60 71 -1 0 6 0.01 0.0 0 3.2 13 340 M M 4 1 21 340
19 84 54 69 -3 0 4 0.00 0.0 0 1.5 8 340 M M 3 13 350
20 86 62 74 3 0 9 0.00 0.0 0 2.2 9 100 M M 6 13 150
21 84 61 73 2 0 8 0.00 0.0 0 6.0 14 100 M M 8 23 110
22 69 62 66 -5 0 1 0.43 0.0 0 11.3 22 10 M M 9 1 39 20
23 63 59 61 -9 4 0 2.38 0.0 0 11.5 22 10 M M 10 1 38 20
24 83 61 72 2 0 7 0.00 0.0 0 4.6 14 230 M M 7 18 240
25 85 66 76 6 0 11 0.00 0.0 0 3.4 9 30 M M 8 16 20
26 73 65 69 0 0 4 T 0.0 0 7.1 15 40 M M 8 21 40
27 68 62 65 -4 0 0 T 0.0 0 7.7 15 50 M M 10 1 21 40
28 77 61 69 1 0 4 T 0.0 0 7.9 15 30 M M 8 22 40
29 74 60 67 -1 0 2 T 0.0 0 4.4 12 40 M M 8 1 16 30
30 77 58 68 0 0 3 0.00 0.0 0 4.0 14 50 M M 6 18 60
================================================================================
SM 2535 1900 4 277 5.48 T 138.5 M 168
================================================================================
AV 84.5 63.3 4.6 FASTST M M 6 MAX(MPH)
MISC ----> 48 230 76 240
================================================================================
NOTES:
# LAST OF SEVERAL OCCURRENCES
COLUMN 17 PEAK WIND IN M.P.H.
PRELIMINARY LOCAL CLIMATOLOGICAL DATA (WS FORM: F-6) , PAGE 2
STATION: RALEIGH NC
MONTH: SEPTEMBER
YEAR: 2023
LATITUDE: 35 52 N
LONGITUDE: 78 47 W
[TEMPERATURE DATA] [PRECIPITATION DATA] SYMBOLS USED IN COLUMN 16
AVERAGE MONTHLY: 73.9 TOTAL FOR MONTH: 5.48 1 = FOG OR MIST
DPTR FM NORMAL: 1.3 DPTR FM NORMAL: 0.33 2 = FOG REDUCING VISIBILITY
HIGHEST: 102 ON 7, 6 GRTST 24HR 2.80 ON 22-23 TO 1/4 MILE OR LESS
LOWEST: 52 ON 16 3 = THUNDER
SNOW, ICE PELLETS, HAIL 4 = ICE PELLETS
TOTAL MONTH: T 5 = HAIL
GRTST 24HR T ON 8- 8 6 = FREEZING RAIN OR DRIZZLE
GRTST DEPTH: 0 7 = DUSTSTORM OR SANDSTORM:
VSBY 1/2 MILE OR LESS
8 = SMOKE OR HAZE
[NO. OF DAYS WITH] [WEATHER - DAYS WITH] 9 = BLOWING SNOW
X = TORNADO
MAX 32 OR BELOW: 0 0.01 INCH OR MORE: 7
MAX 90 OR ABOVE: 8 0.10 INCH OR MORE: 5
MIN 32 OR BELOW: 0 0.50 INCH OR MORE: 2
MIN 0 OR BELOW: 0 1.00 INCH OR MORE: 2
[HDD (BASE 65) ]
TOTAL THIS MO. 4 CLEAR (SCALE 0-3) 9
DPTR FM NORMAL -11 PTCLDY (SCALE 4-7) 17
TOTAL FM JUL 1 4 CLOUDY (SCALE 8-10) 4
DPTR FM NORMAL -9
[CDD (BASE 65) ]
TOTAL THIS MO. 277
DPTR FM NORMAL 34 [PRESSURE DATA]
TOTAL FM JAN 1 1848 HIGHEST SLP 30.27 ON 2
DPTR FM NORMAL 109 LOWEST SLP 29.65 ON 23
[REMARKS]
#FINAL-09-23#