000
CXUS53 KGRB 010928
CLMRHI
CLIMATE REPORT
NATIONAL WEATHER SERVICE GREEN BAY
328 AM CST MON JAN 01 2024
...................................
...THE RHINELANDER WI CLIMATE SUMMARY FOR THE MONTH OF DECEMBER 2023...
CLIMATE NORMAL PERIOD: 1991 TO 2020
CLIMATE RECORD PERIOD: 1908 TO 2023
WEATHER OBSERVED NORMAL DEPART LAST YEAR`S
VALUE DATE(S) VALUE FROM VALUE DATE(S)
NORMAL
................................................................
TEMPERATURE (F)
RECORD
HIGH 62 12/02/1998
LOW -34 12/18/1983
12/27/1924
HIGHEST 50 12/08 42 8 41 12/29
12/25
12/30
LOWEST 2 12/19 -17 19 -17 12/21
AVG. MAXIMUM 36.5 27.3 9.2 25.0
AVG. MINIMUM 22.7 10.5 12.2 10.0
MEAN 29.6 18.9 10.7 17.5
DAYS MAX >= 90 0 0.0 0.0 0
DAYS MAX <= 32 12 22.2 -10.2 26
DAYS MIN <= 32 26 30.1 -4.1 30
DAYS MIN <= 0 0 7.8 -7.8 7
PRECIPITATION (INCHES)
RECORD
MAXIMUM 3.96 2015
MINIMUM 0.03 1943
TOTALS 0.76 1.57 -0.81 2.34
DAYS >= .01 11 13.4 -2.4 18
DAYS >= .10 4 5.5 -1.5 6
DAYS >= .50 0 1.0 -1.0 1
DAYS >= 1.00 0 0.2 -0.2 1
GREATEST
STORM TOTAL 0.18
(MM/DD(HH))
SNOWFALL (INCHES)
RECORDS
TOTAL 46.0 1968
TOTALS 4.8 17.7 -12.9 21.0
SINCE 7/1 10.3 29.5 -19.2 MM
DAYS >= TRACE 12 12.6 -0.6 19
DAYS >= 1.0 2 5.8 -3.8 8
GREATEST
SNOW DEPTH 2 12/11 15 12/22
12/12
12/13
12/23
24 HR TOTAL MM
DEGREE DAYS
HEATING TOTAL 1090 1429 -339 1464
SINCE 7/1 3010 3489 -479 MM
COOLING TOTAL 0 0 0 0
SINCE 1/1 311 282 29 MM
................................................................
WIND (MPH)
AVERAGE WIND SPEED 6.2
HIGHEST WIND SPEED/DIRECTION 24/270 DATE 12/12
HIGHEST GUST SPEED/DIRECTION 35/270 DATE 12/12
35/310 12/18
SKY COVER
POSSIBLE SUNSHINE (PERCENT) MM
AVERAGE SKY COVER 0.70
NUMBER OF DAYS FAIR 6
NUMBER OF DAYS PC 8
NUMBER OF DAYS CLOUDY 17
AVERAGE RH (PERCENT) 80
WEATHER CONDITIONS. NUMBER OF DAYS WITH
THUNDERSTORM 0 MIXED PRECIP 0
HEAVY RAIN 0 RAIN 0
LIGHT RAIN 9 FREEZING RAIN 0
LT FREEZING RAIN 1 HAIL 0
HEAVY SNOW 0 SNOW 1
LIGHT SNOW 11 SLEET 0
FOG 19 FOG W/VIS <= 1/4 MILE 5
HAZE 4
- INDICATES NEGATIVE NUMBERS.
R INDICATES RECORD WAS SET OR TIED.
MM INDICATES DATA IS MISSING.
T INDICATES TRACE AMOUNT.
$$