000
CXUS53 KGRB 021935
CLSRHI
CLIMATE REPORT
NATIONAL WEATHER SERVICE GREEN BAY
135 PM CST FRI DEC 02 2022
...................................
...THE RHINELANDER WI CLIMATE SUMMARY FOR THE SEASON, FROM
9/1/2022 TO 11/30/2022...
CLIMATE NORMAL PERIOD: 1991 TO 2020
CLIMATE RECORD PERIOD: 1908 TO 2022
WEATHER OBSERVED NORMAL DEPART LAST YEAR`S
VALUE DATE(S) VALUE FROM VALUE DATE(S)
NORMAL
................................................................
TEMPERATURE (F)
RECORD
HIGH 98 09/10/1908
LOW -16 11/30/1976
HIGHEST 85 09/01 86 -1 83 09/19
LOWEST -2 11/20 2 -4 3 11/26
AVG. MAXIMUM 55.4 54.4 1.0 57.1
AVG. MINIMUM 34.6 33.7 0.9 35.6
MEAN 45.0 44.0 1.0 46.4
DAYS MAX >= 90 0 0.1 -0.1 0
DAYS MAX <= 32 11 8.7 2.3 8
DAYS MIN <= 32 43 42.3 0.7 38
DAYS MIN <= 0 1 0.8 0.2 0
PRECIPITATION (INCHES)
RECORD
MAXIMUM 17.47 1934
MINIMUM 1.11 1976
TOTALS 6.31 8.18 -1.87 5.45
DAILY AVG. 0.07 0.09 -0.02 0.06
DAYS >= .01 35 34.9 0.1 29
DAYS >= .10 14 16.5 -2.5 15
DAYS >= .50 3 4.4 -1.4 3
DAYS >= 1.00 1 1.2 -0.2 0
SNOWFALL (INCHES)
RECORDS
TOTAL 35.1 2014
24 HR TOTAL 6.1
TOTALS 13.7 MM MM 10.4
SINCE 7/1 13.7 MM MM 10.4
DAYS >= TRACE 19 MM MM 13
DAYS >= 1.0 5 MM MM 5
GREATEST
SNOW DEPTH 5 11/19 4 11/29
11/20
11/21
11/30
24 HR TOTAL MM
DEGREE DAYS
HEATING TOTAL 1827 1935 -108 1671
SINCE 7/1 1893 2061 -168 1733
COOLING TOTAL 29 27 2 8
SINCE 1/1 296 282 14 321
FREEZE DATES
RECORD
EARLIEST 08/27/1915
LATEST 07/30/1928
EARLIEST 09/23
LATEST 05/23
................................................................
WIND (MPH)
AVERAGE WIND SPEED 7.0
RESULTANT WIND SPEED/DIRECTION 3/240
HIGHEST WIND SPEED/DIRECTION 30/270 DATE 11/30
HIGHEST GUST SPEED/DIRECTION 46/220 DATE 09/02
SKY COVER
POSSIBLE SUNSHINE (PERCENT) MM
AVERAGE SKY COVER 0.49
NUMBER OF DAYS FAIR 36
NUMBER OF DAYS PC 25
NUMBER OF DAYS CLOUDY 27
AVERAGE RH (PERCENT) 72
WEATHER CONDITIONS. NUMBER OF DAYS WITH
THUNDERSTORM 7 MIXED PRECIP 0
HEAVY RAIN 5 RAIN 10
LIGHT RAIN 29 FREEZING RAIN 0
LT FREEZING RAIN 0 HAIL 0
HEAVY SNOW 1 SNOW 3
LIGHT SNOW 19 SLEET 0
FOG 55 FOG W/VIS <= 1/4 MILE 12
HAZE 10
- INDICATES NEGATIVE NUMBERS.
R INDICATES RECORD WAS SET OR TIED.
MM INDICATES DATA IS MISSING.
T INDICATES TRACE AMOUNT.
$$