000
CXUS55 KGJT 011126
CF6RIL
PRELIMINARY LOCAL CLIMATOLOGICAL DATA (WS FORM: F-6)
STATION: RIFLE CO
MONTH: JANUARY
YEAR: 2023
LATITUDE: 39 31 N
LONGITUDE: 107 43 W
TEMPERATURE IN F: :PCPN: SNOW: WIND :SUNSHINE: SKY :PK WND
================================================================================
1 2 3 4 5 6A 6B 7 8 9 10 11 12 13 14 15 16 17 18
12Z AVG MX 2MIN
DY MAX MIN AVG DEP HDD CDD WTR SNW DPTH SPD SPD DIR MIN PSBL S-S WX SPD DR
================================================================================
1 41 34 38 14 27 0 0.13 M M 3.9 16 110 M M 10 12 20 100
2 40 30 35 11 30 0 0.35 M M 6.5 23 260 M M 8 1 31 270
3 32 20 26 2 39 0 0.18 M M 5.1 17 260 M M 10 1 23 270
4 34 11 23 -1 42 0 0.00 M M 1.9 10 160 M M 8 12 150
5 30 10 20 -4 45 0 0.00 M M 2.3 12 240 M M 2 13 250
6 36 23 30 6 35 0 0.14 M M 3.4 15 270 M M 10 1 20 270
7 37 17 27 3 38 0 T M M 3.0 9 150 M M 6 12 11 150
8 38 18 28 4 37 0 0.00 M M 1.4 15 100 M M 4 16 110
9 35 17 26 2 39 0 0.10 M M 2.3 9 60 M M 7 1 10 80
10 44 32 38 14 27 0 0.17 M M 3.1 12 60 M M 9 126 14 60
11 45 25 35 11 30 0 0.09 M M 9.8 32 250 M M 9 1 42 270
12 37 16 27 3 38 0 0.00 M M 2.0 8 110 M M 0 9 110
13 38 16 27 3 38 0 0.00 M M 1.7 7 110 M M 0 9 110
14 40 17 29 4 36 0 0.00 M M 2.7 12 160 M M 4 13 160
15 39 32 36 11 29 0 0.09 M M 4.1 26 270 M M 10 1 33 270
16 38 30 34 9 31 0 0.18 M M 2.7 12 270 M M 9 1 18 280
17 34 24 29 4 36 0 0.23 M M 4.5 21 260 M M 10 12 27 260
18 33 17 25 0 40 0 T M M 8.0 20 270 M M 7 1 25 250
19 31 10 21 -4 44 0 0.00 M M 2.7 12 150 M M 3 13 150
20 34 16 25 0 40 0 0.00 M M 4.7 21 310 M M 6 27 310
21 31 8 20 -6 45 0 0.00 M M 3.0 10 270 M M 3 12 250
22 31 4 18 -8 47 0 0.00 M M 2.1 12 260 M M 1 16 270
23 35 9 22 -4 43 0 0.00 M M 4.1 25 310 M M 2 36 310
24 33 11 22 -4 43 0 0.00 M M 3.0 15 300 M M 8 19 320
25 32 11 22 -4 43 0 T M M 5.1 18 320 M M 7 24 240
26 29 6 18 -8 47 0 0.00 M M 2.7 13 270 M M 7 16 230
27 25 20 23 -4 42 0 0.10 M M 2.2 8 130 M M 10 18 9 120
28 35 21 28 1 37 0 0.03 M M 3.3 17 250 M M 9 1 23 260
29 40 24 32 5 33 0 T M M 3.3 9 60 M M 9 1 12 190
30 33 8 21 -6 44 0 0.11 M M 6.6 21 300 M M 10 18 31 320
31 22 -8 7 -21 58 0 0.00 M M 3.3 8 200 M M 1 8 12 340
================================================================================
SM 1082 529 1203 0 1.90 M 114.5 M 199
================================================================================
AV 34.9 17.1 3.7 FASTST M M 6 MAX(MPH)
MISC ----> 32 250 42 270
================================================================================
NOTES:
# LAST OF SEVERAL OCCURRENCES
COLUMN 17 PEAK WIND IN M.P.H.
PRELIMINARY LOCAL CLIMATOLOGICAL DATA (WS FORM: F-6) , PAGE 2
STATION: RIFLE CO
MONTH: JANUARY
YEAR: 2023
LATITUDE: 39 31 N
LONGITUDE: 107 43 W
[TEMPERATURE DATA] [PRECIPITATION DATA] SYMBOLS USED IN COLUMN 16
AVERAGE MONTHLY: 26.0 TOTAL FOR MONTH: 1.90 1 = FOG OR MIST
DPTR FM NORMAL: 0.9 DPTR FM NORMAL: 1.20 2 = FOG REDUCING VISIBILITY
HIGHEST: 45 ON 11 GRTST 24HR 0.43 ON 2- 3 TO 1/4 MILE OR LESS
LOWEST: -8 ON 31 3 = THUNDER
SNOW, ICE PELLETS, HAIL 4 = ICE PELLETS
TOTAL MONTH: M 5 = HAIL
GRTST 24HR M ON M 6 = FREEZING RAIN OR DRIZZLE
GRTST DEPTH: M ON M 7 = DUSTSTORM OR SANDSTORM:
VSBY 1/2 MILE OR LESS
8 = SMOKE OR HAZE
[NO. OF DAYS WITH] [WEATHER - DAYS WITH] 9 = BLOWING SNOW
X = TORNADO
MAX 32 OR BELOW: 9 0.01 INCH OR MORE: 13
MAX 90 OR ABOVE: 0 0.10 INCH OR MORE: 10
MIN 32 OR BELOW: 30 0.50 INCH OR MORE: 0
MIN 0 OR BELOW: 1 1.00 INCH OR MORE: 0
[HDD (BASE 65) ]
TOTAL THIS MO. 1203 CLEAR (SCALE 0-3) 7
DPTR FM NORMAL -34 PTCLDY (SCALE 4-7) 11
TOTAL FM JUL 1 3882 CLOUDY (SCALE 8-10) 13
DPTR FM NORMAL -25
[CDD (BASE 65) ]
TOTAL THIS MO. 0
DPTR FM NORMAL 0 [PRESSURE DATA]
TOTAL FM JAN 1 0 HIGHEST SLP 30.69 ON 12
DPTR FM NORMAL 0 LOWEST SLP 29.46 ON 15
[REMARKS]
#FINAL-01-23#