000
CXUS55 KRIW 011010
CF6RIW
PRELIMINARY LOCAL CLIMATOLOGICAL DATA (WS FORM: F-6)
STATION: RIVERTON WY
MONTH: AUGUST
YEAR: 2023
LATITUDE: 43 2 N
LONGITUDE: 108 27 W
TEMPERATURE IN F: :PCPN: SNOW: WIND :SUNSHINE: SKY :PK WND
================================================================================
1 2 3 4 5 6A 6B 7 8 9 10 11 12 13 14 15 16 17 18
12Z AVG MX 2MIN
DY MAX MIN AVG DEP HDD CDD WTR SNW DPTH SPD SPD DIR MIN PSBL S-S WX SPD DR
================================================================================
1 86 56 71 -2 0 6 0.02 0.0 M 6.9 16 320 M M 2 3 22 320
2 72 60 66 -7 0 1 0.02 0.0 M 6.6 15 100 M M 7 8 19 110
3 77 58 68 -5 0 3 0.55 0.0 0 5.5 18 170 M M 7 13 25 180
4 70 59 65 -7 0 0 0.20 0.0 0 8.7 18 360 M M 9 1 26 350
5 75 54 65 -7 0 0 0.07 0.0 0 7.7 22 350 M M 6 13 29 20
6 76 50 63 -9 2 0 0.28 0.0 0 6.9 47 310 M M 3 123 63 310
7 72 48 60 -12 5 0 0.07 0.0 0 5.1 29 280 M M 2 13 38 290
8 72 52 62 -10 3 0 0.02 0.0 0 8.0 20 300 M M 3 3 27 300
9 81 51 66 -6 0 1 0.00 0.0 0 7.7 17 300 M M 1 23 300
10 86 59 73 2 0 8 0.00 0.0 0 10.4 21 280 M M 1 29 270
11 86 55 71 0 0 6 0.00 0.0 0 8.3 14 330 M M 0 17 330
12 90 55 73 2 0 8 0.00 0.0 0 9.2 21 10 M M 0 30 360
13 72 55 64 -7 1 0 0.00 0.0 0 9.1 24 20 M M 3 33 30
14 81 46 64 -6 1 0 0.00 0.0 0 3.9 12 310 M M 0 16 110
15 92 55 74 4 0 9 0.00 0.0 0 6.5 16 300 M M 0 21 300
16 94 65 80 10 0 15 0.00 0.0 0 9.8 22 40 M M 0 32 30
17 93 57 75 5 0 10 0.00 0.0 M 5.4 18 260 M M 0 25 260
18 93 66 80 11 0 15 0.00 0.0 0 10.9 26 280 M M 0 8 34 280
19 87 59 73 4 0 8 0.10 0.0 0 7.4 22 130 M M 2 3 32 120
20 77 55 66 -3 0 1 T 0.0 0 5.6 13 60 M M 1 20 40
21 94 56 75 7 0 10 0.00 0.0 0 10.5 31 230 M M 0 42 190
22 90 57 74 6 0 9 T 0.0 0 9.0 30 270 M M 1 3 39 230
23 87 55 71 3 0 6 0.00 0.0 M 8.1 24 240 M M 0 34 240
24 85 60 73 5 0 8 0.00 0.0 0 6.5 18 180 M M 1 25 170
25 73 56 65 -2 0 0 0.00 0.0 0 8.4 17 70 M M 5 24 90
26 86 53 70 3 0 5 0.00 0.0 0 7.3 18 310 M M 1 26 320
27 80 59 70 3 0 5 0.03 0.0 M 9.8 29 40 M M 2 3 44 40
28 82 52 67 1 0 2 0.00 0.0 0 6.2 14 280 M M 0 20 70
29 89 53 71 5 0 6 0.00 0.0 0 7.8 17 150 M M 0 25 150
30 88 56 72 6 0 7 0.00 0.0 0 11.3 30 250 M M 0 39 230
31 88 51 70 5 0 5 0.00 0.0 0 5.0 20 280 M M 0 24 250
================================================================================
SM 2574 1723 12 154 1.36 0.0 239.5 M 57
================================================================================
AV 83.0 55.6 7.7 FASTST M M 2 MAX(MPH)
MISC ----> 47 310 63 310
================================================================================
NOTES:
# LAST OF SEVERAL OCCURRENCES
COLUMN 17 PEAK WIND IN M.P.H.
PRELIMINARY LOCAL CLIMATOLOGICAL DATA (WS FORM: F-6) , PAGE 2
STATION: RIVERTON WY
MONTH: AUGUST
YEAR: 2023
LATITUDE: 43 2 N
LONGITUDE: 108 27 W
[TEMPERATURE DATA] [PRECIPITATION DATA] SYMBOLS USED IN COLUMN 16
AVERAGE MONTHLY: 69.3 TOTAL FOR MONTH: 1.36 1 = FOG OR MIST
DPTR FM NORMAL: -0.3 DPTR FM NORMAL: 0.94 2 = FOG REDUCING VISIBILITY
HIGHEST: 94 ON 21,16 GRTST 24HR 0.75 ON 3- 4 TO 1/4 MILE OR LESS
LOWEST: 46 ON 14 3 = THUNDER
SNOW, ICE PELLETS, HAIL 4 = ICE PELLETS
TOTAL MONTH: 0.0 INCH 5 = HAIL
GRTST 24HR 0.0 6 = FREEZING RAIN OR DRIZZLE
GRTST DEPTH: 0 7 = DUSTSTORM OR SANDSTORM:
VSBY 1/2 MILE OR LESS
8 = SMOKE OR HAZE
[NO. OF DAYS WITH] [WEATHER - DAYS WITH] 9 = BLOWING SNOW
X = TORNADO
MAX 32 OR BELOW: 0 0.01 INCH OR MORE: 10
MAX 90 OR ABOVE: 7 0.10 INCH OR MORE: 4
MIN 32 OR BELOW: 0 0.50 INCH OR MORE: 1
MIN 0 OR BELOW: 0 1.00 INCH OR MORE: 0
[HDD (BASE 65) ]
TOTAL THIS MO. 12 CLEAR (SCALE 0-3) 25
DPTR FM NORMAL -14 PTCLDY (SCALE 4-7) 5
TOTAL FM JUL 1 33 CLOUDY (SCALE 8-10) 1
DPTR FM NORMAL -1
[CDD (BASE 65) ]
TOTAL THIS MO. 154
DPTR FM NORMAL -15 [PRESSURE DATA]
TOTAL FM JAN 1 371 HIGHEST SLP 30.30 ON 14
DPTR FM NORMAL -97 LOWEST SLP 29.68 ON 18
[REMARKS]
#FINAL-08-23#