000
CXUS54 KCRP 011310
CF6RKP
PRELIMINARY LOCAL CLIMATOLOGICAL DATA (WS FORM: F-6)
STATION: ROCKPORT
MONTH: OCTOBER
YEAR: 2021
LATITUDE: 28 4 N
LONGITUDE: 97 3 W
TEMPERATURE IN F: :PCPN: SNOW: WIND :SUNSHINE: SKY :PK WND
================================================================================
1 2 3 4 5 6A 6B 7 8 9 10 11 12 13 14 15 16 17 18
12Z AVG MX 2MIN
DY MAX MIN AVG DEP HDD CDD WTR SNW DPTH SPD SPD DIR MIN PSBL S-S WX SPD DR
================================================================================
1 81 72 77 -3 0 12 2.99 0.0 0 10.2 23 90 M M 7 13 31 80
2 88 74 81 2 0 16 0.00 0.0 0 5.6 12 120 M M 4 12 13 110
3 88 76 82 3 0 17 0.00 0.0 0 5.4 12 140 M M 4 12 15 140
4 93 70 82 3 0 17 0.00 0.0 0 6.1 15 350 M M 0 1 19 350
5 90 67 79 0 0 14 0.00 0.0 0 6.4 13 60 M M 0 17 360
6 87 67 77 -1 0 12 0.00 0.0 0 5.3 10 150 M M 0 14 130
7 88 70 79 1 0 14 0.00 0.0 0 5.8 12 130 M M 0 15 140
8 87 68 78 0 0 13 0.00 0.0 0 7.2 13 130 M M 0 16 130
9 87 72 80 2 0 15 0.00 0.0 0 7.6 15 160 M M 2 21 170
10 90 81 86 8 0 21 0.00 0.0 0 12.8 21 150 M M 4 30 160
11 85 79 82 5 0 17 T 0.0 0 9.1 16 60 M M 5 1 25 170
12 90 82 86 9 0 21 0.00 0.0 0 13.8 21 140 M M 3 18 29 130
13 89 82 86 9 0 21 T 0.0 0 13.8 21 150 M M 5 18 30 140
14 84 72 78 1 0 13 2.34 0.0 0 9.5 33 360 M M 3 13 41 360
15 90 75 83 7 0 18 0.22 0.0 0 8.3 23 20 M M 3 18 30 10
16 78 61 70 -6 0 5 0.00 0.0 0 14.1 26 20 M M 3 35 20
17 77 59 68 -8 0 3 0.00 0.0 0 7.9 14 50 M M 0 18 50
18 80 58 69 -6 0 4 0.00 0.0 0 7.5 13 70 M M 0 14 60
19 84 66 75 0 0 10 0.00 0.0 0 7.6 14 110 M M 4 18 100
20 85 69 77 2 0 12 0.00 0.0 0 4.7 10 130 M M 0 1 14 130
21 86 68 77 3 0 12 0.00 0.0 0 4.6 9 120 M M 2 12 12 80
22 85 69 77 3 0 12 0.00 0.0 0 6.0 13 100 M M 1 12 17 100
23 84 72 78 4 0 13 0.12 0.0 0 8.0 20 110 M M 2 138 27 100
24 88 75 82 8 0 17 0.00 0.0 0 6.9 14 140 M M 1 1 18 140
25 88 74 81 8 0 16 0.00 0.0 0 4.9 12 120 M M 2 1 14 150
26 87 79 83 10 0 18 0.00 0.0 0 10.6 20 140 M M 2 28 140
27 87 70 79 6 0 14 0.10 0.0 0 13.9 24 310 M M 4 138 38 300
28 85 65 75 3 0 10 0.00 0.0 0 12.1 24 330 M M 0 31 320
29 78 54 66 -6 0 1 0.00 0.0 0 12.2 23 330 M M 0 30 330
30 81 50 66 -6 0 1 0.00 0.0 0 4.8 8 140 M M 0 10 140
31 83 58 71 0 0 6 0.00 0.0 0 6.8 13 120 M M 0 16 120
================================================================================
SM 2653 2154 0 395 5.77 0.0 259.5 M 61
================================================================================
AV 85.6 69.5 8.4 FASTST M M 2 MAX(MPH)
MISC ----> 33 360 41 360
================================================================================
NOTES:
# LAST OF SEVERAL OCCURRENCES
COLUMN 17 PEAK WIND IN M.P.H.
PRELIMINARY LOCAL CLIMATOLOGICAL DATA (WS FORM: F-6) , PAGE 2
STATION: ROCKPORT
MONTH: OCTOBER
YEAR: 2021
LATITUDE: 28 4 N
LONGITUDE: 97 3 W
[TEMPERATURE DATA] [PRECIPITATION DATA] SYMBOLS USED IN COLUMN 16
AVERAGE MONTHLY: 77.5 TOTAL FOR MONTH: 5.77 1 = FOG OR MIST
DPTR FM NORMAL: 1.7 DPTR FM NORMAL: 2.95 2 = FOG REDUCING VISIBILITY
HIGHEST: 93 ON 4 GRTST 24HR 3.61 ON 30- 1 TO 1/4 MILE OR LESS
LOWEST: 50 ON 30 3 = THUNDER
SNOW, ICE PELLETS, HAIL 4 = ICE PELLETS
TOTAL MONTH: 0.0 INCH 5 = HAIL
GRTST 24HR 0.0 6 = FREEZING RAIN OR DRIZZLE
GRTST DEPTH: 0 7 = DUSTSTORM OR SANDSTORM:
VSBY 1/2 MILE OR LESS
8 = SMOKE OR HAZE
[NO. OF DAYS WITH] [WEATHER - DAYS WITH] 9 = BLOWING SNOW
X = TORNADO
MAX 32 OR BELOW: 0 0.01 INCH OR MORE: 5
MAX 90 OR ABOVE: 5 0.10 INCH OR MORE: 5
MIN 32 OR BELOW: 0 0.50 INCH OR MORE: 2
MIN 0 OR BELOW: 0 1.00 INCH OR MORE: 2
[HDD (BASE 65) ]
TOTAL THIS MO. 0 CLEAR (SCALE 0-3) 22
DPTR FM NORMAL -8 PTCLDY (SCALE 4-7) 9
TOTAL FM JUL 1 0 CLOUDY (SCALE 8-10) 0
DPTR FM NORMAL -6
[CDD (BASE 65) ]
TOTAL THIS MO. 395
DPTR FM NORMAL 52 [PRESSURE DATA]
TOTAL FM JAN 1 3630 HIGHEST SLP 30.31 ON 17
DPTR FM NORMAL 33 LOWEST SLP 29.58 ON 27
[REMARKS]
#FINAL-10-21#