000
CXUS55 KRIW 011110
CF6RKS
PRELIMINARY LOCAL CLIMATOLOGICAL DATA (WS FORM: F-6)
STATION: ROCK SPRINGS WY
MONTH: NOVEMBER
YEAR: 2023
LATITUDE: 41 35 N
LONGITUDE: 109 4 W
TEMPERATURE IN F: :PCPN: SNOW: WIND :SUNSHINE: SKY :PK WND
================================================================================
1 2 3 4 5 6A 6B 7 8 9 10 11 12 13 14 15 16 17 18
12Z AVG MX 2MIN
DY MAX MIN AVG DEP HDD CDD WTR SNW DPTH SPD SPD DIR MIN PSBL S-S WX SPD DR
================================================================================
1 53 29 41 3 24 0 0.00 M M 9.9 21 260 M M 2 25 260
2 55 33 44 7 21 0 0.00 M M 11.7 24 250 M M 6 30 260
3 54 39 47 10 18 0 T M M 15.1 29 270 M M 4 39 260
4 59 35 47 11 18 0 0.00 M M 8.9 20 270 M M 1 30 280
5 57 35 46 10 19 0 0.00 M M 11.0 31 270 M M 2 43 270
6 57 38 48 12 17 0 0.00 M M 4.6 15 240 M M 2 18 260
7 47 31 39 4 26 0 0.21 M M 10.4 20 330 M M 10 12 26 330
8 36 25 31 -4 34 0 0.00 M M 12.3 20 250 M M 3 26 230
9 37 21 29 -5 36 0 0.00 M M 11.0 18 250 M M M 21 240
10 42 21 32 -2 33 0 0.00 M M 8.2 15 250 M M 2 20 230
11 46 25 36 3 29 0 0.00 M M 14.1 26 260 M M 0 33 250
12 53 27 40 7 25 0 0.00 M M 8.4 23 250 M M 0 34 250
13 57 31 44 12 21 0 0.00 M M 6.7 22 210 M M 0 29 210
14 54 26 40 8 25 0 0.00 M M 6.3 21 260 M M 0 29 260
15 57 26 42 11 23 0 0.00 M M 5.3 20 220 M M 0 28 210
16 45 33 39 8 26 0 0.35 M M 11.9 24 250 M M 6 1 30 250
17 48 30 39 9 26 0 0.00 M M 9.4 17 240 M M 0 22 250
18 46 27 37 7 28 0 0.00 M M 4.8 15 240 M M 2 19 240
19 42 31 37 7 28 0 T M M 7.2 20 270 M M 8 27 290
20 38 25 32 3 33 0 T M M 12.2 21 230 M M 7 1 25 240
21 40 22 31 2 34 0 0.00 M M 9.3 18 240 M M 0 21 230
22 48 23 36 8 29 0 0.00 M M 10.7 26 250 M M 0 34 250
23 36 18 27 -1 38 0 T M M 18.8 38 60 M M 6 18 58 50
24 18 10 14 -13 51 0 T M M 23.5 37 50 M M 10 1 53 50
25 26 12 19 -8 46 0 T M M 7.6 18 60 M M 6 1 22 70
26 23 10 17 -9 48 0 0.00 M M 12.6 21 240 M M 1 26 250
27 33 13 23 -3 42 0 0.00 M M 11.5 18 240 M M 1 24 240
28 41 18 30 4 35 0 0.00 M M 10.4 17 240 M M 0 23 230
29 38 10 24 -1 41 0 0.00 M M 4.3 13 220 M M 1 16 230
30 33 17 25 0 40 0 0.00 M M 7.1 22 250 M M 6 27 260
================================================================================
SM 1319 741 914 0 0.56 M 305.2 M 86
================================================================================
AV 44.0 24.7 10.2 FASTST M M 3 MAX(MPH)
MISC ----> 38 60 58 50
================================================================================
NOTES:
# LAST OF SEVERAL OCCURRENCES
COLUMN 17 PEAK WIND IN M.P.H.
PRELIMINARY LOCAL CLIMATOLOGICAL DATA (WS FORM: F-6) , PAGE 2
STATION: ROCK SPRINGS WY
MONTH: NOVEMBER
YEAR: 2023
LATITUDE: 41 35 N
LONGITUDE: 109 4 W
[TEMPERATURE DATA] [PRECIPITATION DATA] SYMBOLS USED IN COLUMN 16
AVERAGE MONTHLY: 34.3 TOTAL FOR MONTH: 0.56 1 = FOG OR MIST
DPTR FM NORMAL: 3.1 DPTR FM NORMAL: 0.16 2 = FOG REDUCING VISIBILITY
HIGHEST: 59 ON 4 GRTST 24HR 0.35 ON 16-16 TO 1/4 MILE OR LESS
LOWEST: 10 ON 29,26 3 = THUNDER
SNOW, ICE PELLETS, HAIL 4 = ICE PELLETS
TOTAL MONTH: M 5 = HAIL
GRTST 24HR M ON M 6 = FREEZING RAIN OR DRIZZLE
GRTST DEPTH: M ON M 7 = DUSTSTORM OR SANDSTORM:
VSBY 1/2 MILE OR LESS
8 = SMOKE OR HAZE
[NO. OF DAYS WITH] [WEATHER - DAYS WITH] 9 = BLOWING SNOW
X = TORNADO
MAX 32 OR BELOW: 3 0.01 INCH OR MORE: 2
MAX 90 OR ABOVE: 0 0.10 INCH OR MORE: 2
MIN 32 OR BELOW: 24 0.50 INCH OR MORE: 0
MIN 0 OR BELOW: 0 1.00 INCH OR MORE: 0
[HDD (BASE 65) ]
TOTAL THIS MO. 914 CLEAR (SCALE 0-3) 18
DPTR FM NORMAL -102 PTCLDY (SCALE 4-7) 9
TOTAL FM JUL 1 1689 CLOUDY (SCALE 8-10) 3
DPTR FM NORMAL -266
[CDD (BASE 65) ]
TOTAL THIS MO. 0
DPTR FM NORMAL 0 [PRESSURE DATA]
TOTAL FM JAN 1 323 HIGHEST SLP 30.72 ON 21
DPTR FM NORMAL 3 LOWEST SLP 29.71 ON 6
[REMARKS]
#FINAL-11-23#