000
CXUS51 KRNK 010821
CF6RNK
PRELIMINARY LOCAL CLIMATOLOGICAL DATA (WS FORM: F-6)
STATION: BLACKSBURG VA
MONTH: MAY
YEAR: 2021
LATITUDE: 37 13 N
LONGITUDE: 80 25 W
TEMPERATURE IN F: :PCPN: SNOW: WIND :SUNSHINE: SKY :PK WND
================================================================================
1 2 3 4 5 6A 6B 7 8 9 10 11 12 13 14 15 16 17 18
12Z AVG MX 2MIN
DY MAX MIN AVG DEP HDD CDD WTR SNW DPTH SPD SPD DIR MIN PSBL S-S WX SPD DR
================================================================================
1 70 39 55 -1 10 0 0.00 0.0 0 4.1 16 330 M M 0 21 330
2 78 42 60 3 5 0 T 0.0 0 2.3 9 200 M M 1 21 190
3 70 58 64 7 1 0 0.31 0.0 0 4.0 12 200 M M 7 1 20 200
4 80 56 68 11 0 3 0.37 0.0 0 3.1 16 270 M M 2 13 38 270
5 71 50 61 3 4 0 0.09 0.0 0 6.1 17 310 M M 9 1 26 310
6 63 40 52 -6 13 0 0.00 0.0 0 3.4 15 310 M M 2 21 310
7 58 39 49 -9 16 0 0.01 0.0 0 5.4 24 320 M M 6 29 300
8 61 38 50 -8 15 0 0.05 0.0 0 5.1 16 310 M M 4 1 28 280
9 69 41 55 -3 10 0 0.09 0.0 0 5.3 13 200 M M 5 29 230
10 64 45 55 -4 10 0 0.00 0.0 0 4.3 15 310 M M 5 21 300
11 68 45 57 -2 8 0 0.00 0.0 0 2.9 13 320 M M 7 22 280
12 59 40 50 -9 15 0 T 0.0 0 3.5 9 110 M M 9 M M
13 63 34 49 -10 16 0 0.00 0.0 0 1.5 9 100 M M 6 M M
14 65 35 50 -10 15 0 T 0.0 0 1.5 8 310 M M 7 20 310
15 70 37 54 -6 11 0 0.00 0.0 0 2.0 6 140 M M 4 M M
16 60 45 53 -7 12 0 0.02 0.0 0 0.5 5 250 M M 8 M M
17 59 50 55 -5 10 0 0.17 0.0 0 2.0 8 100 M M 10 1 M M
18 71 52 62 1 3 0 0.00 0.0 0 2.0 10 130 M M 7 1 M M
19 78 49 64 3 1 0 0.00 0.0 0 2.0 9 100 M M 3 1 20 90
20 81 47 64 3 1 0 0.00 0.0 0 2.9 12 110 M M 0 17 150
21 80 50 65 4 0 0 0.00 0.0 0 3.1 10 100 M M 0 M M
22 83 50 67 5 0 2 0.00 0.0 0 2.8 10 330 M M 1 17 310
23 84 56 70 8 0 5 0.00 0.0 0 4.3 16 320 M M 3 23 310
24 83 56 70 8 0 5 0.10 0.0 0 2.3 8 340 M M 5 1 M M
25 82 64 73 11 0 8 0.66 0.0 0 2.9 10 220 M M 8 13 17 220
26 85 60 73 10 0 8 0.00 0.0 0 2.9 10 300 M M 4 22 300
27 81 60 71 8 0 6 0.00 0.0 0 2.4 8 320 M M 4 M M
28 78 60 69 6 0 4 0.34 0.0 0 2.0 9 300 M M 8 1 M M
29 64 50 57 -6 8 0 0.67 0.0 0 3.2 9 330 M M 9 1 M M
30 60 45 53 -11 12 0 0.02 0.0 0 3.0 12 330 M M 8 1 16 330
31 72 41 57 -7 8 0 0.00 0.0 0 0.9 6 120 M M 1 M M
================================================================================
SM 2210 1474 204 41 2.90 0.0 93.7 M 153
================================================================================
AV 71.3 47.5 3.0 FASTST M M 5 MAX(MPH)
MISC ----> 24 320 38 270
================================================================================
NOTES:
# LAST OF SEVERAL OCCURRENCES
COLUMN 17 PEAK WIND IN M.P.H.
PRELIMINARY LOCAL CLIMATOLOGICAL DATA (WS FORM: F-6) , PAGE 2
STATION: BLACKSBURG VA
MONTH: MAY
YEAR: 2021
LATITUDE: 37 13 N
LONGITUDE: 80 25 W
[TEMPERATURE DATA] [PRECIPITATION DATA] SYMBOLS USED IN COLUMN 16
AVERAGE MONTHLY: 59.4 TOTAL FOR MONTH: 2.90 1 = FOG OR MIST
DPTR FM NORMAL: -0.8 DPTR FM NORMAL: -1.57 2 = FOG REDUCING VISIBILITY
HIGHEST: 85 ON 26 GRTST 24HR 0.67 ON 29-29 TO 1/4 MILE OR LESS
LOWEST: 34 ON 13 3 = THUNDER
SNOW, ICE PELLETS, HAIL 4 = ICE PELLETS
TOTAL MONTH: 0.0 INCH 5 = HAIL
GRTST 24HR 0.0 6 = FREEZING RAIN OR DRIZZLE
GRTST DEPTH: 0 7 = DUSTSTORM OR SANDSTORM:
VSBY 1/2 MILE OR LESS
8 = SMOKE OR HAZE
[NO. OF DAYS WITH] [WEATHER - DAYS WITH] 9 = BLOWING SNOW
X = TORNADO
MAX 32 OR BELOW: 0 0.01 INCH OR MORE: 13
MAX 90 OR ABOVE: 0 0.10 INCH OR MORE: 7
MIN 32 OR BELOW: 0 0.50 INCH OR MORE: 2
MIN 0 OR BELOW: 0 1.00 INCH OR MORE: 0
[HDD (BASE 65) ]
TOTAL THIS MO. 204 CLEAR (SCALE 0-3) 10
DPTR FM NORMAL 21 PTCLDY (SCALE 4-7) 16
TOTAL FM JUL 1 4886 CLOUDY (SCALE 8-10) 5
DPTR FM NORMAL -375
[CDD (BASE 65) ]
TOTAL THIS MO. 41
DPTR FM NORMAL 9 [PRESSURE DATA]
TOTAL FM JAN 1 48 HIGHEST SLP M ON M
DPTR FM NORMAL 13 LOWEST SLP M ON M
[REMARKS]
#FINAL-05-21#