000
CXUS53 KARX 041212
CF6RST
PRELIMINARY LOCAL CLIMATOLOGICAL DATA (WS FORM: F-6)
STATION: ROCHESTER MN
MONTH: APRIL
YEAR: 2022
LATITUDE: 43 55 N
LONGITUDE: 92 30 W
TEMPERATURE IN F: :PCPN: SNOW: WIND :SUNSHINE: SKY :PK WND
================================================================================
1 2 3 4 5 6A 6B 7 8 9 10 11 12 13 14 15 16 17 18
12Z AVG MX 2MIN
DY MAX MIN AVG DEP HDD CDD WTR SNW DPTH SPD SPD DIR MIN PSBL S-S WX SPD DR
================================================================================
1 44 22 33 -6 32 0 0.01 T 0 7.7 16 220 M M 4 12 21 220
2 50 30 40 0 25 0 0.13 0.2 T 10.7 30 300 M M 7 1 38 290
3 42 27 35 -5 30 0 0.03 0.0 0 10.3 23 150 M M 5 30 140
4 45 30 38 -2 27 0 0.00 0.0 0 12.7 25 320 M M 7 1 32 330
5 46 32 39 -2 26 0 0.35 0.0 0 19.2 29 140 M M 7 1 37 140
6 39 33 36 -5 29 0 0.03 T 0 22.3 32 270 M M 8 1 42 300
7 39 29 34 -8 31 0 0.09 0.4 0 19.8 29 330 M M 10 1 36 330
8 44 29 37 -5 28 0 0.02 0.3 T 17.4 26 340 M M 7 1 36 340
9 53 27 40 -2 25 0 0.00 0.0 0 7.2 14 310 M M 0 23 300
10 60 33 47 4 18 0 0.00 0.0 0 18.5 36 130 M M 3 46 130
11 58 37 48 5 17 0 0.00 0.0 0 13.3 31 270 M M 3 41 250
12 61 35 48 4 17 0 2.25 0.0 0 15.4 37 110 M M 6 13 49 110
13 53 31 42 -2 23 0 0.16 T 0 15.7 28 240 M M 7 13 35 130
14 34 26 30 -15 35 0 T T 0 28.6 44 250 M M 7 56 240
15 35 26 31 -14 34 0 T T 0 18.9 31 310 M M 5 40 310
16 40 24 32 -13 33 0 0.00 0.0 0 15.1 25 310 M M 6 33 310
17 43 24 34 -12 31 0 T T 0 9.0 18 150 M M 4 24 130
18 35 27 31 -15 34 0 T T 0 21.5 33 300 M M 10 46 290
19 44 23 34 -13 31 0 0.00 0.0 0 8.3 15 140 M M 4 19 140
20 48 39 44 -3 21 0 0.28 0.0 0 16.2 31 160 M M 10 18 44 140
21 58 35 47 -1 18 0 T 0.0 0 10.8 22 310 M M 3 12 28 290
22 56 42 49 1 16 0 1.08 0.0 0 19.6 35 120 M M 8 13 45 120
23 71 55 63 15 2 0 0.23 0.0 0 23.0 37 170 M M 5 13 52 180
24 56 36 46 -3 19 0 0.00 0.0 0 23.9 38 230 M M 6 49 240
25 36 29 33 -16 32 0 T T 0 18.1 24 300 M M 10 16 32 300
26 41 27 34 -16 31 0 0.00 0.0 0 12.1 22 310 M M 7 27 310
27 46 30 38 -12 27 0 0.00 0.0 0 14.5 21 90 M M 4 26 70
28 57 36 47 -3 18 0 0.12 0.0 0 16.1 22 120 M M 8 29 110
29 58 44 51 0 14 0 1.02 0.0 0 20.5 29 110 M M 9 1 41 110
30 59 47 53 2 12 0 1.03 0.0 0 18.2 32 110 M M 9 1 44 110
================================================================================
SM 1451 965 736 0 6.83 0.9 484.6 M 189
================================================================================
AV 48.4 32.2 16.2 FASTST M M 6 MAX(MPH)
MISC ----> 44 250 56 240
================================================================================
NOTES:
# LAST OF SEVERAL OCCURRENCES
COLUMN 17 PEAK WIND IN M.P.H.
PRELIMINARY LOCAL CLIMATOLOGICAL DATA (WS FORM: F-6) , PAGE 2
STATION: ROCHESTER MN
MONTH: APRIL
YEAR: 2022
LATITUDE: 43 55 N
LONGITUDE: 92 30 W
[TEMPERATURE DATA] [PRECIPITATION DATA] SYMBOLS USED IN COLUMN 16
AVERAGE MONTHLY: 40.3 TOTAL FOR MONTH: 6.83 1 = FOG OR MIST
DPTR FM NORMAL: -4.9 DPTR FM NORMAL: 3.31 2 = FOG REDUCING VISIBILITY
HIGHEST: 71 ON 23 GRTST 24HR 2.41 ON 12-13 TO 1/4 MILE OR LESS
LOWEST: 22 ON 1 3 = THUNDER
SNOW, ICE PELLETS, HAIL 4 = ICE PELLETS
TOTAL MONTH: 0.9 INCH 5 = HAIL
GRTST 24HR 0.4 ON 7- 7 6 = FREEZING RAIN OR DRIZZLE
GRTST DEPTH: T 7 = DUSTSTORM OR SANDSTORM:
VSBY 1/2 MILE OR LESS
8 = SMOKE OR HAZE
[NO. OF DAYS WITH] [WEATHER - DAYS WITH] 9 = BLOWING SNOW
X = TORNADO
MAX 32 OR BELOW: 0 0.01 INCH OR MORE: 15
MAX 90 OR ABOVE: 0 0.10 INCH OR MORE: 10
MIN 32 OR BELOW: 18 0.50 INCH OR MORE: 4
MIN 0 OR BELOW: 0 1.00 INCH OR MORE: 4
[HDD (BASE 65) ]
TOTAL THIS MO. 736 CLEAR (SCALE 0-3) 3
DPTR FM NORMAL 140 PTCLDY (SCALE 4-7) 21
TOTAL FM JUL 1 7457 CLOUDY (SCALE 8-10) 6
DPTR FM NORMAL -85
[CDD (BASE 65) ]
TOTAL THIS MO. 0
DPTR FM NORMAL -2 [PRESSURE DATA]
TOTAL FM JAN 1 0 HIGHEST SLP 30.41 ON 26
DPTR FM NORMAL -2 LOWEST SLP 29.25 ON 6
[REMARKS]
#FINAL-04-22#