000
CXUS53 KARX 010900
CF6RST
PRELIMINARY LOCAL CLIMATOLOGICAL DATA (WS FORM: F-6)
STATION: ROCHESTER MN
MONTH: JULY
YEAR: 2021
LATITUDE: 43 55 N
LONGITUDE: 92 30 W
TEMPERATURE IN F: :PCPN: SNOW: WIND :SUNSHINE: SKY :PK WND
================================================================================
1 2 3 4 5 6A 6B 7 8 9 10 11 12 13 14 15 16 17 18
12Z AVG MX 2MIN
DY MAX MIN AVG DEP HDD CDD WTR SNW DPTH SPD SPD DIR MIN PSBL S-S WX SPD DR
================================================================================
1 86 61 74 4 0 9 0.00 0.0 0 4.9 13 20 M M 2 18 40
2 82 59 71 1 0 6 0.00 0.0 0 6.1 15 30 M M 0 20 30
3 83 57 70 -1 0 5 0.00 0.0 0 6.1 10 240 M M 0 18 200
4 87 65 76 5 0 11 0.00 0.0 0 14.2 25 220 M M 0 35 210
5 91 70 81 10 0 16 0.00 0.0 0 8.9 22 220 M M 1 32 220
6 88 67 78 7 0 13 1.33 0.0 0 6.7 25 330 M M 5 13 35 330
7 68 58 63 -8 2 0 0.62 0.0 0 9.6 16 360 M M 10 12 19 10
8 73 58 66 -5 0 1 T 0.0 0 5.3 10 40 M M 7 3 14 20
9 73 57 65 -6 0 0 0.07 0.0 0 8.0 18 120 M M 8 1 24 130
10 73 58 66 -5 0 1 0.00 0.0 0 7.8 15 90 M M 5 21 90
11 80 56 68 -3 0 3 0.00 0.0 0 7.3 15 80 M M 0 21 60
12 80 55 68 -3 0 3 0.00 0.0 0 4.1 13 50 M M 1 18 50
13 82 58 70 -1 0 5 0.00 0.0 0 6.2 12 210 M M 1 1 18 260
14 70 63 67 -4 0 2 0.93 0.0 0 7.6 23 270 M M 7 13 35 280
15 77 59 68 -3 0 3 T 0.0 0 6.6 16 350 M M 6 18 22 350
16 81 57 69 -2 0 4 0.00 0.0 0 4.9 12 70 M M 0 20 50
17 83 58 71 0 0 6 0.00 0.0 0 3.3 8 100 M M 1 12 100
18 82 57 70 -1 0 5 0.00 0.0 0 5.0 9 110 M M 1 1 14 70
19 85 56 71 0 0 6 0.00 0.0 0 4.3 8 300 M M 1 13 300
20 86 64 75 4 0 10 0.00 0.0 0 7.1 12 50 M M 0 18 17 280
21 78 66 72 2 0 7 0.00 0.0 0 6.8 14 110 M M 5 18 18 150
22 84 67 76 6 0 11 0.02 0.0 0 9.1 17 220 M M 4 18 24 220
23 87 67 77 7 0 12 0.00 0.0 0 10.4 18 190 M M 0 18 27 190
24 87 64 76 6 0 11 0.16 0.0 0 9.1 22 220 M M 2 13 34 220
25 86 61 74 4 0 9 0.00 0.0 0 7.6 14 300 M M 0 21 330
26 86 64 75 5 0 10 0.00 0.0 0 9.1 16 220 M M 1 23 230
27 88 68 78 8 0 13 0.56 0.0 0 10.2 36 70 M M 2 13 50 70
28 84 66 75 5 0 10 0.15 0.0 0 8.9 21 240 M M 1 13 36 300
29 85 66 76 6 0 11 0.00 0.0 0 10.1 18 360 M M 3 8 24 10
30 72 60 66 -4 0 1 0.02 0.0 0 5.6 12 240 M M 1 18 16 250
31 81 57 69 -1 0 4 0.27 0.0 0 6.6 16 360 M M 4 128 23 360
================================================================================
SM 2528 1899 2 208 4.13 0.0 227.5 M 79
================================================================================
AV 81.5 61.3 7.3 FASTST M M 3 MAX(MPH)
MISC ----> 36 70 50 70
================================================================================
NOTES:
# LAST OF SEVERAL OCCURRENCES
COLUMN 17 PEAK WIND IN M.P.H.
PRELIMINARY LOCAL CLIMATOLOGICAL DATA (WS FORM: F-6) , PAGE 2
STATION: ROCHESTER MN
MONTH: JULY
YEAR: 2021
LATITUDE: 43 55 N
LONGITUDE: 92 30 W
[TEMPERATURE DATA] [PRECIPITATION DATA] SYMBOLS USED IN COLUMN 16
AVERAGE MONTHLY: 71.4 TOTAL FOR MONTH: 4.13 1 = FOG OR MIST
DPTR FM NORMAL: 0.9 DPTR FM NORMAL: -0.06 2 = FOG REDUCING VISIBILITY
HIGHEST: 91 ON 5 GRTST 24HR 1.93 ON 6- 7 TO 1/4 MILE OR LESS
LOWEST: 55 ON 12 3 = THUNDER
SNOW, ICE PELLETS, HAIL 4 = ICE PELLETS
TOTAL MONTH: 0.0 INCH 5 = HAIL
GRTST 24HR 0.0 6 = FREEZING RAIN OR DRIZZLE
GRTST DEPTH: 0 7 = DUSTSTORM OR SANDSTORM:
VSBY 1/2 MILE OR LESS
8 = SMOKE OR HAZE
[NO. OF DAYS WITH] [WEATHER - DAYS WITH] 9 = BLOWING SNOW
X = TORNADO
MAX 32 OR BELOW: 0 0.01 INCH OR MORE: 10
MAX 90 OR ABOVE: 1 0.10 INCH OR MORE: 7
MIN 32 OR BELOW: 0 0.50 INCH OR MORE: 4
MIN 0 OR BELOW: 0 1.00 INCH OR MORE: 1
[HDD (BASE 65) ]
TOTAL THIS MO. 2 CLEAR (SCALE 0-3) 21
DPTR FM NORMAL -12 PTCLDY (SCALE 4-7) 9
TOTAL FM JUL 1 2 CLOUDY (SCALE 8-10) 1
DPTR FM NORMAL 1
[CDD (BASE 65) ]
TOTAL THIS MO. 208
DPTR FM NORMAL 22 [PRESSURE DATA]
TOTAL FM JAN 1 523 HIGHEST SLP 30.26 ON 18
DPTR FM NORMAL 177 LOWEST SLP 29.80 ON 28
[REMARKS]
#FINAL-07-21#