000
CXUS54 KLZK 011539
CF6RUE
PRELIMINARY LOCAL CLIMATOLOGICAL DATA (WS FORM: F-6)
STATION: RUSSELLVILLE
MONTH: AUGUST
YEAR: 2022
LATITUDE: 35 15 N
LONGITUDE: 93 6 W
TEMPERATURE IN F: :PCPN: SNOW: WIND :SUNSHINE: SKY :PK WND
================================================================================
1 2 3 4 5 6A 6B 7 8 9 10 11 12 13 14 15 16 17 18
12Z AVG MX 2MIN
DY MAX MIN AVG DEP HDD CDD WTR SNW DPTH SPD SPD DIR MIN PSBL S-S WX SPD DR
================================================================================
1 91 72 82 0 0 17 0.00 0.0 0 M M M M M M M M
2 98 74 86 4 0 21 0.02 M M 2.6 23 210 M M 0 13 32 210
3 100 77 89 7 0 24 0.00 M M 3.4 10 190 M M 2 15 70
4 89 75 82 0 0 17 0.00 M M 3.5 16 40 M M 2 24 40
5 98 74 86 4 0 21 0.00 M M 2.4 14 200 M M 2 3 21 200
6 96 76 86 4 0 21 0.00 M M 3.7 10 180 M M 2 15 200
7 98 76 87 5 0 22 0.00 M M 3.5 13 250 M M 3 17 200
8 98 74 86 4 0 21 0.18 M M 2.6 15 230 M M 2 138 19 240
9 91 73 82 0 0 17 0.29 M M 2.3 10 20 M M 3 13 13 20
10 92 74 83 1 0 18 0.01 M M 2.5 14 60 M M 4 18 21 60
11 93 70 82 0 0 17 0.00 M M 4.7 14 40 M M 2 18 60
12 95 67 81 -1 0 16 0.00 M M 4.4 14 60 M M 1 19 60
13 95 69 82 0 0 17 0.00 M M 3.6 13 60 M M 1 18 50
14 99 62 81 -1 0 16 0.00 M M 1.5 9 240 M M 0 15 210
15 104 68 86 4 0 21 0.00 M M 2.9 12 50 M M 0 15 340
16 95 72 84 2 0 19 0.00 M M 6.0 13 80 M M 0 26 80
17 75 67 71 -10 0 6 1.91 M M 3.3 14 50 M M 9 13 19 30
18 88 65 77 -4 0 12 0.00 M M 1.7 10 70 M M 5 1 12 80
19 90 64 77 -4 0 12 0.00 M M 1.3 10 70 M M 1 1 15 50
20 93 66 80 -1 0 15 0.00 M M 1.7 9 320 M M 1 13 320
21 80 71 76 -5 0 11 0.43 M M 3.5 17 300 M M 4 13 21 300
22 82 71 77 -4 0 12 1.31 M M 3.0 14 60 M M 10 1 18 60
23 86 71 79 -1 0 14 0.04 M M 3.3 14 50 M M 9 13 19 110
24 88 69 79 -1 0 14 0.00 M M 3.3 13 70 M M 6 1 18 90
25 92 67 80 0 0 15 0.00 M M 1.0 9 60 M M 4 1 14 40
26 92 68 80 0 0 15 0.00 M M 1.0 8 170 M M 0 1 12 150
27 92 70 81 1 0 16 0.00 M M 1.8 10 100 M M 2 1 14 100
28 91 73 82 2 0 17 0.00 M M 3.3 12 200 M M 2 16 160
29 93 73 83 4 0 18 T M M 3.0 18 350 M M 1 25 10
30 94 71 83 4 0 18 0.00 M M 1.2 9 40 M M 3 13 300
31 92 72 82 3 0 17 0.00 M M 1.9 9 80 M M 3 15 90
================================================================================
SM 2860 2191 0 517 4.19 0.0 83.9 M 84
================================================================================
AV 92.3 70.7 2.8 FASTST M M 3 MAX(MPH)
MISC ----> 23 210 32 210
================================================================================
NOTES:
# LAST OF SEVERAL OCCURRENCES
COLUMN 17 PEAK WIND IN M.P.H.
PRELIMINARY LOCAL CLIMATOLOGICAL DATA (WS FORM: F-6) , PAGE 2
STATION: RUSSELLVILLE
MONTH: AUGUST
YEAR: 2022
LATITUDE: 35 15 N
LONGITUDE: 93 6 W
[TEMPERATURE DATA] [PRECIPITATION DATA] SYMBOLS USED IN COLUMN 16
AVERAGE MONTHLY: 81.5 TOTAL FOR MONTH: 4.19 1 = FOG OR MIST
DPTR FM NORMAL: 0.4 DPTR FM NORMAL: 0.68 2 = FOG REDUCING VISIBILITY
HIGHEST: 104 ON 15 GRTST 24HR 1.91 ON 17-18 TO 1/4 MILE OR LESS
LOWEST: 62 ON 14 3 = THUNDER
SNOW, ICE PELLETS, HAIL 4 = ICE PELLETS
TOTAL MONTH: 0.0 INCH 5 = HAIL
GRTST 24HR 0.0 6 = FREEZING RAIN OR DRIZZLE
GRTST DEPTH: 0 7 = DUSTSTORM OR SANDSTORM:
VSBY 1/2 MILE OR LESS
8 = SMOKE OR HAZE
[NO. OF DAYS WITH] [WEATHER - DAYS WITH] 9 = BLOWING SNOW
X = TORNADO
MAX 32 OR BELOW: 0 0.01 INCH OR MORE: 8
MAX 90 OR ABOVE: 24 0.10 INCH OR MORE: 5
MIN 32 OR BELOW: 0 0.50 INCH OR MORE: 2
MIN 0 OR BELOW: 0 1.00 INCH OR MORE: 2
[HDD (BASE 65) ]
TOTAL THIS MO. 0 CLEAR (SCALE 0-3) 18
DPTR FM NORMAL 0 PTCLDY (SCALE 4-7) 9
TOTAL FM JUL 1 0 CLOUDY (SCALE 8-10) 4
DPTR FM NORMAL 0
[CDD (BASE 65) ]
TOTAL THIS MO. 517
DPTR FM NORMAL 17 [PRESSURE DATA]
TOTAL FM JAN 1 1859 HIGHEST SLP 30.12 ON 7
DPTR FM NORMAL 216 LOWEST SLP 29.78 ON 28
[REMARKS]
#FINAL-08-22#