000
CXUS54 KLZK 011130
CF6RUE
PRELIMINARY LOCAL CLIMATOLOGICAL DATA (WS FORM: F-6)
STATION: RUSSELLVILLE
MONTH: OCTOBER
YEAR: 2021
LATITUDE: 35 15 N
LONGITUDE: 93 6 W
TEMPERATURE IN F: :PCPN: SNOW: WIND :SUNSHINE: SKY :PK WND
================================================================================
1 2 3 4 5 6A 6B 7 8 9 10 11 12 13 14 15 16 17 18
12Z AVG MX 2MIN
DY MAX MIN AVG DEP HDD CDD WTR SNW DPTH SPD SPD DIR MIN PSBL S-S WX SPD DR
================================================================================
1 83 70 77 9 0 12 T M M 2.5 12 160 M M 7 1 18 170
2 84 69 77 9 0 12 T M M 1.8 23 270 M M 8 3 32 270
3 83 61 72 5 0 7 0.00 M M 4.5 15 270 M M 5 1 21 280
4 86 57 72 5 0 7 0.00 M M 3.0 12 330 M M 2 1 16 320
5 85 54 70 4 0 5 0.00 M M 3.0 13 10 M M 1 17 340
6 71 63 67 1 0 2 0.08 M M 1.4 8 40 M M 9 1 10 70
7 85 59 72 6 0 7 0.00 M M 1.4 12 300 M M 4 12 15 300
8 93 57 75 10 0 10 0.00 M M 3.6 14 190 M M 1 1 19 200
9 92 61 77 12 0 12 0.00 M M 3.2 14 190 M M 0 19 200
10 88 64 76 12 0 11 0.00 M M 5.9 16 190 M M 4 23 180
11 81 55 68 4 0 3 0.22 M M 6.6 21 270 M M 4 13 28 270
12 81 50 66 2 0 1 0.01 M M 2.3 12 80 M M 3 1 17 80
13 86 70 78 15 0 13 0.00 M M 4.1 14 180 M M 8 22 180
14 74 64 69 6 0 4 0.22 M M 2.6 22 250 M M 8 12 29 250
15 75 48 62 0 3 0 0.11 M M 3.9 21 330 M M 7 123 30 300
16 72 44 58 -4 7 0 0.00 M M 3.5 17 300 M M 0 1 25 290
17 75 39 57 -5 8 0 0.00 M M 1.2 9 320 M M 0 13 260
18 74 41 58 -3 7 0 0.00 M M 1.7 10 90 M M 0 1 14 120
19 77 43 60 -1 5 0 0.00 M M 2.0 10 210 M M 0 15 210
20 83 47 65 4 0 0 0.00 M M 2.7 12 210 M M 3 18 200
21 77 47 62 2 3 0 0.00 M M 6.1 16 270 M M 2 22 280
22 76 43 60 0 5 0 0.00 M M 0.6 7 270 M M 1 10 190
23 84 50 67 8 0 2 0.00 M M 2.4 14 190 M M 5 20 200
24 87 65 76 17 0 11 1.03 M M 7.3 24 300 M M 5 13 34 300
25 76 53 65 6 0 0 0.00 M M 3.7 13 300 M M 1 1 17 270
26 67 50 59 1 6 0 0.00 M M 5.3 13 80 M M 3 19 60
27 62 56 59 1 6 0 0.83 M M 7.0 20 60 M M 9 13 28 100
28 59 52 56 -2 9 0 0.06 M M 11.1 23 320 M M 10 1 35 280
29 59 52 56 -1 9 0 0.00 M M 11.5 18 300 M M 10 29 320
30 69 43 56 -1 9 0 0.00 M M 5.6 15 280 M M 3 19 280
31 74 38 56 0 9 0 0.00 M M 2.8 12 20 M M 0 1 18 20
================================================================================
SM 2418 1665 86 119 2.56 M 124.3 M 123
================================================================================
AV 78.0 53.7 4.0 FASTST M M 4 MAX(MPH)
MISC ----> 24 300 35 280
================================================================================
NOTES:
# LAST OF SEVERAL OCCURRENCES
COLUMN 17 PEAK WIND IN M.P.H.
PRELIMINARY LOCAL CLIMATOLOGICAL DATA (WS FORM: F-6) , PAGE 2
STATION: RUSSELLVILLE
MONTH: OCTOBER
YEAR: 2021
LATITUDE: 35 15 N
LONGITUDE: 93 6 W
[TEMPERATURE DATA] [PRECIPITATION DATA] SYMBOLS USED IN COLUMN 16
AVERAGE MONTHLY: 65.9 TOTAL FOR MONTH: 2.56 1 = FOG OR MIST
DPTR FM NORMAL: 3.8 DPTR FM NORMAL: -1.50 2 = FOG REDUCING VISIBILITY
HIGHEST: 93 ON 8 GRTST 24HR 1.03 ON 24-24 TO 1/4 MILE OR LESS
LOWEST: 38 ON 31 3 = THUNDER
SNOW, ICE PELLETS, HAIL 4 = ICE PELLETS
TOTAL MONTH: M 5 = HAIL
GRTST 24HR M ON M 6 = FREEZING RAIN OR DRIZZLE
GRTST DEPTH: M ON M 7 = DUSTSTORM OR SANDSTORM:
VSBY 1/2 MILE OR LESS
8 = SMOKE OR HAZE
[NO. OF DAYS WITH] [WEATHER - DAYS WITH] 9 = BLOWING SNOW
X = TORNADO
MAX 32 OR BELOW: 0 0.01 INCH OR MORE: 8
MAX 90 OR ABOVE: 2 0.10 INCH OR MORE: 5
MIN 32 OR BELOW: 0 0.50 INCH OR MORE: 2
MIN 0 OR BELOW: 0 1.00 INCH OR MORE: 1
[HDD (BASE 65) ]
TOTAL THIS MO. 86 CLEAR (SCALE 0-3) 13
DPTR FM NORMAL -71 PTCLDY (SCALE 4-7) 13
TOTAL FM JUL 1 87 CLOUDY (SCALE 8-10) 5
DPTR FM NORMAL -82
[CDD (BASE 65) ]
TOTAL THIS MO. 119
DPTR FM NORMAL 52 [PRESSURE DATA]
TOTAL FM JAN 1 2028 HIGHEST SLP 30.32 ON 17
DPTR FM NORMAL 47 LOWEST SLP 29.34 ON 28
[REMARKS]
#FINAL-10-21#