000
CXUS54 KLZK 011330
CF6RUE
PRELIMINARY LOCAL CLIMATOLOGICAL DATA (WS FORM: F-6)
STATION: RUSSELLVILLE
MONTH: JANUARY
YEAR: 2024
LATITUDE: 35 15 N
LONGITUDE: 93 6 W
TEMPERATURE IN F: :PCPN: SNOW: WIND :SUNSHINE: SKY :PK WND
================================================================================
1 2 3 4 5 6A 6B 7 8 9 10 11 12 13 14 15 16 17 18
12Z AVG MX 2MIN
DY MAX MIN AVG DEP HDD CDD WTR SNW DPTH SPD SPD DIR MIN PSBL S-S WX SPD DR
================================================================================
1 46 23 35 -5 30 0 0.00 M M 2.5 8 90 M M 0 14 90
2 45 22 34 -6 31 0 0.00 M M 0.7 7 190 M M 0 11 190
3 54 30 42 2 23 0 0.00 M M 2.2 13 270 M M 0 18 18 280
4 43 23 33 -7 32 0 0.00 M M 4.1 12 100 M M 2 18 18 80
5 38 31 35 -5 30 0 0.61 M M 3.5 14 100 M M 8 18 26 100
6 43 37 40 0 25 0 0.00 M M 7.8 20 290 M M 10 1 27 300
7 54 25 40 0 25 0 0.00 M M 1.7 9 100 M M 1 1 15 100
8 43 39 41 1 24 0 1.27 M M 7.1 15 100 M M 8 13 27 100
9 42 34 38 -2 27 0 0.02 M M 15.5 31 280 M M 10 1 48 290
10 57 24 41 1 24 0 0.00 M M 3.9 21 190 M M 1 28 180
11 60 25 43 3 22 0 1.14 M M 4.3 31 270 M M 3 13 44 260
12 58 25 42 2 23 0 0.58 M M 15.5 33 280 M M 7 138 45 260
13 48 20 34 -6 31 0 0.00 M M 6.5 18 300 M M 0 25 300
14 22 9 16 -24 49 0 0.10 M M 6.7 13 350 M M 6 8 18 310
15 21 6 14 -26 51 0 T M M 6.5 13 320 M M 5 21 340
16 20 2 11 -29 54 0 0.00 M M 6.9 16 330 M M 0 24 330
17 38 0 19 -21 46 0 0.00 M M 2.5 10 150 M M 0 17 180
18 43 24 34 -6 31 0 0.00 M M 2.8 8 100 M M 5 18 14 100
19 34 19 27 -13 38 0 0.00 M M 9.5 17 280 M M 0 18 26 320
20 30 13 22 -18 43 0 0.00 M M 5.0 9 100 M M 0 17 90
21 30 14 22 -18 43 0 0.00 M M 6.9 15 100 M M 5 20 100
22 41 30 36 -4 29 0 1.68 M M 5.6 15 100 M M 10 16 30 110
23 52 38 45 5 20 0 0.58 M M 1.2 8 70 M M 10 12 16 70
24 54 46 50 10 15 0 T M M 0.3 5 260 M M 3 12 6 110
25 58 41 50 10 15 0 0.07 M M 3.9 14 310 M M 3 12 20 310
26 52 36 44 4 21 0 T M M 2.8 10 60 M M 0 12 14 80
27 49 40 45 5 20 0 0.21 M M 8.1 14 300 M M 0 1 21 300
28 56 33 45 4 20 0 0.00 M M 8.2 18 290 M M 0 25 280
29 68 28 48 7 17 0 0.00 M M 1.2 9 190 M M 0 1 14 190
30 70 33 52 11 13 0 0.00 M M 4.1 17 300 M M 0 1 23 290
31 63 31 47 6 18 0 0.00 M M 1.2 6 90 M M 0 10 210
================================================================================
SM 1432 801 890 0 6.26 M 158.7 M 97
================================================================================
AV 46.2 25.8 5.1 FASTST M M 3 MAX(MPH)
MISC ----> 33 280 48 290
================================================================================
NOTES:
# LAST OF SEVERAL OCCURRENCES
COLUMN 17 PEAK WIND IN M.P.H.
PRELIMINARY LOCAL CLIMATOLOGICAL DATA (WS FORM: F-6) , PAGE 2
STATION: RUSSELLVILLE
MONTH: JANUARY
YEAR: 2024
LATITUDE: 35 15 N
LONGITUDE: 93 6 W
[TEMPERATURE DATA] [PRECIPITATION DATA] SYMBOLS USED IN COLUMN 16
AVERAGE MONTHLY: 36.0 TOTAL FOR MONTH: 6.26 1 = FOG OR MIST
DPTR FM NORMAL: -4.0 DPTR FM NORMAL: 3.06 2 = FOG REDUCING VISIBILITY
HIGHEST: 70 ON 30 GRTST 24HR 1.78 ON 22-23 TO 1/4 MILE OR LESS
LOWEST: 0 ON 17 3 = THUNDER
SNOW, ICE PELLETS, HAIL 4 = ICE PELLETS
TOTAL MONTH: M 5 = HAIL
GRTST 24HR M ON M 6 = FREEZING RAIN OR DRIZZLE
GRTST DEPTH: M ON M 7 = DUSTSTORM OR SANDSTORM:
VSBY 1/2 MILE OR LESS
8 = SMOKE OR HAZE
[NO. OF DAYS WITH] [WEATHER - DAYS WITH] 9 = BLOWING SNOW
X = TORNADO
MAX 32 OR BELOW: 5 0.01 INCH OR MORE: 10
MAX 90 OR ABOVE: 0 0.10 INCH OR MORE: 8
MIN 32 OR BELOW: 21 0.50 INCH OR MORE: 6
MIN 0 OR BELOW: 1 1.00 INCH OR MORE: 3
[HDD (BASE 65) ]
TOTAL THIS MO. 890 CLEAR (SCALE 0-3) 19
DPTR FM NORMAL 114 PTCLDY (SCALE 4-7) 8
TOTAL FM JUL 1 1985 CLOUDY (SCALE 8-10) 4
DPTR FM NORMAL -106
[CDD (BASE 65) ]
TOTAL THIS MO. 0
DPTR FM NORMAL -1 [PRESSURE DATA]
TOTAL FM JAN 1 0 HIGHEST SLP 30.67 ON 20
DPTR FM NORMAL -1 LOWEST SLP 29.33 ON 9
[REMARKS]
#FINAL-01-24#