000
CXUS51 KBTV 010800
CF6RUT
PRELIMINARY LOCAL CLIMATOLOGICAL DATA (WS FORM: F-6)
STATION: RUTLAND VT
MONTH: NOVEMBER
YEAR: 2022
LATITUDE: 43 31 N
LONGITUDE: 72 57 W
TEMPERATURE IN F: :PCPN: SNOW: WIND :SUNSHINE: SKY :PK WND
================================================================================
1 2 3 4 5 6A 6B 7 8 9 10 11 12 13 14 15 16 17 18
12Z AVG MX 2MIN
DY MAX MIN AVG DEP HDD CDD WTR SNW DPTH SPD SPD DIR MIN PSBL S-S WX SPD DR
================================================================================
1 65 52 59 M 6 0 0.00 M M 2.9 9 240 M M 10 M M
2 61 36 49 M 16 0 0.00 M M 5.8 10 360 M M 0 1 M M
3 67 33 50 M 15 0 0.00 M M 7.3 13 120 M M 0 M M
4 70 40 55 M 10 0 0.00 M M 7.1 13 120 M M 0 M M
5 75 52 64 M 1 0 0.00 M M 8.8 15 160 M M 5 30 210
6 73 66 70 M 0 5 T M M 9.5 15 180 M M 8 22 150
7 71 46 59 M 6 0 0.29 M M 9.8 24 240 M M 3 33 290
8 46 28 37 M 28 0 0.00 M M 8.1 18 310 M M 1 32 320
9 53 24 39 M 26 0 0.00 M M 4.3 14 120 M M 0 M M
10 65 28 47 M 18 0 0.00 M M 4.9 14 250 M M 0 20 240
11 69 44 57 M 8 0 0.42 M M 8.2 17 130 M M 6 21 120
12 72 47 60 M 5 0 0.32 M M 8.8 17 130 M M 10 1 24 170
13 48 32 40 M 25 0 0.06 M M 4.7 12 310 M M 10 21 290
14 37 24 31 M 34 0 T M M 7.8 14 300 M M 4 27 320
15 34 20 27 M 38 0 M M M 6.0 13 150 M M 3 1 17 150
16 37 30 34 M 31 0 0.40 M M 5.6 14 150 M M 10 1 21 150
17 36 28 32 M 33 0 T M M 7.0 15 280 M M 10 1 26 280
18 37 26 32 M 33 0 T M M 6.4 13 240 M M 9 18 210
19 36 28 32 M 33 0 0.00 M M 5.8 13 220 M M 5 17 220
20 30 19 25 M 40 0 T M M 11.5 20 260 M M 8 1 37 270
21 39 13 26 M 39 0 0.00 M M 7.7 20 240 M M 3 33 240
22 41 27 34 M 31 0 0.00 M M 6.0 14 260 M M 3 24 260
23 44 26 35 M 30 0 0.00 M M 5.4 12 280 M M 10 21 280
24 48 26 37 M 28 0 0.00 M M 4.3 13 120 M M 2 M M
25 47 33 40 M 25 0 T M M 9.6 18 290 M M 7 31 270
26 48 35 42 M 23 0 T M M 7.0 12 240 M M 4 22 310
27 51 33 42 M 23 0 0.42 M M 5.3 14 110 M M 5 1 23 110
28 48 32 40 M 25 0 0.16 M M 8.4 13 330 M M 10 1 21 330
29 34 29 32 M 33 0 0.00 M M 4.5 8 250 M M 9 M M
30 52 31 42 M 23 0 0.53 M M 14.3 22 200 M M 8 1 35 130
================================================================================
SM 1534 988 686 5 2.60 M 212.9 M 163
================================================================================
AV 51.1 32.9 7.1 FASTST M M 5 MAX(MPH)
MISC ----> 24 240 37 270
================================================================================
NOTES:
# LAST OF SEVERAL OCCURRENCES
COLUMN 17 PEAK WIND IN M.P.H.
PRELIMINARY LOCAL CLIMATOLOGICAL DATA (WS FORM: F-6) , PAGE 2
STATION: RUTLAND VT
MONTH: NOVEMBER
YEAR: 2022
LATITUDE: 43 31 N
LONGITUDE: 72 57 W
[TEMPERATURE DATA] [PRECIPITATION DATA] SYMBOLS USED IN COLUMN 16
AVERAGE MONTHLY: 42.0 TOTAL FOR MONTH: 2.60 1 = FOG OR MIST
DPTR FM NORMAL: 0.0 DPTR FM NORMAL: M 2 = FOG REDUCING VISIBILITY
HIGHEST: 75 ON 5 GRTST 24HR 0.53 ON 30-30 TO 1/4 MILE OR LESS
LOWEST: 13 ON 21 3 = THUNDER
SNOW, ICE PELLETS, HAIL 4 = ICE PELLETS
TOTAL MONTH: M 5 = HAIL
GRTST 24HR M ON M 6 = FREEZING RAIN OR DRIZZLE
GRTST DEPTH: M ON M 7 = DUSTSTORM OR SANDSTORM:
VSBY 1/2 MILE OR LESS
8 = SMOKE OR HAZE
[NO. OF DAYS WITH] [WEATHER - DAYS WITH] 9 = BLOWING SNOW
X = TORNADO
MAX 32 OR BELOW: 1 0.01 INCH OR MORE: 8
MAX 90 OR ABOVE: 0 0.10 INCH OR MORE: 7
MIN 32 OR BELOW: 18 0.50 INCH OR MORE: 1
MIN 0 OR BELOW: 0 1.00 INCH OR MORE: 0
[HDD (BASE 65) ]
TOTAL THIS MO. 686 CLEAR (SCALE 0-3) 10
DPTR FM NORMAL M PTCLDY (SCALE 4-7) 11
TOTAL FM JUL 1 1340 CLOUDY (SCALE 8-10) 9
DPTR FM NORMAL M
[CDD (BASE 65) ]
TOTAL THIS MO. 5
DPTR FM NORMAL M [PRESSURE DATA]
TOTAL FM JAN 1 495 HIGHEST SLP M ON M
DPTR FM NORMAL M LOWEST SLP M ON M
[REMARKS]
#FINAL-11-22#