000
CXUS55 KCYS 022223 CCA
CF6RWL
PRELIMINARY LOCAL CLIMATOLOGICAL DATA (WS FORM: F-6)...CORRECTED
STATION: RAWLINS WYOMING AIRPORT
MONTH: FEBRUARY
YEAR: 2023
LATITUDE: 41 47 N
LONGITUDE: 107 12 W
TEMPERATURE IN F: :PCPN: SNOW: WIND :SUNSHINE: SKY :PK WND
================================================================================
1 2 3 4 5 6A 6B 7 8 9 10 11 12 13 14 15 16 17 18
12Z AVG MX 2MIN
DY MAX MIN AVG DEP HDD CDD WTR SNW DPTH SPD SPD DIR MIN PSBL S-S WX SPD DR
================================================================================
1 22 10 16 -6 49 0 T M M 15.1 30 250 M M 2 42 240
2 30 18 24 2 41 0 0.00 M M 10.5 30 240 M M 0 41 240
3 36 22 29 7 36 0 0.00 M M 16.3 30 220 M M 0 42 240
4 32 23 28 6 37 0 0.00 M M 21.1 38 240 M M 1 48 230
5 39 25 32 9 33 0 0.00 M M 19.2 37 200 M M 3 51 200
6 28 18 23 0 42 0 T M M 16.1 26 250 M M 6 18 39 250
7 29 18 24 1 41 0 0.00 M M 13.0 24 220 M M 2 34 230
8 29 18 24 1 41 0 0.13 M M 22.2 36 270 M M 3 12 47 230
9 20 6 13 -10 52 0 T M M 10.5 21 330 M M 3 18 27 10
10 29 4 17 -6 48 0 0.00 M M 7.1 17 200 M M 0 25 30
11 39 13 26 3 39 0 0.00 M M 8.2 25 210 M M 0 36 230
12 31 6 19 -4 46 0 0.00 M M 7.0 24 240 M M 1 32 240
13 37 2 20 -3 45 0 0.00 M M 12.4 26 220 M M 0 39 230
14 31 11 21 -3 44 0 T M M 17.6 32 260 M M 3 1 47 20
15 11 -9 1 -23 64 0 0.07 M M 14.3 29 40 M M 8 8 45 40
16 16 -11 3 -21 62 0 0.00 M M 9.5 28 250 M M 0 42 230
17 30 11 21 -3 44 0 T M M 15.4 25 210 M M 0 37 210
18 32 15 24 0 41 0 T M M 20.0 33 230 M M 2 49 230
19 27 21 24 -1 41 0 T M M 31.2 43 260 M M 6 1 64 240
20 35 23 29 4 36 0 T M M 33.5 44 240 M M 7 1 61 240
21 35 11 23 -2 42 0 0.34 M M 30.3 48 230 M M 9 128 66 220
22 13 -23 -5 -31 70 0 1.24 M M 16.7 24 30 M M 10 128 37 40
23 4 -25 -10 -36 75 0 T M M 4.6 12 110 M M 6 18 17 100
24 23 -4 10 -16 55 0 0.04 M M 10.1 24 240 M M 5 18 34 220
25 37 20 29 2 36 0 0.00 M M 20.4 32 230 M M 0 8 44 230
26 39 14 27 0 38 0 0.00 M M 12.2 35 250 M M 4 44 230
27 29 23 26 -1 39 0 0.10 M M 24.9 35 230 M M 6 18 50 230
28 27 11 19 -9 46 0 0.03 M M 23.3 36 250 M M 6 128 55 240
================================================================================
SM 790 271 1283 0 1.95 M 462.7 M 93
================================================================================
AV 28.2 9.7 16.5 FASTST M M 3 MAX(MPH)
MISC ----> 48 230 66 220
================================================================================
NOTES:
# LAST OF SEVERAL OCCURRENCES
COLUMN 17 PEAK WIND IN M.P.H.
PRELIMINARY LOCAL CLIMATOLOGICAL DATA (WS FORM: F-6) , PAGE 2
STATION: RAWLINS WYOMING AIRPORT
MONTH: FEBRUARY
YEAR: 2023
LATITUDE: 41 47 N
LONGITUDE: 107 12 W
[TEMPERATURE DATA] [PRECIPITATION DATA] SYMBOLS USED IN COLUMN 16
AVERAGE MONTHLY: 18.9 TOTAL FOR MONTH: 1.95 1 = FOG OR MIST
DPTR FM NORMAL: -5.3 DPTR FM NORMAL: 1.47 2 = FOG REDUCING VISIBILITY
HIGHEST: 39 ON 26,11 GRTST 24HR 1.24 ON 22-22 TO 1/4 MILE OR LESS
LOWEST: -25 ON 23 3 = THUNDER
SNOW, ICE PELLETS, HAIL 4 = ICE PELLETS
TOTAL MONTH: M 5 = HAIL
GRTST 24HR M ON M 6 = FREEZING RAIN OR DRIZZLE
GRTST DEPTH: M ON M 7 = DUSTSTORM OR SANDSTORM:
VSBY 1/2 MILE OR LESS
8 = SMOKE OR HAZE
[NO. OF DAYS WITH] [WEATHER - DAYS WITH] 9 = BLOWING SNOW
X = TORNADO
MAX 32 OR BELOW: 20 0.01 INCH OR MORE: 7
MAX 90 OR ABOVE: 0 0.10 INCH OR MORE: 4
MIN 32 OR BELOW: 28 0.50 INCH OR MORE: 1
MIN 0 OR BELOW: 5 1.00 INCH OR MORE: 1
[HDD (BASE 65) ]
TOTAL THIS MO. 1283 CLEAR (SCALE 0-3) 15
DPTR FM NORMAL 141 PTCLDY (SCALE 4-7) 11
TOTAL FM JUL 1 5981 CLOUDY (SCALE 8-10) 2
DPTR FM NORMAL 176
[CDD (BASE 65) ]
TOTAL THIS MO. 0
DPTR FM NORMAL 0 [PRESSURE DATA]
TOTAL FM JAN 1 0 HIGHEST SLP 30.65 ON 9
DPTR FM NORMAL 0 LOWEST SLP 29.15 ON 22
[REMARKS]
#FINAL-02-23#
FEBRUARY 8...USED COOP BACKUP FOR PRECIPITATION
FEBRUARY 15...USED COOP BACKUP FOR PRECIPITATION
FEBRUARY 21...USED COOP BACKUP FOR PRECIPITATION
FEBRUARY 21...RECORD DAILY PRECIPITATION 0.34" (PREVIOUS 0.20" IN 1962)
FEBRUARY 22...USED COOP BACKUP FOR PRECIPITATION
FEBRUARY 22...RECORD DAILY PRECIPITATION 1.24" (PREVIOUS 0.23" IN 1959)
FEBRUARY 22...RECORD LOW TEMPERATURE -23F (PREVIOUS -11F IN 1975)
FEBRUARY 23...RECORD LOW TEMPERATURE -25F (PREVIOUS -15F IN 1960)
FEBRUARY 27...USED COOP BACKUP FOR PRECIPITATION