000
CXUS55 KCYS 031130 CCA
CF6RWL
PRELIMINARY LOCAL CLIMATOLOGICAL DATA (WS FORM: F-6)...CORRECTED
STATION: RAWLINS WYOMING AIRPORT
MONTH: AUGUST
YEAR: 2022
LATITUDE: 41 47 N
LONGITUDE: 107 12 W
TEMPERATURE IN F: :PCPN: SNOW: WIND :SUNSHINE: SKY :PK WND
================================================================================
1 2 3 4 5 6A 6B 7 8 9 10 11 12 13 14 15 16 17 18
12Z AVG MX 2MIN
DY MAX MIN AVG DEP HDD CDD WTR SNW DPTH SPD SPD DIR MIN PSBL S-S WX SPD DR
================================================================================
1 91 64 78 9 0 13 0.00 M M 9.3 24 230 M M 0 33 230
2 81 59 70 1 0 5 0.01 M M 15.2 33 270 M M 5 38 45 270
3 85 55 70 1 0 5 0.00 M M 10.4 20 230 M M 1 30 230
4 92 58 75 7 0 10 0.00 M M 8.9 21 250 M M 0 36 260
5 90 59 75 7 0 10 T M M 10.5 29 230 M M 2 39 250
6 89 52 71 3 0 6 T M M 12.2 33 220 M M 2 46 200
7 83 57 70 2 0 5 T M M 9.2 18 290 M M 2 28 270
8 87 47 67 -1 0 2 0.00 M M 7.6 21 260 M M 0 31 290
9 93 47 70 2 0 5 0.00 M M 6.0 16 70 M M 0 25 70
10 96 59 78 11 0 13 0.00 M M 7.0 15 150 M M 0 21 150
11 93 62 78 11 0 13 0.12 M M 13.2 47 100 M M 3 65 90
12 89 59 74 7 0 9 0.15 M M 5.9 25 20 M M 2 31 50
13 87 56 72 5 0 7 0.30 M M 6.5 24 140 M M 3 3 34 140
14 81 56 69 3 0 4 T M M 6.9 24 280 M M 6 35 280
15 83 56 70 4 0 5 0.00 M M 9.6 22 80 M M 5 3 29 80
16 84 51 68 2 0 3 0.00 M M 8.7 18 90 M M 0 27 90
17 86 47 67 1 0 2 T M M 5.7 29 360 M M 1 42 350
18 88 51 70 4 0 5 0.00 M M 5.8 17 10 M M 1 24 360
19 84 53 69 4 0 4 0.00 M M 9.8 21 30 M M 1 27 40
20 80 46 63 -2 2 0 0.00 M M 6.1 17 230 M M 2 25 250
21 80 53 67 2 0 2 0.00 M M 6.4 17 250 M M 2 27 250
22 86 47 67 2 0 2 0.00 M M 6.8 16 80 M M 1 23 90
23 85 52 69 5 0 4 0.00 M M 6.7 22 110 M M 1 28 120
24 88 47 68 4 0 3 T M M 9.0 28 50 M M 1 35 40
25 83 51 67 3 0 2 0.00 M M 7.4 21 310 M M 1 28 290
26 85 56 71 7 0 6 T M M 10.8 35 300 M M 2 45 300
27 86 56 71 8 0 6 T M M 13.0 33 290 M M 0 51 300
28 83 57 70 7 0 5 T M M 18.3 33 260 M M 0 46 260
29 84 45 65 2 0 0 0.00 M M 5.2 17 290 M M 0 25 300
30 89 46 68 6 0 3 0.00 M M 6.9 23 270 M M 0 30 260
31 90 46 68 6 0 3 0.00 M M 4.7 18 360 M M 0 25 360
================================================================================
SM 2681 1650 2 162 0.58 M 269.7 M 44
================================================================================
AV 86.5 53.2 8.7 FASTST M M 1 MAX(MPH)
MISC ----> 47 100 65 90
================================================================================
NOTES:
# LAST OF SEVERAL OCCURRENCES
COLUMN 17 PEAK WIND IN M.P.H.
PRELIMINARY LOCAL CLIMATOLOGICAL DATA (WS FORM: F-6) , PAGE 2
STATION: RAWLINS WYOMING AIRPORT
MONTH: AUGUST
YEAR: 2022
LATITUDE: 41 47 N
LONGITUDE: 107 12 W
[TEMPERATURE DATA] [PRECIPITATION DATA] SYMBOLS USED IN COLUMN 16
AVERAGE MONTHLY: 69.9 TOTAL FOR MONTH: 0.58 1 = FOG OR MIST
DPTR FM NORMAL: 4.1 DPTR FM NORMAL: -0.15 2 = FOG REDUCING VISIBILITY
HIGHEST: 96 ON 10 GRTST 24HR 0.30 ON 13-13 TO 1/4 MILE OR LESS
LOWEST: 45 ON 29 3 = THUNDER
SNOW, ICE PELLETS, HAIL 4 = ICE PELLETS
TOTAL MONTH: M 5 = HAIL
GRTST 24HR M ON M 6 = FREEZING RAIN OR DRIZZLE
GRTST DEPTH: M ON M 7 = DUSTSTORM OR SANDSTORM:
VSBY 1/2 MILE OR LESS
8 = SMOKE OR HAZE
[NO. OF DAYS WITH] [WEATHER - DAYS WITH] 9 = BLOWING SNOW
X = TORNADO
MAX 32 OR BELOW: 0 0.01 INCH OR MORE: 4
MAX 90 OR ABOVE: 7 0.10 INCH OR MORE: 3
MIN 32 OR BELOW: 0 0.50 INCH OR MORE: 0
MIN 0 OR BELOW: 0 1.00 INCH OR MORE: 0
[HDD (BASE 65) ]
TOTAL THIS MO. 2 CLEAR (SCALE 0-3) 27
DPTR FM NORMAL -49 PTCLDY (SCALE 4-7) 4
TOTAL FM JUL 1 5 CLOUDY (SCALE 8-10) 0
DPTR FM NORMAL -72
[CDD (BASE 65) ]
TOTAL THIS MO. 162
DPTR FM NORMAL 85 [PRESSURE DATA]
TOTAL FM JAN 1 395 HIGHEST SLP 30.18 ON 30
DPTR FM NORMAL 178 LOWEST SLP 29.62 ON 27
[REMARKS]
AUGUST 10...RECORD HIGH 96 DEGREES (PREVIOUS 92 DEGREES IN 2003).
AUGUST 31...RECORD HIGH 90 DEGREES (PREVIOUS 89 DEGREES IN 1995 AND 1954).
AVERAGE TEMPERATURE 69.9 DEGREES WAS SECOND WARMEST AUGUST.
#FINAL-08-22#