000
CXUS55 KCYS 050203 CCA
CF6RWL
PRELIMINARY LOCAL CLIMATOLOGICAL DATA (WS FORM: F-6)...CORRECTED
STATION: RAWLINS WYOMING AIRPORT
MONTH: JUNE
YEAR: 2022
LATITUDE: 41 47 N
LONGITUDE: 107 12 W
TEMPERATURE IN F: :PCPN: SNOW: WIND :SUNSHINE: SKY :PK WND
================================================================================
1 2 3 4 5 6A 6B 7 8 9 10 11 12 13 14 15 16 17 18
12Z AVG MX 2MIN
DY MAX MIN AVG DEP HDD CDD WTR SNW DPTH SPD SPD DIR MIN PSBL S-S WX SPD DR
================================================================================
1 63 33 48 -7 17 0 0.00 M M 6.5 14 40 M M 1 18 20
2 71 36 54 -2 11 0 0.00 M M 7.6 18 70 M M 1 27 70
3 79 41 60 4 5 0 T M M 8.8 40 240 M M 0 58 240
4 78 41 60 4 5 0 0.00 M M 8.4 25 280 M M 3 41 280
5 73 49 61 4 4 0 T M M 15.1 32 250 M M 4 45 240
6 73 48 61 4 4 0 T M M 16.0 32 260 M M 3 49 260
7 71 39 55 -2 10 0 T M M 13.2 30 260 M M 1 42 290
8 79 33 56 -2 9 0 0.00 M M 6.2 21 230 M M 0 28 240
9 84 45 65 7 0 0 0.00 M M 10.9 31 280 M M 1 42 280
10 88 49 69 11 0 4 T M M 13.7 31 270 M M 1 43 270
11 90 52 71 13 0 6 0.00 M M 13.9 37 260 M M 0 51 250
12 92 45 69 10 0 4 0.00 M M 13.8 37 210 M M 0 54 200
13 79 43 61 2 4 0 0.07 M M 19.3 36 300 M M 2 1 49 290
14 62 38 50 -9 15 0 T M M 25.2 41 240 M M 2 56 240
15 72 36 54 -6 11 0 0.00 M M 17.4 38 250 M M 0 52 260
16 87 36 62 2 3 0 0.00 M M 6.1 23 210 M M 0 32 210
17 93 51 72 12 0 7 0.00 M M 14.4 37 150 M M 1 50 160
18 84 56 70 9 0 5 0.02 M M 18.0 38 220 M M 2 59 210
19 78 49 64 3 1 0 0.08 M M 11.4 32 250 M M 3 3 46 260
20 63 41 52 -9 13 0 0.06 M M 15.5 46 250 M M 2 3 66 250
21 75 36 56 -6 9 0 0.00 M M 8.3 17 250 M M 0 25 240
22 85 35 60 -2 5 0 0.00 M M 6.7 22 240 M M 0 35 280
23 82 52 67 5 0 2 0.02 M M 8.9 32 250 M M 3 3 49 250
24 75 49 62 -1 3 0 0.03 M M 11.7 39 230 M M 2 52 230
25 75 48 62 -1 3 0 0.00 M M 12.5 23 80 M M 4 31 80
26 80 46 63 0 2 0 0.00 M M 12.6 24 50 M M 1 32 60
27 86 44 65 1 0 0 0.00 M M 6.0 20 290 M M 0 28 310
28 89 46 68 4 0 3 0.00 M M 7.8 23 210 M M 0 32 210
29 83 59 71 7 0 6 0.02 M M 14.5 47 260 M M 2 3 67 270
30 81 50 66 2 0 1 0.06 M M 12.5 41 280 M M 2 3 60 280
================================================================================
SM 2370 1326 134 38 0.36 M 362.9 M 41
================================================================================
AV 79.0 44.2 12.1 FASTST M M 1 MAX(MPH)
MISC ----> 47 260 67 270
================================================================================
NOTES:
# LAST OF SEVERAL OCCURRENCES
COLUMN 17 PEAK WIND IN M.P.H.
PRELIMINARY LOCAL CLIMATOLOGICAL DATA (WS FORM: F-6) , PAGE 2
STATION: RAWLINS WYOMING AIRPORT
MONTH: JUNE
YEAR: 2022
LATITUDE: 41 47 N
LONGITUDE: 107 12 W
[TEMPERATURE DATA] [PRECIPITATION DATA] SYMBOLS USED IN COLUMN 16
AVERAGE MONTHLY: 61.6 TOTAL FOR MONTH: 0.36 1 = FOG OR MIST
DPTR FM NORMAL: 1.7 DPTR FM NORMAL: -0.51 2 = FOG REDUCING VISIBILITY
HIGHEST: 93 ON 17 GRTST 24HR 0.10 ON 18-19 TO 1/4 MILE OR LESS
LOWEST: 33 ON 8, 1 3 = THUNDER
SNOW, ICE PELLETS, HAIL 4 = ICE PELLETS
TOTAL MONTH: M 5 = HAIL
GRTST 24HR M ON M 6 = FREEZING RAIN OR DRIZZLE
GRTST DEPTH: M ON M 7 = DUSTSTORM OR SANDSTORM:
VSBY 1/2 MILE OR LESS
8 = SMOKE OR HAZE
[NO. OF DAYS WITH] [WEATHER - DAYS WITH] 9 = BLOWING SNOW
X = TORNADO
MAX 32 OR BELOW: 0 0.01 INCH OR MORE: 8
MAX 90 OR ABOVE: 3 0.10 INCH OR MORE: 0
MIN 32 OR BELOW: 0 0.50 INCH OR MORE: 0
MIN 0 OR BELOW: 0 1.00 INCH OR MORE: 0
[HDD (BASE 65) ]
TOTAL THIS MO. 134 CLEAR (SCALE 0-3) 25
DPTR FM NORMAL -40 PTCLDY (SCALE 4-7) 5
TOTAL FM JUL 1 7626 CLOUDY (SCALE 8-10) 0
DPTR FM NORMAL -540
[CDD (BASE 65) ]
TOTAL THIS MO. 38
DPTR FM NORMAL 17 [PRESSURE DATA]
TOTAL FM JAN 1 38 HIGHEST SLP 30.35 ON 21
DPTR FM NORMAL 16 LOWEST SLP 29.35 ON 13
[REMARKS]
JUNE 11...RECORD HIGH 90 DEGREES (PREVIOUS 87 DEGREES IN 1956)
JUNE 12...RECORD HIGH 92 DEGREES (PREVIOUS 90 DEGREES IN 1959)
JUNE 16...TIED RECORD LOW 36 DEGREES PREVIOUSLY SET IN 1982
#FINAL-06-22#