000
CXUS55 KCYS 031155 CCA
CF6RWL
PRELIMINARY LOCAL CLIMATOLOGICAL DATA (WS FORM: F-6)...CORRECTED
STATION: RAWLINS WYOMING AIRPORT
MONTH: FEBRUARY
YEAR: 2022
LATITUDE: 41 47 N
LONGITUDE: 107 12 W
TEMPERATURE IN F: :PCPN: SNOW: WIND :SUNSHINE: SKY :PK WND
================================================================================
1 2 3 4 5 6A 6B 7 8 9 10 11 12 13 14 15 16 17 18
12Z AVG MX 2MIN
DY MAX MIN AVG DEP HDD CDD WTR SNW DPTH SPD SPD DIR MIN PSBL S-S WX SPD DR
================================================================================
1 24 2 13 -9 52 0 0.00 M M 8.3 18 350 M M 1 26 20
2 14 -6 4 -18 61 0 T M M 8.1 26 30 M M 1 39 40
3 20 -6 7 -15 58 0 0.00 M M 10.4 20 250 M M 0 30 300
4 31 7 19 -3 46 0 0.00 M M 13.9 30 190 M M 0 40 190
5 37 21 29 6 36 0 0.00 M M 19.2 32 220 M M 3 46 190
6 33 14 24 1 41 0 0.00 M M 12.0 24 180 M M 3 36 180
7 39 12 26 3 39 0 0.00 M M 14.1 32 190 M M 0 46 190
8 42 24 33 10 32 0 0.00 M M 21.9 36 190 M M 0 49 180
9 43 24 34 11 31 0 0.00 M M 16.4 31 230 M M 2 42 200
10 44 25 35 12 30 0 T M M 20.0 35 190 M M 1 47 180
11 32 7 20 -3 45 0 T M M 9.4 29 200 M M 6 41 210
12 34 6 20 -3 45 0 0.00 M M 9.2 25 180 M M 1 32 170
13 45 23 34 11 31 0 0.00 M M 21.1 32 190 M M 0 43 200
14 48 28 38 14 27 0 0.00 M M 16.7 32 160 M M 0 44 140
15 47 23 35 11 30 0 0.00 M M 15.3 32 170 M M 1 43 170
16 29 15 22 -2 43 0 0.05 M M 12.4 18 350 M M 9 24 350
17 27 -2 13 -11 52 0 T M M 16.7 35 200 M M 5 46 180
18 38 19 29 5 36 0 T M M 16.8 32 190 M M 5 43 190
19 42 23 33 8 32 0 T M M 22.0 38 180 M M 0 57 170
20 47 31 39 14 26 0 T M M 20.2 32 170 M M 0 44 170
21 40 -7 17 -8 48 0 0.07 M M 13.9 25 290 M M 8 33 300
22 1 -10 -4 -30 69 0 T M M 12.1 21 360 M M 6 28 360
23 2 -7 -2 -28 67 0 T M M 13.6 26 360 M M 10 35 360
24 14 -11 2 -24 63 0 T M M 13.5 35 180 M M 7 45 180
25 18 -1 9 -18 56 0 T M M 10.8 23 170 M M 4 31 180
26 20 2 11 -16 54 0 0.00 M M 12.2 25 180 M M 0 34 160
27 36 2 19 -8 46 0 0.00 M M 12.1 28 190 M M 0 37 190
28 40 21 31 3 34 0 0.00 M M 16.1 30 180 M M 0 42 190
================================================================================
SM 887 279 1230 0 0.12 M 408.5 M 73
================================================================================
AV 31.7 10.0 14.6 FASTST M M 3 MAX(MPH)
MISC ----> 38 180 57 170
================================================================================
NOTES:
# LAST OF SEVERAL OCCURRENCES
COLUMN 17 PEAK WIND IN M.P.H.
PRELIMINARY LOCAL CLIMATOLOGICAL DATA (WS FORM: F-6) , PAGE 2
STATION: RAWLINS WYOMING AIRPORT
MONTH: FEBRUARY
YEAR: 2022
LATITUDE: 41 47 N
LONGITUDE: 107 12 W
[TEMPERATURE DATA] [PRECIPITATION DATA] SYMBOLS USED IN COLUMN 16
AVERAGE MONTHLY: 20.8 TOTAL FOR MONTH: 0.12 1 = FOG OR MIST
DPTR FM NORMAL: -3.4 DPTR FM NORMAL: -0.36 2 = FOG REDUCING VISIBILITY
HIGHEST: 48 ON 14 GRTST 24HR 0.07 ON 21-21 TO 1/4 MILE OR LESS
LOWEST: -11 ON 24 3 = THUNDER
SNOW, ICE PELLETS, HAIL 4 = ICE PELLETS
TOTAL MONTH: M 5 = HAIL
GRTST 24HR M ON M 6 = FREEZING RAIN OR DRIZZLE
GRTST DEPTH: M ON M 7 = DUSTSTORM OR SANDSTORM:
VSBY 1/2 MILE OR LESS
8 = SMOKE OR HAZE
[NO. OF DAYS WITH] [WEATHER - DAYS WITH] 9 = BLOWING SNOW
X = TORNADO
MAX 32 OR BELOW: 12 0.01 INCH OR MORE: 2
MAX 90 OR ABOVE: 0 0.10 INCH OR MORE: 0
MIN 32 OR BELOW: 28 0.50 INCH OR MORE: 0
MIN 0 OR BELOW: 8 1.00 INCH OR MORE: 0
[HDD (BASE 65) ]
TOTAL THIS MO. 1230 CLEAR (SCALE 0-3) 19
DPTR FM NORMAL 88 PTCLDY (SCALE 4-7) 6
TOTAL FM JUL 1 5206 CLOUDY (SCALE 8-10) 3
DPTR FM NORMAL -599
[CDD (BASE 65) ]
TOTAL THIS MO. 0
DPTR FM NORMAL 0 [PRESSURE DATA]
TOTAL FM JAN 1 0 HIGHEST SLP 30.68 ON 27
DPTR FM NORMAL 0 LOWEST SLP 29.44 ON 21
[REMARKS]
FEBRUARY 22...RECORD LOW HIGH 1 DEGREE (PREVIOUS 14 DEGREES IN 1975)
FEBRUARY 23...RECORD LOW HIGH 2 DEGREES (PREVIOUS 15 DEGREES IN 1960)
MONTHLY PRECIPITATION 0.12" TIED 1981 FOR 7TH DRIEST
#FINAL-02-22#