000
CXUS55 KCYS 101133
CF6RWL
PRELIMINARY LOCAL CLIMATOLOGICAL DATA (WS FORM: F-6) ...CORRECTED...
STATION: RAWLINS WYOMING AIRPORT
MONTH: MAY
YEAR: 2021
LATITUDE: 41 47 N
LONGITUDE: 107 12 W
TEMPERATURE IN F: :PCPN: SNOW: WIND :SUNSHINE: SKY :PK WND
================================================================================
1 2 3 4 5 6A 6B 7 8 9 10 11 12 13 14 15 16 17 18
12Z AVG MX 2MIN
DY MAX MIN AVG DEP HDD CDD WTR SNW DPTH SPD SPD DIR MIN PSBL S-S WX SPD DR
================================================================================
1 78 47 63 19 2 0 0.03 M M 10.3 32 280 M M 4 3 60 260
2 63 35 49 4 16 0 0.34 M M 12.3 29 340 M M 6 13 34 340
3 45 30 38 -7 27 0 0.12 M M 13.7 24 40 M M 8 1 31 40
4 55 27 41 -4 24 0 0.03 M M 8.5 35 260 M M 4 43 260
5 60 33 47 1 18 0 0.03 M M 8.1 24 260 M M 6 1 39 290
6 72 30 51 5 14 0 0.00 M M 9.4 15 30 M M 0 22 150
7 79 34 57 11 8 0 0.00 M M 15.2 31 230 M M 0 8 42 230
8 59 28 44 -3 21 0 0.00 M M 19.1 38 270 M M 2 55 280
9 51 27 39 -8 26 0 0.00 M M 7.9 20 60 M M 4 30 60
10 45 32 39 -9 26 0 0.24 M M 15.3 25 60 M M 8 1 33 70
11 46 30 38 -10 27 0 0.08 M M 8.7 18 340 M M 7 1 27 340
12 61 29 45 -3 20 0 0.00 M M 7.5 18 280 M M 2 27 270
13 70 32 51 2 14 0 0.00 M M 11.2 25 340 M M 5 40 340
14 68 39 54 5 11 0 0.09 M M 18.4 38 290 M M 5 3 51 300
15 70 40 55 5 10 0 0.41 M M 8.1 25 20 M M 4 3 40 50
16 67 37 52 2 13 0 0.00 M M 13.8 28 140 M M 2 46 130
17 71 42 57 7 8 0 0.00 M M M M M M M 1 M M
18 73 40 57 6 8 0 0.00 M M M M M M M 1 8 M M
19 74 42 58 7 7 0 0.00 M M 19.6 21 110 M M 3 3 32 130
20 78 44 61 10 4 0 0.00 M M 17.1 41 190 M M 1 57 170
21 69 43 56 4 9 0 T M M 8.2 26 120 M M 6 13 41 130
22 69 41 55 3 10 0 0.02 M M M M M M M 7 123 M M
23 61 39 50 -2 15 0 T M M M M M M M 2 M M
24 60 34 47 -6 18 0 0.00 M M M M M M M 2 M M
25 68 37 53 0 12 0 0.00 M M M M M M M 3 M M
26 73 40 57 3 8 0 0.00 M M M M M M M 3 M M
27 70 32 51 -3 14 0 0.00 M M 11.1 24 260 M M 0 35 270
28 76 36 56 2 9 0 0.00 M M 8.4 28 260 M M 2 37 290
29 73 50 62 8 3 0 0.00 M M 11.7 23 40 M M 2 31 40
30 61 41 51 -4 14 0 0.00 M M 16.5 29 60 M M 4 40 70
31 71 37 54 -1 11 0 0.00 M M 7.6 16 30 M M 0 23 80
================================================================================
SM 2036 1128 427 0 1.39 M 287.7 M 104
================================================================================
AV 65.7 36.4 12.0 FASTST M M 3 MAX(MPH)
MISC ----> 41 190 60 260
================================================================================
NOTES:
# LAST OF SEVERAL OCCURRENCES
COLUMN 17 PEAK WIND IN M.P.H.
PRELIMINARY LOCAL CLIMATOLOGICAL DATA (WS FORM: F-6) , PAGE 2
STATION: RAWLINS WYOMING AIRPORT
MONTH: MAY
YEAR: 2021
LATITUDE: 41 47 N
LONGITUDE: 107 12 W
[TEMPERATURE DATA] [PRECIPITATION DATA] SYMBOLS USED IN COLUMN 16
AVERAGE MONTHLY: 51.0 TOTAL FOR MONTH: 1.39 1 = FOG OR MIST
DPTR FM NORMAL: 1.2 DPTR FM NORMAL: -0.07 2 = FOG REDUCING VISIBILITY
HIGHEST: 79 ON 7 GRTST 24HR 0.46 ON 2- 3 TO 1/4 MILE OR LESS
LOWEST: 27 ON 9, 4 3 = THUNDER
SNOW, ICE PELLETS, HAIL 4 = ICE PELLETS
TOTAL MONTH: M 5 = HAIL
GRTST 24HR M ON M 6 = FREEZING RAIN OR DRIZZLE
GRTST DEPTH: M ON M 7 = DUSTSTORM OR SANDSTORM:
VSBY 1/2 MILE OR LESS
8 = SMOKE OR HAZE
[NO. OF DAYS WITH] [WEATHER - DAYS WITH] 9 = BLOWING SNOW
X = TORNADO
MAX 32 OR BELOW: 0 0.01 INCH OR MORE: 10
MAX 90 OR ABOVE: 0 0.10 INCH OR MORE: 4
MIN 32 OR BELOW: 10 0.50 INCH OR MORE: 0
MIN 0 OR BELOW: 0 1.00 INCH OR MORE: 0
[HDD (BASE 65) ]
TOTAL THIS MO. 427 CLEAR (SCALE 0-3) 17
DPTR FM NORMAL -43 PTCLDY (SCALE 4-7) 12
TOTAL FM JUL 1 8023 CLOUDY (SCALE 8-10) 2
DPTR FM NORMAL 30
[CDD (BASE 65) ]
TOTAL THIS MO. 0
DPTR FM NORMAL -1 [PRESSURE DATA]
TOTAL FM JAN 1 0 HIGHEST SLP 30.29 ON 6
DPTR FM NORMAL -1 LOWEST SLP 29.41 ON 20
[REMARKS]
MAY 1ST...RECORD HIGH 78 DEGREES (PREVIOUS 76 DEGREES IN 1981)
MAY 7TH...RECORD HIGH 79 DEGREES (PREVIOUS 78 DEGREES IN 2018)
MAY 18TH AND 22ND-26TH...MISSING WIND DATA.
#FINAL-05-21#