100
CXUS55 KCYS 080219
CF6RWL
PRELIMINARY LOCAL CLIMATOLOGICAL DATA (WS FORM: F-6) ...CORRECTED...
STATION: RAWLINS WYOMING AIRPORT
MONTH: MARCH
YEAR: 2021
LATITUDE: 41 47 N
LONGITUDE: 107 12 W
TEMPERATURE IN F: :PCPN: SNOW: WIND :SUNSHINE: SKY :PK WND
================================================================================
1 2 3 4 5 6A 6B 7 8 9 10 11 12 13 14 15 16 17 18
12Z AVG MX 2MIN
DY MAX MIN AVG DEP HDD CDD WTR SNW DPTH SPD SPD DIR MIN PSBL S-S WX SPD DR
================================================================================
1 32 9 21 -7 44 0 0.00 M M 11.7 24 250 M M 0 30 260
2 43 23 33 5 32 0 0.00 M M 13.3 22 230 M M 0 37 210
3 48 19 34 6 31 0 0.00 M M 4.9 20 200 M M 0 26 220
4 46 20 33 4 32 0 0.00 M M 5.6 17 250 M M 2 25 240
5 47 19 33 4 32 0 0.00 M M 7.1 22 250 M M 0 28 260
6 52 23 38 9 27 0 0.00 M M 14.5 39 210 M M 0 60 210
7 53 29 41 11 24 0 0.00 M M 8.4 20 250 M M 0 27 230
8 57 29 43 13 22 0 0.00 M M 14.9 35 220 M M 0 48 220
9 49 31 40 10 25 0 0.04 M M 13.4 26 250 M M 2 1 38 200
10 33 11 22 -9 43 0 0.23 M M 11.1 30 340 M M 7 18 39 340
11 31 8 20 -11 45 0 0.03 M M 4.7 13 70 M M 7 128 16 50
12 41 24 33 2 32 0 0.00 M M 9.9 22 60 M M 8 128 29 70
13 44 28 36 4 29 0 0.24 M M 19.1 33 60 M M 6 12 45 50
14 30 21 26 -6 39 0 0.25 M M 17.5 30 20 M M 10 1 39 10
15 39 20 30 -2 35 0 T M M 12.8 31 240 M M 9 46 240
16 35 26 31 -1 34 0 0.03 M M 7.3 16 330 M M 9 18 22 330
17 38 18 28 -5 37 0 T M M 5.8 13 270 M M 2 18 18 240
18 46 20 33 0 32 0 0.00 M M 6.8 17 220 M M 1 23 200
19 56 32 44 11 21 0 0.00 M M 9.4 17 230 M M 0 27 230
20 59 30 45 11 20 0 0.04 M M 18.8 39 220 M M 3 1 53 220
21 40 21 31 -3 34 0 T M M 12.0 24 240 M M 6 34 260
22 42 19 31 -3 34 0 T M M 11.4 25 260 M M 2 34 270
23 34 25 30 -4 35 0 T M M 13.5 24 10 M M 10 8 31 30
24 40 16 28 -7 37 0 0.00 M M 11.1 26 260 M M 3 37 250
25 43 23 33 -2 32 0 0.01 M M 11.8 26 240 M M 4 1 34 250
26 37 24 31 -4 34 0 0.25 M M 6.0 20 260 M M 9 128 29 260
27 47 22 35 0 30 0 0.00 M M 14.4 26 250 M M 2 34 250
28 57 31 44 8 21 0 0.00 M M 21.1 36 260 M M 0 46 230
29 53 18 36 0 29 0 T M M 27.1 41 270 M M 3 61 230
30 35 15 25 -11 40 0 0.00 M M 17.8 30 280 M M 1 40 280
31 48 19 34 -2 31 0 0.00 M M 16.8 31 240 M M 0 41 230
================================================================================
SM 1355 673 993 0 1.12 M 380.0 M 106
================================================================================
AV 43.7 21.7 12.3 FASTST M M 3 MAX(MPH)
MISC ----> 41 270 61 230
================================================================================
NOTES:
# LAST OF SEVERAL OCCURRENCES
COLUMN 17 PEAK WIND IN M.P.H.
PRELIMINARY LOCAL CLIMATOLOGICAL DATA (WS FORM: F-6) , PAGE 2
STATION: RAWLINS WYOMING AIRPORT
MONTH: MARCH
YEAR: 2021
LATITUDE: 41 47 N
LONGITUDE: 107 12 W
[TEMPERATURE DATA] [PRECIPITATION DATA] SYMBOLS USED IN COLUMN 16
AVERAGE MONTHLY: 32.7 TOTAL FOR MONTH: 1.12 1 = FOG OR MIST
DPTR FM NORMAL: 0.4 DPTR FM NORMAL: 0.44 2 = FOG REDUCING VISIBILITY
HIGHEST: 59 ON 20 GRTST 24HR 0.49 ON 13-14 TO 1/4 MILE OR LESS
LOWEST: 8 ON 11 3 = THUNDER
SNOW, ICE PELLETS, HAIL 4 = ICE PELLETS
TOTAL MONTH: M 5 = HAIL
GRTST 24HR M ON M 6 = FREEZING RAIN OR DRIZZLE
GRTST DEPTH: M ON M 7 = DUSTSTORM OR SANDSTORM:
VSBY 1/2 MILE OR LESS
8 = SMOKE OR HAZE
[NO. OF DAYS WITH] [WEATHER - DAYS WITH] 9 = BLOWING SNOW
X = TORNADO
MAX 32 OR BELOW: 3 0.01 INCH OR MORE: 9
MAX 90 OR ABOVE: 0 0.10 INCH OR MORE: 4
MIN 32 OR BELOW: 31 0.50 INCH OR MORE: 0
MIN 0 OR BELOW: 0 1.00 INCH OR MORE: 0
[HDD (BASE 65) ]
TOTAL THIS MO. 993 CLEAR (SCALE 0-3) 19
DPTR FM NORMAL -22 PTCLDY (SCALE 4-7) 7
TOTAL FM JUL 1 6819 CLOUDY (SCALE 8-10) 5
DPTR FM NORMAL -153
[CDD (BASE 65) ]
TOTAL THIS MO. 0
DPTR FM NORMAL 0 [PRESSURE DATA]
TOTAL FM JAN 1 0 HIGHEST SLP 30.53 ON 1
DPTR FM NORMAL 0 LOWEST SLP 29.50 ON 29
[REMARKS]
PRECIPITATION 1.12" WAS 9TH WETTEST MARCH
#FINAL-03-21#