559
CXUS55 KCYS 061743
CF6RWL
PRELIMINARY LOCAL CLIMATOLOGICAL DATA (WS FORM: F-6) ...CORRECTED...
STATION: RAWLINS WYOMING AIRPORT
MONTH: JANUARY
YEAR: 2021
LATITUDE: 41 47 N
LONGITUDE: 107 12 W
TEMPERATURE IN F: :PCPN: SNOW: WIND :SUNSHINE: SKY :PK WND
================================================================================
1 2 3 4 5 6A 6B 7 8 9 10 11 12 13 14 15 16 17 18
12Z AVG MX 2MIN
DY MAX MIN AVG DEP HDD CDD WTR SNW DPTH SPD SPD DIR MIN PSBL S-S WX SPD DR
================================================================================
1 27 0 14 -8 51 0 0.00 M M 6.4 17 250 M M 3 21 250
2 29 10 20 -2 45 0 0.00 M M 17.5 40 240 M M 5 58 240
3 31 19 25 3 40 0 T M M 21.5 40 240 M M 7 52 240
4 36 20 28 6 37 0 T M M 16.1 32 220 M M 7 42 250
5 35 14 25 3 40 0 0.05 M M 17.0 36 260 M M 8 18 47 250
6 29 9 19 -3 46 0 0.00 M M 8.5 23 220 M M 0 35 240
7 33 4 19 -3 46 0 T M M 10.0 25 250 M M 4 35 260
8 27 2 15 -7 50 0 T M M 6.6 18 250 M M 2 23 240
9 26 -1 13 -9 52 0 0.01 M M 5.1 14 350 M M 9 28 17 360
10 22 6 14 -8 51 0 T M M 6.4 18 240 M M 7 8 23 230
11 26 -6 10 -12 55 0 0.00 M M 4.4 20 250 M M 0 24 250
12 35 9 22 0 43 0 T M M 11.6 31 250 M M 0 8 42 250
13 41 22 32 10 33 0 T M M 30.8 46 260 M M 2 68 260
14 27 7 17 -5 48 0 0.00 M M 16.0 28 270 M M 0 36 280
15 35 6 21 -1 44 0 T M M 15.8 32 230 M M 1 44 250
16 35 21 28 6 37 0 0.01 M M 15.4 26 270 M M 3 1 36 270
17 36 21 29 7 36 0 T M M 22.0 40 250 M M 3 54 250
18 31 9 20 -2 45 0 T M M 7.2 16 330 M M 7 1 24 320
19 29 5 17 -5 48 0 T M M 5.8 18 240 M M 2 24 250
20 35 19 27 5 38 0 T M M 20.1 38 240 M M 1 52 230
21 35 27 31 9 34 0 T M M 17.6 29 240 M M 7 39 230
22 38 28 33 11 32 0 0.02 M M 11.8 23 250 M M 6 18 32 250
23 33 8 21 -1 44 0 0.46 M M 5.0 17 340 M M 10 128 22 350
24 27 1 14 -7 51 0 T M M 3.0 12 230 M M 5 8 16 250
25 19 -2 9 -12 56 0 T M M 2.4 13 60 M M 6 128 19 70
26 15 -3 6 -15 59 0 T M M 2.4 13 250 M M 9 18 16 60
27 27 11 19 -2 46 0 T M M 20.0 40 210 M M 2 56 220
28 39 26 33 12 32 0 0.00 M M 19.0 38 220 M M 2 51 210
29 43 30 37 16 28 0 0.00 M M 15.3 28 200 M M 3 38 200
30 34 21 28 7 37 0 T M M 18.0 31 260 M M 5 43 260
31 36 13 25 4 40 0 0.00 M M 7.5 22 240 M M 1 28 230
================================================================================
SM 971 356 1344 0 0.55 M 386.2 M 127
================================================================================
AV 31.3 11.5 12.5 FASTST M M 4 MAX(MPH)
MISC ----> 46 260 68 260
================================================================================
NOTES:
# LAST OF SEVERAL OCCURRENCES
COLUMN 17 PEAK WIND IN M.P.H.
PRELIMINARY LOCAL CLIMATOLOGICAL DATA (WS FORM: F-6) , PAGE 2
STATION: RAWLINS WYOMING AIRPORT
MONTH: JANUARY
YEAR: 2021
LATITUDE: 41 47 N
LONGITUDE: 107 12 W
[TEMPERATURE DATA] [PRECIPITATION DATA] SYMBOLS USED IN COLUMN 16
AVERAGE MONTHLY: 21.4 TOTAL FOR MONTH: 0.55 1 = FOG OR MIST
DPTR FM NORMAL: -0.2 DPTR FM NORMAL: 0.19 2 = FOG REDUCING VISIBILITY
HIGHEST: 43 ON 29 GRTST 24HR 0.46 ON 23-23 TO 1/4 MILE OR LESS
LOWEST: -6 ON 11 3 = THUNDER
SNOW, ICE PELLETS, HAIL 4 = ICE PELLETS
TOTAL MONTH: M 5 = HAIL
GRTST 24HR M ON M 6 = FREEZING RAIN OR DRIZZLE
GRTST DEPTH: M ON M 7 = DUSTSTORM OR SANDSTORM:
VSBY 1/2 MILE OR LESS
8 = SMOKE OR HAZE
[NO. OF DAYS WITH] [WEATHER - DAYS WITH] 9 = BLOWING SNOW
X = TORNADO
MAX 32 OR BELOW: 15 0.01 INCH OR MORE: 5
MAX 90 OR ABOVE: 0 0.10 INCH OR MORE: 1
MIN 32 OR BELOW: 31 0.50 INCH OR MORE: 0
MIN 0 OR BELOW: 5 1.00 INCH OR MORE: 0
[HDD (BASE 65) ]
TOTAL THIS MO. 1344 CLEAR (SCALE 0-3) 15
DPTR FM NORMAL -1 PTCLDY (SCALE 4-7) 13
TOTAL FM JUL 1 4577 CLOUDY (SCALE 8-10) 3
DPTR FM NORMAL -219
[CDD (BASE 65) ]
TOTAL THIS MO. 0
DPTR FM NORMAL 0 [PRESSURE DATA]
TOTAL FM JAN 1 0 HIGHEST SLP 30.66 ON 11
DPTR FM NORMAL 0 LOWEST SLP 29.60 ON 29
[REMARKS]
JANUARY 23RD...RECORD PRECIP 0.46 INCH (PREVIOUS 0.29 INCH IN 1978).
#FINAL-01-21#