000
CXUS55 KCYS 031555
CF6RWL
PRELIMINARY LOCAL CLIMATOLOGICAL DATA (WS FORM: F-6) ...CORRECTED...
STATION: RAWLINS WYOMING AIRPORT
MONTH: NOVEMBER
YEAR: 2020
LATITUDE: 41 47 N
LONGITUDE: 107 12 W
TEMPERATURE IN F: :PCPN: SNOW: WIND :SUNSHINE: SKY :PK WND
================================================================================
1 2 3 4 5 6A 6B 7 8 9 10 11 12 13 14 15 16 17 18
12Z AVG MX 2MIN
DY MAX MIN AVG DEP HDD CDD WTR SNW DPTH SPD SPD DIR MIN PSBL S-S WX SPD DR
================================================================================
1 61 35 48 11 17 0 0.00 M M 11.5 25 240 M M 0 34 230
2 64 27 46 9 19 0 0.00 M M 9.4 23 230 M M 0 30 250
3 67 36 52 16 13 0 0.00 M M 11.8 26 240 M M 0 35 230
4 66 42 54 18 11 0 0.00 M M 14.3 28 280 M M 0 37 290
5 65 33 49 14 16 0 0.00 M M 9.9 25 210 M M 0 39 220
6 62 40 51 16 14 0 0.00 M M 13.4 36 220 M M 0 51 220
7 59 37 48 14 17 0 0.06 M M 17.8 39 200 M M 2 1 54 190
8 37 25 31 -3 34 0 0.09 M M 17.6 37 210 M M 3 1 53 230
9 30 20 25 -8 40 0 T M M 8.6 29 250 M M 8 1 40 250
10 27 19 23 -10 42 0 T M M 23.4 41 240 M M 9 55 250
11 32 20 26 -6 39 0 0.02 M M 22.2 31 280 M M 7 43 230
12 28 14 21 -11 44 0 0.00 M M 17.8 32 250 M M 3 49 230
13 43 16 30 -1 35 0 0.00 M M 23.8 46 210 M M 1 67 210
14 34 19 27 -4 38 0 T M M 30.9 45 260 M M 4 58 260
15 41 19 30 0 35 0 0.00 M M 27.1 47 250 M M 5 60 250
16 52 35 44 14 21 0 T M M 16.8 36 250 M M 3 46 240
17 59 32 46 17 19 0 0.00 M M 15.1 30 200 M M 0 45 200
18 61 39 50 21 15 0 0.01 M M 23.7 46 210 M M 3 63 210
19 42 23 33 5 32 0 0.01 M M 15.1 35 250 M M 5 1 45 260
20 40 13 27 -1 38 0 0.00 M M 4.2 15 270 M M 0 22 230
21 41 8 25 -2 40 0 0.00 M M 8.4 25 250 M M 0 33 280
22 44 4 24 -3 41 0 0.00 M M 3.5 13 260 M M 0 17 250
23 49 21 35 9 30 0 0.00 M M 10.9 24 250 M M 3 31 240
24 38 17 28 2 37 0 0.00 M M 12.8 25 240 M M 4 34 240
25 44 15 30 4 35 0 0.00 M M 16.5 37 230 M M 1 53 240
26 33 18 26 1 39 0 0.00 M M 13.3 23 250 M M 0 32 280
27 34 12 23 -2 42 0 0.00 M M 9.0 21 240 M M 0 28 250
28 42 12 27 3 38 0 0.00 M M 7.6 24 230 M M 0 32 250
29 38 8 23 -1 42 0 0.00 M M 4.4 15 350 M M 0 20 350
30 42 3 23 -1 42 0 0.00 M M 9.6 30 240 M M 0 42 210
================================================================================
SM 1375 662 925 0 0.19 M 430.4 M 61
================================================================================
AV 45.8 22.1 14.3 FASTST M M 2 MAX(MPH)
MISC ----> # 47 250 # 67 210
================================================================================
NOTES:
# LAST OF SEVERAL OCCURRENCES
COLUMN 17 PEAK WIND IN M.P.H.
PRELIMINARY LOCAL CLIMATOLOGICAL DATA (WS FORM: F-6) , PAGE 2
STATION: RAWLINS WYOMING AIRPORT
MONTH: NOVEMBER
YEAR: 2020
LATITUDE: 41 47 N
LONGITUDE: 107 12 W
[TEMPERATURE DATA] [PRECIPITATION DATA] SYMBOLS USED IN COLUMN 16
AVERAGE MONTHLY: 34.0 TOTAL FOR MONTH: 0.19 1 = FOG OR MIST
DPTR FM NORMAL: 3.9 DPTR FM NORMAL: -0.36 2 = FOG REDUCING VISIBILITY
HIGHEST: 67 ON 3 GRTST 24HR 0.09 ON 8- 8 TO 1/4 MILE OR LESS
LOWEST: 3 ON 30 3 = THUNDER
SNOW, ICE PELLETS, HAIL 4 = ICE PELLETS
TOTAL MONTH: M 5 = HAIL
GRTST 24HR M ON M 6 = FREEZING RAIN OR DRIZZLE
GRTST DEPTH: M ON M 7 = DUSTSTORM OR SANDSTORM:
VSBY 1/2 MILE OR LESS
8 = SMOKE OR HAZE
[NO. OF DAYS WITH] [WEATHER - DAYS WITH] 9 = BLOWING SNOW
X = TORNADO
MAX 32 OR BELOW: 4 0.01 INCH OR MORE: 5
MAX 90 OR ABOVE: 0 0.10 INCH OR MORE: 0
MIN 32 OR BELOW: 22 0.50 INCH OR MORE: 0
MIN 0 OR BELOW: 0 1.00 INCH OR MORE: 0
[HDD (BASE 65) ]
TOTAL THIS MO. 925 CLEAR (SCALE 0-3) 23
DPTR FM NORMAL -122 PTCLDY (SCALE 4-7) 6
TOTAL FM JUL 1 1897 CLOUDY (SCALE 8-10) 1
DPTR FM NORMAL -209
[CDD (BASE 65) ]
TOTAL THIS MO. 0
DPTR FM NORMAL 0 [PRESSURE DATA]
TOTAL FM JAN 1 324 HIGHEST SLP 30.66 ON 29
DPTR FM NORMAL 138 LOWEST SLP 29.13 ON 7
[REMARKS]
NOVEMBER 3RD...RECORD HIGH 67 DEGREES (PREVIOUS 63 DEGREES IN 2015).
NOVEMBER 4TH...RECORD HIGH 66 DEGREES (PREVIOUS 64 DEGREES IN 2001).
NOVEMBER 5TH...RECORED HIGH 65 DEGREES (PREVIOUS 64 DEGREES IN 2009).
NOVEMBER 128TH...TIED RECORD HIGH 61 DEGREES PREVIOUSLY SET IN 2008.
#FINAL-11-20#