000
CXUS56 KSTO 051815
CF6SAC
PRELIMINARY LOCAL CLIMATOLOGICAL DATA (WS FORM: F-6)
STATION: SACRAMENTO EXEC. AIRPORT CA
MONTH: SEPTEMBER
YEAR: 2020
LATITUDE: 38 31 N
LONGITUDE: 121 30 W
TEMPERATURE IN F: :PCPN: SNOW: WIND :SUNSHINE: SKY :PK WND
================================================================================
1 2 3 4 5 6A 6B 7 8 9 10 11 12 13 14 15 16 17 18
12Z AVG MX 2MIN
DY MAX MIN AVG DEP HDD CDD WTR SNW DPTH SPD SPD DIR MIN PSBL S-S WX SPD DR
================================================================================
1 87 59 73 -1 0 8 0.00 0.0 0 6.7 14 200 M M 0 8 19 210
2 85 59 72 -1 0 7 0.00 0.0 0 7.3 14 200 M M 0 22 180
3 90 57 74 1 0 9 0.00 0.0 0 5.6 12 210 M M 0 16 230
4 94 58 76 3 0 11 0.00 0.0 0 2.9 9 250 M M 0 12 220
5 101 61 81 8 0 16 0.00 0.0 0 1.4 7 200 M M 0 8 24 150
6 109 72 91 18 0 26 0.00 0.0 0 3.2 10 340 M M 0 8 13 320
7 105 70 88 15 0 23 0.00 0.0 0 1.5 7 170 M M 2 8 9 170
8 94 72 83 10 0 18 0.00 0.0 0 13.7 28 330 M M 8 8 45 320
9 81 62 72 -1 0 7 0.00 0.0 0 4.1 13 230 M M 4 8 15 230
10 82 58 70 -2 0 5 0.00 0.0 0 1.9 9 220 M M 1 18 12 220
11 85 56 71 -1 0 6 0.00 0.0 0 2.2 8 330 M M 9 18 11 240
12 90 56 73 1 0 8 0.00 0.0 0 1.6 7 20 M M 10 18 9 360
13 88 58 73 1 0 8 0.00 0.0 0 3.3 12 210 M M 10 8 26 270
14 87 57 72 0 0 7 0.00 0.0 0 4.6 10 210 M M 8 8 14 210
15 90 57 74 2 0 9 0.00 0.0 0 2.6 10 210 M M 0 18 14 210
16 91 60 76 4 0 11 0.00 0.0 0 4.9 13 220 M M 0 8 25 150
17 90 62 76 5 0 11 0.00 0.0 0 6.1 16 220 M M 2 128 22 220
18 83 61 72 1 0 7 0.00 0.0 0 6.0 16 220 M M 0 23 220
19 87 56 72 1 0 7 0.00 0.0 0 4.1 13 310 M M 0 8 18 310
20 89 56 73 2 0 8 0.00 0.0 0 2.5 10 320 M M 0 18 18 330
21 91 57 74 3 0 9 0.00 0.0 0 4.9 14 230 M M 0 8 16 220
22 89 61 75 5 0 10 0.00 0.0 0 6.4 15 230 M M 0 19 230
23 91 56 74 4 0 9 0.00 0.0 0 5.8 15 220 M M 0 8 20 220
24 90 60 75 5 0 10 0.00 0.0 0 6.7 21 220 M M 0 28 220
25 87 58 73 3 0 8 0.00 0.0 0 4.5 13 220 M M 0 16 230
26 91 58 75 5 0 10 0.00 0.0 0 6.4 18 330 M M 0 27 320
27 96 68 82 13 0 17 0.00 0.0 0 9.1 16 330 M M 0 28 330
28 100 65 83 14 0 18 0.00 0.0 0 6.3 16 350 M M 0 20 360
29 95 59 77 8 0 12 0.00 0.0 0 1.1 6 220 M M 0 8 230
30 102 58 80 11 0 15 0.00 0.0 0 3.9 14 310 M M 0 8 17 300
================================================================================
SM 2740 1807 0 330 0.00 0.0 141.3 M 54
================================================================================
AV 91.3 60.2 4.7 FASTST M M 2 MAX(MPH)
MISC ----> # 28 330 # 45 320
================================================================================
NOTES:
# LAST OF SEVERAL OCCURRENCES
COLUMN 17 PEAK WIND IN M.P.H.
PRELIMINARY LOCAL CLIMATOLOGICAL DATA (WS FORM: F-6) , PAGE 2
STATION: SACRAMENTO EXEC. AIRPORT CA
MONTH: SEPTEMBER
YEAR: 2020
LATITUDE: 38 31 N
LONGITUDE: 121 30 W
[TEMPERATURE DATA] [PRECIPITATION DATA] SYMBOLS USED IN COLUMN 16
AVERAGE MONTHLY: 75.8 TOTAL FOR MONTH: 0.00 1 = FOG OR MIST
DPTR FM NORMAL: 4.4 DPTR FM NORMAL: -0.29 2 = FOG REDUCING VISIBILITY
HIGHEST: 109 ON 6 GRTST 24HR 0.00 ON 30-30 TO 1/4 MILE OR LESS
LOWEST: 56 ON 23,20 3 = THUNDER
SNOW, ICE PELLETS, HAIL 4 = ICE PELLETS
TOTAL MONTH: 0.0 INCH 5 = HAIL
GRTST 24HR 0.0 6 = FREEZING RAIN OR DRIZZLE
GRTST DEPTH: 0 7 = DUSTSTORM OR SANDSTORM:
VSBY 1/2 MILE OR LESS
8 = SMOKE OR HAZE
[NO. OF DAYS WITH] [WEATHER - DAYS WITH] 9 = BLOWING SNOW
X = TORNADO
MAX 32 OR BELOW: 0 0.01 INCH OR MORE: 0
MAX 90 OR ABOVE: 18 0.10 INCH OR MORE: 0
MIN 32 OR BELOW: 0 0.50 INCH OR MORE: 0
MIN 0 OR BELOW: 0 1.00 INCH OR MORE: 0
[HDD (BASE 65) ]
TOTAL THIS MO. 0 CLEAR (SCALE 0-3) 24
DPTR FM NORMAL -8 PTCLDY (SCALE 4-7) 2
TOTAL FM JUL 1 0 CLOUDY (SCALE 8-10) 4
DPTR FM NORMAL -10
[CDD (BASE 65) ]
TOTAL THIS MO. 330
DPTR FM NORMAL 128 [PRESSURE DATA]
TOTAL FM JAN 1 1659 HIGHEST SLP M ON M
DPTR FM NORMAL 535 LOWEST SLP 29.56 ON 8
[REMARKS]
#FINAL-09-20#