000
CXUS55 KTWC 010855
CF6SAD
PRELIMINARY LOCAL CLIMATOLOGICAL DATA (WS FORM: F-6)
STATION: SAFFORD AZ AIRPORT
MONTH: OCTOBER
YEAR: 2023
LATITUDE: 32 50 N
LONGITUDE: 109 38 W
TEMPERATURE IN F: :PCPN: SNOW: WIND :SUNSHINE: SKY :PK WND
================================================================================
1 2 3 4 5 6A 6B 7 8 9 10 11 12 13 14 15 16 17 18
12Z AVG MX 2MIN
DY MAX MIN AVG DEP HDD CDD WTR SNW DPTH SPD SPD DIR MIN PSBL S-S WX SPD DR
================================================================================
1 92 68 80 7 0 15 0.00 M M 12.0 28 190 M M 0 40 180
2 88 56 72 -1 0 7 0.00 M M 9.0 28 190 M M M 37 210
3 86 50 68 -4 0 3 0.00 M M 4.3 14 320 M M M 17 320
4 85 48 67 -5 0 2 0.00 M M 3.1 13 280 M M M 19 280
5 91 49 70 -2 0 5 0.00 M M 5.7 14 150 M M M 19 140
6 91 64 78 7 0 13 0.00 M M 10.6 22 130 M M M 28 130
7 86 67 77 6 0 12 0.00 M M 13.4 23 110 M M 0 35 90
8 88 61 75 5 0 10 0.00 M M 9.1 32 30 M M M 8 44 30
9 87 56 72 2 0 7 0.00 M M 8.0 29 230 M M 0 38 240
10 89 55 72 2 0 7 0.00 M M 5.4 20 300 M M 0 8 26 320
11 92 55 74 5 0 9 0.00 M M 9.6 25 250 M M 0 34 290
12 83 64 74 5 0 9 0.00 M M 14.4 28 300 M M 0 37 290
13 85 48 67 -2 0 2 0.00 M M 4.3 13 330 M M 0 16 330
14 87 52 70 2 0 5 0.00 M M 3.7 13 110 M M 0 17 110
15 91 51 71 3 0 6 0.00 M M 3.9 12 140 M M 0 18 170
16 89 65 77 9 0 12 0.00 M M 9.1 17 150 M M 0 26 160
17 89 63 76 9 0 11 0.00 M M 8.0 17 10 M M 0 22 10
18 92 54 73 6 0 8 0.00 M M 6.6 15 280 M M 0 21 310
19 93 51 72 6 0 7 0.00 M M 4.2 14 160 M M 0 18 160
20 93 52 73 7 0 8 0.00 M M 4.4 14 120 M M 0 18 110
21 92 53 73 7 0 8 0.00 M M 4.5 16 110 M M 0 22 110
22 90 51 71 6 0 6 0.00 M M 3.8 12 260 M M 0 16 270
23 89 54 72 7 0 7 0.04 M M 7.8 21 260 M M 2 3 35 200
24 71 51 61 -3 4 0 0.13 M M 9.2 29 310 M M 2 13 42 310
25 73 45 59 -5 6 0 0.00 M M 4.6 14 280 M M 1 12 20 280
26 76 46 61 -3 4 0 0.00 M M 4.2 13 280 M M 0 21 270
27 80 46 63 0 2 0 0.00 M M 2.9 13 110 M M 0 17 110
28 80 46 63 0 2 0 0.00 M M 5.2 15 310 M M 0 21 310
29 75 45 60 -3 5 0 0.00 M M 7.2 21 310 M M 0 29 300
30 61 44 53 -9 12 0 0.00 M M 10.2 20 140 M M 0 27 150
31 66 40 53 -9 12 0 0.00 M M 12.0 25 130 M M 0 35 140
================================================================================
SM 2630 1650 47 179 0.17 M 220.4 M 5
================================================================================
AV 84.8 53.2 7.1 FASTST M M 0 MAX(MPH)
MISC ----> 32 30 44 30
================================================================================
NOTES:
# LAST OF SEVERAL OCCURRENCES
COLUMN 17 PEAK WIND IN M.P.H.
PRELIMINARY LOCAL CLIMATOLOGICAL DATA (WS FORM: F-6) , PAGE 2
STATION: SAFFORD AZ AIRPORT
MONTH: OCTOBER
YEAR: 2023
LATITUDE: 32 50 N
LONGITUDE: 109 38 W
[TEMPERATURE DATA] [PRECIPITATION DATA] SYMBOLS USED IN COLUMN 16
AVERAGE MONTHLY: 69.0 TOTAL FOR MONTH: 0.17 1 = FOG OR MIST
DPTR FM NORMAL: 1.5 DPTR FM NORMAL: -0.55 2 = FOG REDUCING VISIBILITY
HIGHEST: 93 ON 20,19 GRTST 24HR 0.17 ON 23-24 TO 1/4 MILE OR LESS
LOWEST: 40 ON 31 3 = THUNDER
SNOW, ICE PELLETS, HAIL 4 = ICE PELLETS
TOTAL MONTH: M 5 = HAIL
GRTST 24HR M ON M 6 = FREEZING RAIN OR DRIZZLE
GRTST DEPTH: M ON M 7 = DUSTSTORM OR SANDSTORM:
VSBY 1/2 MILE OR LESS
8 = SMOKE OR HAZE
[NO. OF DAYS WITH] [WEATHER - DAYS WITH] 9 = BLOWING SNOW
X = TORNADO
MAX 32 OR BELOW: 0 0.01 INCH OR MORE: 2
MAX 90 OR ABOVE: 10 0.10 INCH OR MORE: 1
MIN 32 OR BELOW: 0 0.50 INCH OR MORE: 0
MIN 0 OR BELOW: 0 1.00 INCH OR MORE: 0
[HDD (BASE 65) ]
TOTAL THIS MO. 47 CLEAR (SCALE 0-3) 25
DPTR FM NORMAL -2 PTCLDY (SCALE 4-7) 0
TOTAL FM JUL 1 47 CLOUDY (SCALE 8-10) 6
DPTR FM NORMAL 1
[CDD (BASE 65) ]
TOTAL THIS MO. 179
DPTR FM NORMAL 53 [PRESSURE DATA]
TOTAL FM JAN 1 3024 HIGHEST SLP M ON M
DPTR FM NORMAL 319 LOWEST SLP 29.36 ON 11
[REMARKS]
#FINAL-10-23#