000
CXUS56 KSGX 011045
CF6SAN
PRELIMINARY LOCAL CLIMATOLOGICAL DATA (WS FORM: F-6)
STATION: SAN DIEGO INTL AIRPORT CA
MONTH: JULY
YEAR: 2022
LATITUDE: 32 43 N
LONGITUDE: 117 10 W
TEMPERATURE IN F: :PCPN: SNOW: WIND :SUNSHINE: SKY :PK WND
================================================================================
1 2 3 4 5 6A 6B 7 8 9 10 11 12 13 14 15 16 17 18
12Z AVG MX 2MIN
DY MAX MIN AVG DEP HDD CDD WTR SNW DPTH SPD SPD DIR MIN PSBL S-S WX SPD DR
================================================================================
1 73 66 70 1 0 5 0.00 M M 6.5 13 270 M M 5 20 250
2 72 65 69 0 0 4 0.00 M M 6.2 14 280 M M 4 8 20 240
3 70 64 67 -3 0 2 0.00 M M 7.2 13 280 M M 6 23 220
4 69 64 67 -3 0 2 0.00 M M 6.0 12 230 M M 5 24 220
5 72 66 69 -1 0 4 0.00 M M 6.3 13 270 M M 7 25 210
6 73 66 70 0 0 5 0.00 M M 7.1 15 280 M M 8 20 290
7 71 65 68 -2 0 3 0.00 M M 5.8 10 190 M M 7 22 190
8 72 65 69 -1 0 4 0.00 M M 5.4 13 280 M M 6 22 270
9 72 64 68 -2 0 3 0.00 M M 7.2 16 290 M M 4 21 290
10 73 63 68 -2 0 3 0.00 M M 5.3 13 280 M M 5 17 290
11 70 64 67 -3 0 2 0.00 M M 6.5 14 280 M M 8 8 18 280
12 71 63 67 -3 0 2 0.00 M M 6.5 14 280 M M 7 19 290
13 71 63 67 -4 0 2 0.00 M M 7.5 18 280 M M 7 23 280
14 71 64 68 -3 0 3 0.00 M M 6.2 12 260 M M 7 20 230
15 71 64 68 -3 0 3 0.00 M M 4.9 12 270 M M 8 24 200
16 71 64 68 -3 0 3 0.00 M M 5.4 10 220 M M 7 1 20 210
17 71 63 67 -4 0 2 0.00 M M 5.8 13 160 M M 7 13 22 200
18 77 65 71 0 0 6 0.00 M M 4.2 12 280 M M 3 18 19 220
19 78 67 73 2 0 8 0.00 M M 5.8 14 280 M M 4 18 19 300
20 80 68 74 3 0 9 0.00 M M 4.3 13 270 M M 7 17 240
21 78 66 72 1 0 7 0.00 M M 5.6 13 280 M M 6 19 220
22 74 66 70 -1 0 5 0.00 M M 5.5 12 250 M M 7 22 210
23 74 66 70 -1 0 5 0.00 M M 6.6 12 220 M M 7 24 210
24 74 66 70 -1 0 5 0.00 M M 6.2 12 200 M M 9 26 200
25 74 67 71 0 0 6 0.00 M M 6.3 13 270 M M 9 19 200
26 76 67 72 0 0 7 0.00 M M 6.4 16 280 M M 7 21 280
27 76 67 72 0 0 7 0.00 M M 7.4 16 290 M M 7 22 280
28 76 67 72 0 0 7 0.00 M M 6.1 13 280 M M 7 8 22 270
29 75 66 71 -1 0 6 0.00 M M 5.6 10 200 M M 8 20 210
30 78 68 73 1 0 8 0.00 M M 4.8 12 270 M M 6 20 200
31 79 69 74 2 0 9 0.00 M M 4.6 14 280 M M 7 20 280
================================================================================
SM 2282 2028 0 147 0.00 M 185.2 M 202
================================================================================
AV 73.6 65.4 6.0 FASTST M M 7 MAX(MPH)
MISC ----> 18 280 26 200
================================================================================
NOTES:
# LAST OF SEVERAL OCCURRENCES
COLUMN 17 PEAK WIND IN M.P.H.
PRELIMINARY LOCAL CLIMATOLOGICAL DATA (WS FORM: F-6) , PAGE 2
STATION: SAN DIEGO INTL AIRPORT CA
MONTH: JULY
YEAR: 2022
LATITUDE: 32 43 N
LONGITUDE: 117 10 W
[TEMPERATURE DATA] [PRECIPITATION DATA] SYMBOLS USED IN COLUMN 16
AVERAGE MONTHLY: 69.5 TOTAL FOR MONTH: 0.00 1 = FOG OR MIST
DPTR FM NORMAL: -1.2 DPTR FM NORMAL: -0.08 2 = FOG REDUCING VISIBILITY
HIGHEST: 80 ON 20 GRTST 24HR 0.00 ON 1- 1 TO 1/4 MILE OR LESS
LOWEST: 63 ON 17,13 3 = THUNDER
SNOW, ICE PELLETS, HAIL 4 = ICE PELLETS
TOTAL MONTH: M 5 = HAIL
GRTST 24HR M ON M 6 = FREEZING RAIN OR DRIZZLE
GRTST DEPTH: M ON M 7 = DUSTSTORM OR SANDSTORM:
VSBY 1/2 MILE OR LESS
8 = SMOKE OR HAZE
[NO. OF DAYS WITH] [WEATHER - DAYS WITH] 9 = BLOWING SNOW
X = TORNADO
MAX 32 OR BELOW: 0 0.01 INCH OR MORE: 0
MAX 90 OR ABOVE: 0 0.10 INCH OR MORE: 0
MIN 32 OR BELOW: 0 0.50 INCH OR MORE: 0
MIN 0 OR BELOW: 0 1.00 INCH OR MORE: 0
[HDD (BASE 65) ]
TOTAL THIS MO. 0 CLEAR (SCALE 0-3) 1
DPTR FM NORMAL -1 PTCLDY (SCALE 4-7) 28
TOTAL FM JUL 1 0 CLOUDY (SCALE 8-10) 2
DPTR FM NORMAL 0
[CDD (BASE 65) ]
TOTAL THIS MO. 147
DPTR FM NORMAL -30 [PRESSURE DATA]
TOTAL FM JAN 1 241 HIGHEST SLP 30.11 ON 20
DPTR FM NORMAL -89 LOWEST SLP 29.84 ON 22
[REMARKS]
#FINAL-07-22#