430
CXUS54 KEWX 021239
CF6SAT
PRELIMINARY LOCAL CLIMATOLOGICAL DATA (WS FORM: F-6)
STATION: SAN ANTONIO
MONTH: MAY
YEAR: 2020
LATITUDE: 29 31 N
LONGITUDE: 98 28 W
TEMPERATURE IN F: :PCPN: SNOW: WIND :SUNSHINE: SKY :PK WND
================================================================================
1 2 3 4 5 6A 6B 7 8 9 10 11 12 13 14 15 16 17 18
12Z AVG MX 2MIN
DY MAX MIN AVG DEP HDD CDD WTR SNW DPTH SPD SPD DIR MIN PSBL S-S WX SPD DR
================================================================================
1 92 58 75 2 0 10 0.00 0.0 0 10.8 21 130 M M 3 27 170
2 95 68 82 9 0 17 0.00 0.0 0 12.5 23 140 M M 5 29 140
3 96 70 83 9 0 18 0.00 0.0 0 10.9 21 140 M M 6 26 140
4 97 71 84 10 0 19 0.00 0.0 0 10.8 22 140 M M 5 27 150
5 91 73 82 8 0 17 0.00 0.0 0 9.9 21 50 M M 7 32 30
6 87 69 78 4 0 13 0.00 0.0 0 10.6 17 110 M M 6 25 30
7 91 60 76 1 0 11 T 0.0 0 12.6 25 160 M M 6 34 150
8 89 67 78 3 0 13 0.00 0.0 0 14.3 25 350 M M 7 37 30
9 78 63 71 -4 0 6 0.00 0.0 0 8.9 16 70 M M 8 24 60
10 83 57 70 -6 0 5 0.00 0.0 0 6.7 15 90 M M 2 23 100
11 86 60 73 -3 0 8 0.00 0.0 0 10.5 24 130 M M 6 31 140
12 88 67 78 2 0 13 0.20 0.0 0 10.0 24 120 M M 9 13 33 120
13 92 66 79 3 0 14 0.00 0.0 0 10.8 24 140 M M 9 32 130
14 93 65 79 3 0 14 0.46 0.0 0 10.3 25 280 M M 5 13 32 280
15 93 65 79 2 0 14 0.91 0.0 0 11.2 24 300 M M 9 13 35 290
16 88 63 76 -1 0 11 0.16 0.0 0 6.7 25 10 M M 6 13 33 360
17 93 65 79 2 0 14 T 0.0 0 4.4 14 20 M M 3 18 40
18 94 67 81 3 0 16 0.00 0.0 0 6.4 16 140 M M 2 22 140
19 96 72 84 6 0 19 0.00 0.0 0 8.3 16 160 M M 0 26 160
20 97 71 84 6 0 19 0.03 0.0 0 9.8 33 260 M M 4 3 43 260
21 93 72 83 5 0 18 T 0.0 0 11.0 22 130 M M 8 29 120
22 96 77 87 9 0 22 0.00 0.0 0 14.1 22 130 M M 6 30 140
23 96 69 83 4 0 18 0.09 0.0 0 14.5 23 260 M M 8 3 33 260
24 95 65 80 1 0 15 1.93 0.0 0 10.9 31 130 M M 8 138 48 250
25 80 65 73 -6 0 8 0.71 0.0 0 7.0 17 20 M M 9 138 25 50
26 87 65 76 -3 0 11 T T 0 3.7 13 130 M M 4 35 16 120
27 92 65 79 -1 0 14 1.25 T 0 10.6 43 360 M M 3 135 66 350
28 89 66 78 -2 0 13 0.03 0.0 0 4.4 31 310 M M 7 3 45 320
29 89 68 79 -1 0 14 0.00 0.0 0 7.4 16 50 M M 7 24 60
30 87 65 76 -4 0 11 T 0.0 0 6.0 16 70 M M 6 23 100
31 84 71 78 -2 0 13 0.06 0.0 0 7.3 16 70 M M 8 1 24 100
================================================================================
SM 2807 2065 0 428 5.83 T 293.3 M 182
================================================================================
AV 90.6 66.6 9.5 FASTST M M 6 MAX(MPH)
MISC ----> # 43 360 # 66 350
================================================================================
NOTES:
# LAST OF SEVERAL OCCURRENCES
COLUMN 17 PEAK WIND IN M.P.H.
PRELIMINARY LOCAL CLIMATOLOGICAL DATA (WS FORM: F-6) , PAGE 2
STATION: SAN ANTONIO
MONTH: MAY
YEAR: 2020
LATITUDE: 29 31 N
LONGITUDE: 98 28 W
[TEMPERATURE DATA] [PRECIPITATION DATA] SYMBOLS USED IN COLUMN 16
AVERAGE MONTHLY: 78.6 TOTAL FOR MONTH: 5.83 1 = FOG OR MIST
DPTR FM NORMAL: 1.7 DPTR FM NORMAL: 1.82 2 = FOG REDUCING VISIBILITY
HIGHEST: 97 ON 20, 4 GRTST 24HR 1.93 ON 24-24 TO 1/4 MILE OR LESS
LOWEST: 57 ON 10 3 = THUNDER
SNOW, ICE PELLETS, HAIL 4 = ICE PELLETS
TOTAL MONTH: T 5 = HAIL
GRTST 24HR T ON 27-27 6 = FREEZING RAIN OR DRIZZLE
GRTST DEPTH: 0 7 = DUSTSTORM OR SANDSTORM:
VSBY 1/2 MILE OR LESS
8 = SMOKE OR HAZE
[NO. OF DAYS WITH] [WEATHER - DAYS WITH] 9 = BLOWING SNOW
X = TORNADO
MAX 32 OR BELOW: 0 0.01 INCH OR MORE: 11
MAX 90 OR ABOVE: 18 0.10 INCH OR MORE: 7
MIN 32 OR BELOW: 0 0.50 INCH OR MORE: 4
MIN 0 OR BELOW: 0 1.00 INCH OR MORE: 2
[HDD (BASE 65) ]
TOTAL THIS MO. 0 CLEAR (SCALE 0-3) 3
DPTR FM NORMAL -2 PTCLDY (SCALE 4-7) 24
TOTAL FM JUL 1 1210 CLOUDY (SCALE 8-10) 4
DPTR FM NORMAL -286
[CDD (BASE 65) ]
TOTAL THIS MO. 428
DPTR FM NORMAL 58 [PRESSURE DATA]
TOTAL FM JAN 1 830 HIGHEST SLP 30.21 ON 10
DPTR FM NORMAL 201 LOWEST SLP 29.54 ON 24
[REMARKS]
#FINAL-05-20#