000
CXUS52 KCHS 030754
CF6SAV
PRELIMINARY LOCAL CLIMATOLOGICAL DATA (WS FORM: F-6)
STATION: SAVANNAH GA
MONTH: JUNE
YEAR: 2020
LATITUDE: 32 7 N
LONGITUDE: 81 12 W
TEMPERATURE IN F: :PCPN: SNOW: WIND :SUNSHINE: SKY :PK WND
================================================================================
1 2 3 4 5 6A 6B 7 8 9 10 11 12 13 14 15 16 17 18
12Z AVG MX 2MIN
DY MAX MIN AVG DEP HDD CDD WTR SNW DPTH SPD SPD DIR MIN PSBL S-S WX SPD DR
================================================================================
1 85 66 76 -1 0 11 0.00 0.0 0 10.4 21 120 M M 3 32 120
2 85 64 75 -3 0 10 0.00 0.0 0 6.1 16 160 M M 5 20 150
3 88 65 77 -1 0 12 0.00 0.0 0 5.9 17 180 M M 8 21 170
4 80 71 76 -2 0 11 0.01 0.0 0 7.4 20 160 M M 7 1 24 160
5 91 72 82 4 0 17 T 0.0 0 7.6 15 200 M M 6 19 220
6 89 75 82 4 0 17 0.00 0.0 0 8.7 17 230 M M 7 23 220
7 84 75 80 2 0 15 T 0.0 0 5.5 17 170 M M 8 21 170
8 88 75 82 3 0 17 1.25 0.0 0 3.8 25 280 M M 8 13 36 270
9 95 73 84 5 0 19 0.03 0.0 0 3.8 22 180 M M 5 13 28 180
10 92 74 83 4 0 18 0.00 0.0 0 7.8 20 190 M M 6 13 26 190
11 92 75 84 5 0 19 T 0.0 0 6.6 20 150 M M 5 3 23 60
12 87 73 80 1 0 15 0.68 0.0 0 6.2 22 90 M M 8 13 27 80
13 88 70 79 -1 0 14 0.00 0.0 0 8.9 17 40 M M 6 1 22 40
14 87 66 77 -3 0 12 0.00 0.0 0 10.3 17 30 M M 4 21 30
15 80 67 74 -6 0 9 T 0.0 0 12.3 21 30 M M 8 26 30
16 77 65 71 -9 0 6 0.00 0.0 0 10.8 17 350 M M 10 22 340
17 78 63 71 -9 0 6 0.00 0.0 0 6.9 14 340 M M 7 17 340
18 87 66 77 -3 0 12 T 0.0 0 6.5 16 90 M M 7 21 110
19 92 70 81 1 0 16 0.12 0.0 0 5.4 21 100 M M 5 13 26 90
20 92 68 80 -1 0 15 0.00 0.0 0 4.1 17 150 M M 3 3 21 190
21 95 71 83 2 0 18 0.00 0.0 0 5.6 21 230 M M 3 13 27 230
22 95 74 85 4 0 20 0.00 0.0 0 6.3 16 180 M M 3 20 190
23 92 75 84 3 0 19 2.48 0.0 0 9.3 31 130 M M 5 138 54 240
24 93 74 84 3 0 19 0.00 0.0 0 8.2 16 280 M M 5 21 280
25 89 74 82 1 0 17 T 0.0 0 10.2 23 270 M M 7 8 26 280
26 94 73 84 3 0 19 0.00 0.0 0 7.9 16 260 M M 5 21 260
27 94 74 84 2 0 19 0.25 0.0 0 7.6 18 240 M M 6 138 23 290
28 96 75 86 4 0 21 T 0.0 0 7.2 16 260 M M 4 21 220
29 98 78 88 6 0 23 0.00 0.0 0 8.5 21 280 M M 4 25 280
30 99 78 89 7 0 24 0.00 0.0 0 9.8 35 230 M M 6 3 45 230
================================================================================
SM 2682 2139 0 470 4.82 0.0 225.6 M 174
================================================================================
AV 89.4 71.3 7.5 FASTST M M 6 MAX(MPH)
MISC ----> 35 230 54 240
================================================================================
NOTES:
# LAST OF SEVERAL OCCURRENCES
COLUMN 17 PEAK WIND IN M.P.H.
PRELIMINARY LOCAL CLIMATOLOGICAL DATA (WS FORM: F-6) , PAGE 2
STATION: SAVANNAH GA
MONTH: JUNE
YEAR: 2020
LATITUDE: 32 7 N
LONGITUDE: 81 12 W
[TEMPERATURE DATA] [PRECIPITATION DATA] SYMBOLS USED IN COLUMN 16
AVERAGE MONTHLY: 80.4 TOTAL FOR MONTH: 4.82 1 = FOG OR MIST
DPTR FM NORMAL: 0.6 DPTR FM NORMAL: -1.13 2 = FOG REDUCING VISIBILITY
HIGHEST: 99 ON 30 GRTST 24HR 2.48 ON 23-23 TO 1/4 MILE OR LESS
LOWEST: 63 ON 17 3 = THUNDER
SNOW, ICE PELLETS, HAIL 4 = ICE PELLETS
TOTAL MONTH: 0.0 INCH 5 = HAIL
GRTST 24HR 0.0 6 = FREEZING RAIN OR DRIZZLE
GRTST DEPTH: 0 7 = DUSTSTORM OR SANDSTORM:
VSBY 1/2 MILE OR LESS
8 = SMOKE OR HAZE
[NO. OF DAYS WITH] [WEATHER - DAYS WITH] 9 = BLOWING SNOW
X = TORNADO
MAX 32 OR BELOW: 0 0.01 INCH OR MORE: 7
MAX 90 OR ABOVE: 15 0.10 INCH OR MORE: 5
MIN 32 OR BELOW: 0 0.50 INCH OR MORE: 3
MIN 0 OR BELOW: 0 1.00 INCH OR MORE: 2
[HDD (BASE 65) ]
TOTAL THIS MO. 0 CLEAR (SCALE 0-3) 3
DPTR FM NORMAL 0 PTCLDY (SCALE 4-7) 25
TOTAL FM JUL 1 1184 CLOUDY (SCALE 8-10) 2
DPTR FM NORMAL -628
[CDD (BASE 65) ]
TOTAL THIS MO. 470
DPTR FM NORMAL 24 [PRESSURE DATA]
TOTAL FM JAN 1 1155 HIGHEST SLP 30.24 ON 2
DPTR FM NORMAL 306 LOWEST SLP 29.83 ON 30
[REMARKS]
#FINAL-06-20#
#FINAL-06-20#