000
CXUS56 KLOX 011255
CF6SBA
PRELIMINARY LOCAL CLIMATOLOGICAL DATA (WS FORM: F-6)
STATION: SANTA BARBARA AIRPORT CA
MONTH: JANUARY
YEAR: 2023
LATITUDE: 34 25 N
LONGITUDE: 119 50 W
TEMPERATURE IN F: :PCPN: SNOW: WIND :SUNSHINE: SKY :PK WND
================================================================================
1 2 3 4 5 6A 6B 7 8 9 10 11 12 13 14 15 16 17 18
12Z AVG MX 2MIN
DY MAX MIN AVG DEP HDD CDD WTR SNW DPTH SPD SPD DIR MIN PSBL S-S WX SPD DR
================================================================================
1 62 45 54 2 11 0 0.00 M M 14.5 25 260 M M 6 38 280
2 56 43 50 -2 15 0 0.05 M M 6.1 16 100 M M 5 20 110
3 62 51 57 5 8 0 T M M 5.2 13 110 M M 8 18 18 110
4 62 58 60 8 5 0 0.69 M M 15.9 28 100 M M 9 1 38 110
5 63 47 55 3 10 0 0.50 M M 10.2 30 90 M M 6 18 38 80
6 62 41 52 -1 13 0 0.00 M M 2.6 10 230 M M 0 13 230
7 64 44 54 1 11 0 0.00 M M 3.0 12 70 M M 1 14 70
8 62 49 56 3 9 0 0.28 M M 6.7 14 90 M M 9 18 17 90
9 63 57 60 7 5 0 4.22 M M 12.7 23 110 M M 10 18 33 120
10 62 52 57 4 8 0 0.33 M M 6.7 26 250 M M 7 1 34 250
11 60 49 55 2 10 0 0.00 M M 4.0 13 140 M M 5 8 15 130
12 67 45 56 3 9 0 0.00 M M 3.0 14 90 M M 2 18 80
13 66 49 58 5 7 0 T M M 2.7 15 60 M M 2 18 18 60
14 59 53 56 3 9 0 1.21 M M 4.9 15 120 M M 9 18 20 130
15 58 49 54 1 11 0 0.41 M M 5.7 18 90 M M 9 18 27 90
16 62 48 55 2 10 0 0.26 M M 11.1 22 270 M M 6 1 28 270
17 62 45 54 1 11 0 0.00 M M 8.5 20 320 M M 1 27 320
18 61 38 50 -3 15 0 0.00 M M 2.4 12 270 M M 0 13 270
19 63 39 51 -2 14 0 0.00 M M 5.7 21 270 M M 1 27 270
20 60 35 48 -5 17 0 0.00 M M 3.0 15 260 M M 0 18 260
21 60 36 48 -5 17 0 0.00 M M 2.1 9 130 M M 0 11 150
22 69 37 53 0 12 0 0.00 M M 7.0 25 30 M M 0 33 50
23 60 39 50 -3 15 0 0.00 M M 4.1 15 30 M M 0 17 250
24 65 35 50 -3 15 0 0.00 M M 2.9 10 240 M M 0 13 250
25 67 37 52 -1 13 0 0.00 M M 2.5 8 200 M M 0 10 200
26 68 38 53 0 12 0 0.00 M M 2.6 12 270 M M 0 14 270
27 66 38 52 -1 13 0 0.00 M M 2.7 10 260 M M 0 12 240
28 61 40 51 -2 14 0 0.00 M M 4.3 12 130 M M 2 13 230
29 58 45 52 -1 13 0 0.00 M M 5.0 16 260 M M 7 21 260
30 59 46 53 0 12 0 0.05 M M 4.9 18 10 M M 6 23 360
31 61 40 51 -2 14 0 0.00 M M 4.8 20 30 M M 0 25 360
================================================================================
SM 1930 1368 358 0 8.00 M 177.5 M 111
================================================================================
AV 62.3 44.1 5.7 FASTST M M 4 MAX(MPH)
MISC ----> 30 90 # 38 280
================================================================================
NOTES:
# LAST OF SEVERAL OCCURRENCES
COLUMN 17 PEAK WIND IN M.P.H.
PRELIMINARY LOCAL CLIMATOLOGICAL DATA (WS FORM: F-6) , PAGE 2
STATION: SANTA BARBARA AIRPORT CA
MONTH: JANUARY
YEAR: 2023
LATITUDE: 34 25 N
LONGITUDE: 119 50 W
[TEMPERATURE DATA] [PRECIPITATION DATA] SYMBOLS USED IN COLUMN 16
AVERAGE MONTHLY: 53.2 TOTAL FOR MONTH: 8.00 1 = FOG OR MIST
DPTR FM NORMAL: 0.4 DPTR FM NORMAL: 4.16 2 = FOG REDUCING VISIBILITY
HIGHEST: 69 ON 22 GRTST 24HR 4.22 ON 9- 9 TO 1/4 MILE OR LESS
LOWEST: 35 ON 24,20 3 = THUNDER
SNOW, ICE PELLETS, HAIL 4 = ICE PELLETS
TOTAL MONTH: M 5 = HAIL
GRTST 24HR M ON M 6 = FREEZING RAIN OR DRIZZLE
GRTST DEPTH: M ON M 7 = DUSTSTORM OR SANDSTORM:
VSBY 1/2 MILE OR LESS
8 = SMOKE OR HAZE
[NO. OF DAYS WITH] [WEATHER - DAYS WITH] 9 = BLOWING SNOW
X = TORNADO
MAX 32 OR BELOW: 0 0.01 INCH OR MORE: 10
MAX 90 OR ABOVE: 0 0.10 INCH OR MORE: 8
MIN 32 OR BELOW: 0 0.50 INCH OR MORE: 4
MIN 0 OR BELOW: 0 1.00 INCH OR MORE: 2
[HDD (BASE 65) ]
TOTAL THIS MO. 358 CLEAR (SCALE 0-3) 17
DPTR FM NORMAL -22 PTCLDY (SCALE 4-7) 9
TOTAL FM JUL 1 1161 CLOUDY (SCALE 8-10) 5
DPTR FM NORMAL -65
[CDD (BASE 65) ]
TOTAL THIS MO. 0
DPTR FM NORMAL 0 [PRESSURE DATA]
TOTAL FM JAN 1 0 HIGHEST SLP 30.40 ON 26
DPTR FM NORMAL 0 LOWEST SLP 29.61 ON 16
[REMARKS]
#FINAL-01-23#